{"id":1336,"date":"2025-01-25T23:45:53","date_gmt":"2025-01-25T20:45:53","guid":{"rendered":"https:\/\/ticaret.edu.tr\/tekstil-ve-moda-tasarimi\/?page_id=1336"},"modified":"2026-01-26T13:53:12","modified_gmt":"2026-01-26T10:53:12","slug":"bolum-kurul-ve-komisyonlari","status":"publish","type":"page","link":"http:\/\/ticaret.edu.tr\/tekstil-ve-moda-tasarimi\/bolum-kurul-ve-komisyonlari\/","title":{"rendered":"B\u00f6l\u00fcm Kurul ve Komisyonlar\u0131"},"content":{"rendered":"<h2><strong>S\u0131nav ve Ders Programlar\u0131 Komisyonu<\/strong><\/h2>\n<ol>\n<li>\u00d6\u011fr. G\u00f6r. G\u00fclay Kaygusuz<\/li>\n<li>\u00d6\u011fr. G\u00f6r. Demet Y\u0131ld\u0131z Yan\u0131zca<\/li>\n<li>Ar\u015f. G\u00f6r. \u015eule Nur Alacatl\u0131<\/li>\n<\/ol>\n<h2><strong>M\u00fcfredat <\/strong><strong>Komisyonu<\/strong><\/h2>\n<ol>\n<li>Do\u00e7. Irmak Bayburtlu \u00c7etinsoy<\/li>\n<li>Dr. \u00d6\u011fr. \u00dcyesi Sema Hatun T\u00fcrker<\/li>\n<li>\u00d6\u011fr. G\u00f6r. G\u00fclay Kaygusuz<\/li>\n<\/ol>\n<h2><strong>\u0130ntibak, Yatay ve Dikey Ge\u00e7i\u015f <\/strong><strong>Komisyonu<\/strong><\/h2>\n<ol>\n<li>Do\u00e7. Irmak Bayburtlu \u00c7etinsoy,<\/li>\n<li>Dr. \u00d6\u011fr. \u00dcyesi Sema Hatun T\u00fcrker<\/li>\n<li>\u00d6\u011fr. G\u00f6r. G\u00fclay Kaygusuz<\/li>\n<li>Ar\u015f. G\u00f6r. \u015eule Nu Alacatl\u0131<\/li>\n<\/ol>\n<h2><strong>Staj <\/strong><strong>Komisyonu<\/strong><\/h2>\n<ol>\n<li>Prof. Dr. Nigar Merdan<\/li>\n<li>Ar\u015f. G\u00f6r. \u015eule Nur Alacatl\u0131<\/li>\n<li>\u00d6\u011fr. G\u00f6r. Demet Y\u0131ld\u0131z Yan\u0131zca<\/li>\n<\/ol>\n<h2><strong>Mezuniyet <\/strong><strong>Komisyonu<\/strong><\/h2>\n<ol>\n<li>\u00d6\u011fr. G\u00f6r. G\u00fclay Kaygusuz,<\/li>\n<li>\u00d6\u011fr. G\u00f6r. Demet Y\u0131ld\u0131z Yan\u0131zca<\/li>\n<li>Ar\u015f. G\u00f6r. \u015eule Nur Alacatl\u0131<\/li>\n<\/ol>\n<h2><strong>Erasmus, Farabi, Mevl\u00e2na, Orhun, Bologna <\/strong><strong>Komisyonu<\/strong><\/h2>\n<ol>\n<li>Do\u00e7. Irmak Bayburtlu \u00c7etinsoy<\/li>\n<li>Dr. \u00d6\u011fr. \u00dcyesi Sema Hatun T\u00fcrker<\/li>\n<li>\u00d6\u011fr. G\u00f6r. Demet Y\u0131ld\u0131z Yan\u0131zca<\/li>\n<\/ol>\n<h2><strong>Kalite <\/strong><strong>Komisyonu<\/strong><\/h2>\n<ol>\n<li>Do\u00e7. Irmak Bayburtlu \u00c7etinsoy,<\/li>\n<li>Dr. \u00d6\u011fr. \u00dcyesi Sema Hatun T\u00fcrker,<\/li>\n<li>Ar\u015f. G\u00f6r. \u015eule Nur Alacatl\u0131<\/li>\n<\/ol>\n<h2><strong>Birim Web Sorumlusu<\/strong><\/h2>\n<ol>\n<li>Ar\u015f. G\u00f6r. \u015eule Nur Alacatl\u0131<\/li>\n<\/ol>\n","protected":false},"excerpt":{"rendered":"<p>S\u0131nav ve Ders Programlar\u0131 Komisyonu \u00d6\u011fr. G\u00f6r. G\u00fclay Kaygusuz \u00d6\u011fr. G\u00f6r. Demet Y\u0131ld\u0131z Yan\u0131zca Ar\u015f. G\u00f6r. \u015eule Nur Alacatl\u0131 M\u00fcfredat Komisyonu Do\u00e7. Irmak Bayburtlu \u00c7etinsoy Dr. \u00d6\u011fr. \u00dcyesi Sema Hatun T\u00fcrker \u00d6\u011fr. G\u00f6r. G\u00fclay Kaygusuz \u0130ntibak, Yatay ve Dikey Ge\u00e7i\u015f Komisyonu Do\u00e7. Irmak Bayburtlu \u00c7etinsoy, Dr. \u00d6\u011fr. \u00dcyesi Sema Hatun T\u00fcrker \u00d6\u011fr. G\u00f6r. G\u00fclay Kaygusuz [&hellip;]<\/p>\n","protected":false},"author":224,"featured_media":0,"parent":0,"menu_order":0,"comment_status":"closed","ping_status":"closed","template":"genel_sayfa.php","meta":{"footnotes":""},"yoast_head":"<!-- This site is optimized with the Yoast SEO Premium plugin v22.1 (Yoast SEO v22.1) - https:\/\/yoast.com\/wordpress\/plugins\/seo\/ -->\n<title>B\u00f6l\u00fcm Kurul ve Komisyonlar\u0131 - Tekstil ve Moda Tasar\u0131m\u0131<\/title>\n<meta name=\"robots\" content=\"index, follow, max-snippet:-1, max-image-preview:large, max-video-preview:-1\" \/>\n<link rel=\"canonical\" href=\"http:\/\/ticaret.edu.tr\/tekstil-ve-moda-tasarimi\/bolum-kurul-ve-komisyonlari\/\" \/>\n<meta property=\"og:locale\" content=\"tr_TR\" \/>\n<meta property=\"og:type\" content=\"article\" \/>\n<meta property=\"og:title\" content=\"B\u00f6l\u00fcm Kurul ve Komisyonlar\u0131\" \/>\n<meta property=\"og:description\" content=\"S\u0131nav ve Ders Programlar\u0131 Komisyonu \u00d6\u011fr. G\u00f6r. G\u00fclay Kaygusuz \u00d6\u011fr. G\u00f6r. Demet Y\u0131ld\u0131z Yan\u0131zca Ar\u015f. G\u00f6r. \u015eule Nur Alacatl\u0131 M\u00fcfredat Komisyonu Do\u00e7. Irmak Bayburtlu \u00c7etinsoy Dr. \u00d6\u011fr. \u00dcyesi Sema Hatun T\u00fcrker \u00d6\u011fr. G\u00f6r. G\u00fclay Kaygusuz \u0130ntibak, Yatay ve Dikey Ge\u00e7i\u015f Komisyonu Do\u00e7. Irmak Bayburtlu \u00c7etinsoy, Dr. \u00d6\u011fr. \u00dcyesi Sema Hatun T\u00fcrker \u00d6\u011fr. G\u00f6r. G\u00fclay Kaygusuz [&hellip;]\" \/>\n<meta property=\"og:url\" content=\"http:\/\/ticaret.edu.tr\/tekstil-ve-moda-tasarimi\/bolum-kurul-ve-komisyonlari\/\" \/>\n<meta property=\"og:site_name\" content=\"Tekstil ve Moda Tasar\u0131m\u0131\" \/>\n<meta property=\"article:publisher\" content=\"https:\/\/www.facebook.com\/ticaretedutr\" \/>\n<meta property=\"article:modified_time\" content=\"2026-01-26T10:53:12+00:00\" \/>\n<meta property=\"og:image\" content=\"http:\/\/ticaret.edu.tr\/tekstil-ve-moda-tasarimi\/wp-content\/uploads\/sites\/26\/2021\/11\/web_logo-01.jpg\" \/>\n\t<meta property=\"og:image:width\" content=\"1250\" \/>\n\t<meta property=\"og:image:height\" content=\"833\" \/>\n\t<meta property=\"og:image:type\" content=\"image\/jpeg\" \/>\n<meta name=\"twitter:card\" content=\"summary_large_image\" \/>\n<meta name=\"twitter:site\" content=\"@ticaretedutr\" \/>\n<meta name=\"twitter:label1\" content=\"Tahmini okuma s\u00fcresi\" \/>\n\t<meta name=\"twitter:data1\" content=\"1 dakika\" \/>\n<script type=\"application\/ld+json\" class=\"yoast-schema-graph\">{\"@context\":\"https:\/\/schema.org\",\"@graph\":[{\"@type\":\"WebPage\",\"@id\":\"http:\/\/ticaret.edu.tr\/tekstil-ve-moda-tasarimi\/bolum-kurul-ve-komisyonlari\/\",\"url\":\"http:\/\/ticaret.edu.tr\/tekstil-ve-moda-tasarimi\/bolum-kurul-ve-komisyonlari\/\",\"name\":\"B\u00f6l\u00fcm Kurul ve Komisyonlar\u0131 - Tekstil ve Moda Tasar\u0131m\u0131\",\"isPartOf\":{\"@id\":\"https:\/\/ticaret.edu.tr\/tekstil-ve-moda-tasarimi\/en\/#website\"},\"datePublished\":\"2025-01-25T20:45:53+00:00\",\"dateModified\":\"2026-01-26T10:53:12+00:00\",\"breadcrumb\":{\"@id\":\"http:\/\/ticaret.edu.tr\/tekstil-ve-moda-tasarimi\/bolum-kurul-ve-komisyonlari\/#breadcrumb\"},\"inLanguage\":\"tr\",\"potentialAction\":[{\"@type\":\"ReadAction\",\"target\":[\"http:\/\/ticaret.edu.tr\/tekstil-ve-moda-tasarimi\/bolum-kurul-ve-komisyonlari\/\"]}]},{\"@type\":\"BreadcrumbList\",\"@id\":\"http:\/\/ticaret.edu.tr\/tekstil-ve-moda-tasarimi\/bolum-kurul-ve-komisyonlari\/#breadcrumb\",\"itemListElement\":[{\"@type\":\"ListItem\",\"position\":1,\"name\":\"Ana sayfa\",\"item\":\"http:\/\/ticaret.edu.tr\/tekstil-ve-moda-tasarimi\/\"},{\"@type\":\"ListItem\",\"position\":2,\"name\":\"B\u00f6l\u00fcm Kurul ve Komisyonlar\u0131\"}]},{\"@type\":\"WebSite\",\"@id\":\"https:\/\/ticaret.edu.tr\/tekstil-ve-moda-tasarimi\/en\/#website\",\"url\":\"https:\/\/ticaret.edu.tr\/tekstil-ve-moda-tasarimi\/en\/\",\"name\":\"Tekstil ve Moda Tasar\u0131m\u0131\",\"description\":\"\",\"potentialAction\":[{\"@type\":\"SearchAction\",\"target\":{\"@type\":\"EntryPoint\",\"urlTemplate\":\"https:\/\/ticaret.edu.tr\/tekstil-ve-moda-tasarimi\/en\/?s={search_term_string}\"},\"query-input\":\"required name=search_term_string\"}],\"inLanguage\":\"tr\"}]}<\/script>\n<!-- \/ Yoast SEO Premium plugin. -->","yoast_head_json":{"title":"B\u00f6l\u00fcm Kurul ve Komisyonlar\u0131 - Tekstil ve Moda Tasar\u0131m\u0131","robots":{"index":"index","follow":"follow","max-snippet":"max-snippet:-1","max-image-preview":"max-image-preview:large","max-video-preview":"max-video-preview:-1"},"canonical":"http:\/\/ticaret.edu.tr\/tekstil-ve-moda-tasarimi\/bolum-kurul-ve-komisyonlari\/","og_locale":"tr_TR","og_type":"article","og_title":"B\u00f6l\u00fcm Kurul ve Komisyonlar\u0131","og_description":"S\u0131nav ve Ders Programlar\u0131 Komisyonu \u00d6\u011fr. G\u00f6r. G\u00fclay Kaygusuz \u00d6\u011fr. G\u00f6r. Demet Y\u0131ld\u0131z Yan\u0131zca Ar\u015f. G\u00f6r. \u015eule Nur Alacatl\u0131 M\u00fcfredat Komisyonu Do\u00e7. Irmak Bayburtlu \u00c7etinsoy Dr. \u00d6\u011fr. \u00dcyesi Sema Hatun T\u00fcrker \u00d6\u011fr. G\u00f6r. G\u00fclay Kaygusuz \u0130ntibak, Yatay ve Dikey Ge\u00e7i\u015f Komisyonu Do\u00e7. Irmak Bayburtlu \u00c7etinsoy, Dr. \u00d6\u011fr. \u00dcyesi Sema Hatun T\u00fcrker \u00d6\u011fr. G\u00f6r. G\u00fclay Kaygusuz [&hellip;]","og_url":"http:\/\/ticaret.edu.tr\/tekstil-ve-moda-tasarimi\/bolum-kurul-ve-komisyonlari\/","og_site_name":"Tekstil ve Moda Tasar\u0131m\u0131","article_publisher":"https:\/\/www.facebook.com\/ticaretedutr","article_modified_time":"2026-01-26T10:53:12+00:00","og_image":[{"width":1250,"height":833,"url":"http:\/\/ticaret.edu.tr\/tekstil-ve-moda-tasarimi\/wp-content\/uploads\/sites\/26\/2021\/11\/web_logo-01.jpg","type":"image\/jpeg"}],"twitter_card":"summary_large_image","twitter_site":"@ticaretedutr","twitter_misc":{"Tahmini okuma s\u00fcresi":"1 dakika"},"schema":{"@context":"https:\/\/schema.org","@graph":[{"@type":"WebPage","@id":"http:\/\/ticaret.edu.tr\/tekstil-ve-moda-tasarimi\/bolum-kurul-ve-komisyonlari\/","url":"http:\/\/ticaret.edu.tr\/tekstil-ve-moda-tasarimi\/bolum-kurul-ve-komisyonlari\/","name":"B\u00f6l\u00fcm Kurul ve Komisyonlar\u0131 - Tekstil ve Moda Tasar\u0131m\u0131","isPartOf":{"@id":"https:\/\/ticaret.edu.tr\/tekstil-ve-moda-tasarimi\/en\/#website"},"datePublished":"2025-01-25T20:45:53+00:00","dateModified":"2026-01-26T10:53:12+00:00","breadcrumb":{"@id":"http:\/\/ticaret.edu.tr\/tekstil-ve-moda-tasarimi\/bolum-kurul-ve-komisyonlari\/#breadcrumb"},"inLanguage":"tr","potentialAction":[{"@type":"ReadAction","target":["http:\/\/ticaret.edu.tr\/tekstil-ve-moda-tasarimi\/bolum-kurul-ve-komisyonlari\/"]}]},{"@type":"BreadcrumbList","@id":"http:\/\/ticaret.edu.tr\/tekstil-ve-moda-tasarimi\/bolum-kurul-ve-komisyonlari\/#breadcrumb","itemListElement":[{"@type":"ListItem","position":1,"name":"Ana sayfa","item":"http:\/\/ticaret.edu.tr\/tekstil-ve-moda-tasarimi\/"},{"@type":"ListItem","position":2,"name":"B\u00f6l\u00fcm Kurul ve Komisyonlar\u0131"}]},{"@type":"WebSite","@id":"https:\/\/ticaret.edu.tr\/tekstil-ve-moda-tasarimi\/en\/#website","url":"https:\/\/ticaret.edu.tr\/tekstil-ve-moda-tasarimi\/en\/","name":"Tekstil ve Moda Tasar\u0131m\u0131","description":"","potentialAction":[{"@type":"SearchAction","target":{"@type":"EntryPoint","urlTemplate":"https:\/\/ticaret.edu.tr\/tekstil-ve-moda-tasarimi\/en\/?s={search_term_string}"},"query-input":"required name=search_term_string"}],"inLanguage":"tr"}]}},"lang":"tr","translations":{"tr":1336,"en":1338},"pll_sync_post":[],"_links":{"self":[{"href":"http:\/\/ticaret.edu.tr\/tekstil-ve-moda-tasarimi\/wp-json\/wp\/v2\/pages\/1336"}],"collection":[{"href":"http:\/\/ticaret.edu.tr\/tekstil-ve-moda-tasarimi\/wp-json\/wp\/v2\/pages"}],"about":[{"href":"http:\/\/ticaret.edu.tr\/tekstil-ve-moda-tasarimi\/wp-json\/wp\/v2\/types\/page"}],"author":[{"embeddable":true,"href":"http:\/\/ticaret.edu.tr\/tekstil-ve-moda-tasarimi\/wp-json\/wp\/v2\/users\/224"}],"replies":[{"embeddable":true,"href":"http:\/\/ticaret.edu.tr\/tekstil-ve-moda-tasarimi\/wp-json\/wp\/v2\/comments?post=1336"}],"version-history":[{"count":5,"href":"http:\/\/ticaret.edu.tr\/tekstil-ve-moda-tasarimi\/wp-json\/wp\/v2\/pages\/1336\/revisions"}],"predecessor-version":[{"id":2032,"href":"http:\/\/ticaret.edu.tr\/tekstil-ve-moda-tasarimi\/wp-json\/wp\/v2\/pages\/1336\/revisions\/2032"}],"wp:attachment":[{"href":"http:\/\/ticaret.edu.tr\/tekstil-ve-moda-tasarimi\/wp-json\/wp\/v2\/media?parent=1336"}],"curies":[{"name":"wp","href":"https:\/\/api.w.org\/{rel}","templated":true}]}}