{"id":1340,"date":"2025-01-25T23:48:10","date_gmt":"2025-01-25T20:48:10","guid":{"rendered":"https:\/\/ticaret.edu.tr\/tekstil-ve-moda-tasarimi\/?page_id=1340"},"modified":"2025-10-20T11:30:03","modified_gmt":"2025-10-20T08:30:03","slug":"sayisal-bilgiler","status":"publish","type":"page","link":"http:\/\/ticaret.edu.tr\/tekstil-ve-moda-tasarimi\/sayisal-bilgiler\/","title":{"rendered":"Say\u0131sal Bilgiler"},"content":{"rendered":"<table style=\"height: 487px\" width=\"1207\">\n<tbody>\n<tr>\n<td rowspan=\"2\" width=\"99\"><strong>Y\u0131l<\/strong><\/td>\n<td colspan=\"4\" width=\"123\"><strong>S\u0131n\u0131f<\/strong><\/td>\n<td rowspan=\"2\" width=\"106\"><strong>Lisans Toplam<\/strong><\/td>\n<td rowspan=\"2\" width=\"114\"><strong>Lisans\u00fcst\u00fc Toplam<\/strong><\/td>\n<td colspan=\"3\" width=\"202\"><strong>Mezun Say\u0131lar\u0131<\/strong><\/td>\n<\/tr>\n<tr>\n<td width=\"31\"><strong>1.<\/strong><\/td>\n<td width=\"31\"><strong>2.<\/strong><\/td>\n<td width=\"31\"><strong>3.<\/strong><\/td>\n<td width=\"31\"><strong>4.<\/strong><\/td>\n<td width=\"63\"><strong>Lisans<\/strong><\/td>\n<td width=\"63\"><strong>Y. Lisans<\/strong><\/td>\n<td width=\"76\"><strong>Doktora<\/strong><\/td>\n<\/tr>\n<tr>\n<td width=\"99\"><strong>2020-2021<\/strong><\/td>\n<td width=\"31\">9<\/td>\n<td width=\"31\">18<\/td>\n<td width=\"31\">15<\/td>\n<td width=\"31\">35<\/td>\n<td width=\"106\">77<\/td>\n<td width=\"114\">3<\/td>\n<td width=\"63\">19<\/td>\n<td width=\"63\">4<\/td>\n<td rowspan=\"5\" width=\"76\">Doktora Program\u0131m\u0131z Bulunmamaktad\u0131r.<\/td>\n<\/tr>\n<tr>\n<td width=\"99\"><strong>2021-2022<\/strong><\/td>\n<td width=\"31\">5<\/td>\n<td width=\"31\">10<\/td>\n<td width=\"31\">17<\/td>\n<td width=\"31\">30<\/td>\n<td width=\"106\">62<\/td>\n<td width=\"114\">2<\/td>\n<td width=\"63\">19<\/td>\n<td width=\"63\">6<\/td>\n<\/tr>\n<tr>\n<td width=\"99\"><strong>2022-2023<\/strong><\/td>\n<td width=\"31\">30<\/td>\n<td width=\"31\">6<\/td>\n<td width=\"31\">10<\/td>\n<td width=\"31\">28<\/td>\n<td width=\"106\">74<\/td>\n<td width=\"114\">6<\/td>\n<td width=\"63\">19<\/td>\n<td width=\"63\">1<\/td>\n<\/tr>\n<tr>\n<td width=\"99\"><strong>2023-2024<\/strong><\/td>\n<td width=\"31\">37<\/td>\n<td width=\"31\">28<\/td>\n<td width=\"31\">4<\/td>\n<td width=\"31\">23<\/td>\n<td width=\"106\">92<\/td>\n<td width=\"114\">18<\/td>\n<td width=\"63\">2<\/td>\n<td width=\"63\">6<\/td>\n<\/tr>\n<tr>\n<td width=\"99\"><strong>2024-2025<\/strong><\/td>\n<td width=\"31\">40<\/td>\n<td width=\"31\">37<\/td>\n<td width=\"31\">26<\/td>\n<td width=\"31\">14<\/td>\n<td width=\"106\">117<\/td>\n<td width=\"114\">1<\/td>\n<td width=\"63\">11<\/td>\n<td width=\"63\">1<\/td>\n<\/tr>\n<\/tbody>\n<\/table>\n","protected":false},"excerpt":{"rendered":"<p>Y\u0131l S\u0131n\u0131f Lisans Toplam Lisans\u00fcst\u00fc Toplam Mezun Say\u0131lar\u0131 1. 2. 3. 4. Lisans Y. Lisans Doktora 2020-2021 9 18 15 35 77 3 19 4 Doktora Program\u0131m\u0131z Bulunmamaktad\u0131r. 2021-2022 5 10 17 30 62 2 19 6 2022-2023 30 6 10 28 74 6 19 1 2023-2024 37 28 4 23 92 18 2 6 [&hellip;]<\/p>\n","protected":false},"author":224,"featured_media":0,"parent":0,"menu_order":0,"comment_status":"closed","ping_status":"closed","template":"genel_sayfa.php","meta":{"footnotes":""},"yoast_head":"<!-- This site is optimized with the Yoast SEO Premium plugin v22.1 (Yoast SEO v22.1) - https:\/\/yoast.com\/wordpress\/plugins\/seo\/ -->\n<title>Say\u0131sal Bilgiler - Tekstil ve Moda Tasar\u0131m\u0131<\/title>\n<meta name=\"robots\" content=\"index, follow, max-snippet:-1, max-image-preview:large, max-video-preview:-1\" \/>\n<link rel=\"canonical\" href=\"http:\/\/ticaret.edu.tr\/tekstil-ve-moda-tasarimi\/sayisal-bilgiler\/\" \/>\n<meta property=\"og:locale\" content=\"tr_TR\" \/>\n<meta property=\"og:type\" content=\"article\" \/>\n<meta property=\"og:title\" content=\"Say\u0131sal Bilgiler\" \/>\n<meta property=\"og:description\" content=\"Y\u0131l S\u0131n\u0131f Lisans Toplam Lisans\u00fcst\u00fc Toplam Mezun Say\u0131lar\u0131 1. 2. 3. 4. Lisans Y. Lisans Doktora 2020-2021 9 18 15 35 77 3 19 4 Doktora Program\u0131m\u0131z Bulunmamaktad\u0131r. 2021-2022 5 10 17 30 62 2 19 6 2022-2023 30 6 10 28 74 6 19 1 2023-2024 37 28 4 23 92 18 2 6 [&hellip;]\" \/>\n<meta property=\"og:url\" content=\"http:\/\/ticaret.edu.tr\/tekstil-ve-moda-tasarimi\/sayisal-bilgiler\/\" \/>\n<meta property=\"og:site_name\" content=\"Tekstil ve Moda Tasar\u0131m\u0131\" \/>\n<meta property=\"article:publisher\" content=\"https:\/\/www.facebook.com\/ticaretedutr\" \/>\n<meta property=\"article:modified_time\" content=\"2025-10-20T08:30:03+00:00\" \/>\n<meta property=\"og:image\" content=\"http:\/\/ticaret.edu.tr\/tekstil-ve-moda-tasarimi\/wp-content\/uploads\/sites\/26\/2021\/11\/web_logo-01.jpg\" \/>\n\t<meta property=\"og:image:width\" content=\"1250\" \/>\n\t<meta property=\"og:image:height\" content=\"833\" \/>\n\t<meta property=\"og:image:type\" content=\"image\/jpeg\" \/>\n<meta name=\"twitter:card\" content=\"summary_large_image\" \/>\n<meta name=\"twitter:site\" content=\"@ticaretedutr\" \/>\n<meta name=\"twitter:label1\" content=\"Tahmini okuma s\u00fcresi\" \/>\n\t<meta name=\"twitter:data1\" content=\"1 dakika\" \/>\n<script type=\"application\/ld+json\" class=\"yoast-schema-graph\">{\"@context\":\"https:\/\/schema.org\",\"@graph\":[{\"@type\":\"WebPage\",\"@id\":\"http:\/\/ticaret.edu.tr\/tekstil-ve-moda-tasarimi\/sayisal-bilgiler\/\",\"url\":\"http:\/\/ticaret.edu.tr\/tekstil-ve-moda-tasarimi\/sayisal-bilgiler\/\",\"name\":\"Say\u0131sal Bilgiler - Tekstil ve Moda Tasar\u0131m\u0131\",\"isPartOf\":{\"@id\":\"https:\/\/ticaret.edu.tr\/tekstil-ve-moda-tasarimi\/en\/#website\"},\"datePublished\":\"2025-01-25T20:48:10+00:00\",\"dateModified\":\"2025-10-20T08:30:03+00:00\",\"breadcrumb\":{\"@id\":\"http:\/\/ticaret.edu.tr\/tekstil-ve-moda-tasarimi\/sayisal-bilgiler\/#breadcrumb\"},\"inLanguage\":\"tr\",\"potentialAction\":[{\"@type\":\"ReadAction\",\"target\":[\"http:\/\/ticaret.edu.tr\/tekstil-ve-moda-tasarimi\/sayisal-bilgiler\/\"]}]},{\"@type\":\"BreadcrumbList\",\"@id\":\"http:\/\/ticaret.edu.tr\/tekstil-ve-moda-tasarimi\/sayisal-bilgiler\/#breadcrumb\",\"itemListElement\":[{\"@type\":\"ListItem\",\"position\":1,\"name\":\"Ana sayfa\",\"item\":\"http:\/\/ticaret.edu.tr\/tekstil-ve-moda-tasarimi\/\"},{\"@type\":\"ListItem\",\"position\":2,\"name\":\"Say\u0131sal Bilgiler\"}]},{\"@type\":\"WebSite\",\"@id\":\"https:\/\/ticaret.edu.tr\/tekstil-ve-moda-tasarimi\/en\/#website\",\"url\":\"https:\/\/ticaret.edu.tr\/tekstil-ve-moda-tasarimi\/en\/\",\"name\":\"Tekstil ve Moda Tasar\u0131m\u0131\",\"description\":\"\",\"potentialAction\":[{\"@type\":\"SearchAction\",\"target\":{\"@type\":\"EntryPoint\",\"urlTemplate\":\"https:\/\/ticaret.edu.tr\/tekstil-ve-moda-tasarimi\/en\/?s={search_term_string}\"},\"query-input\":\"required name=search_term_string\"}],\"inLanguage\":\"tr\"}]}<\/script>\n<!-- \/ Yoast SEO Premium plugin. -->","yoast_head_json":{"title":"Say\u0131sal Bilgiler - Tekstil ve Moda Tasar\u0131m\u0131","robots":{"index":"index","follow":"follow","max-snippet":"max-snippet:-1","max-image-preview":"max-image-preview:large","max-video-preview":"max-video-preview:-1"},"canonical":"http:\/\/ticaret.edu.tr\/tekstil-ve-moda-tasarimi\/sayisal-bilgiler\/","og_locale":"tr_TR","og_type":"article","og_title":"Say\u0131sal Bilgiler","og_description":"Y\u0131l S\u0131n\u0131f Lisans Toplam Lisans\u00fcst\u00fc Toplam Mezun Say\u0131lar\u0131 1. 2. 3. 4. Lisans Y. Lisans Doktora 2020-2021 9 18 15 35 77 3 19 4 Doktora Program\u0131m\u0131z Bulunmamaktad\u0131r. 2021-2022 5 10 17 30 62 2 19 6 2022-2023 30 6 10 28 74 6 19 1 2023-2024 37 28 4 23 92 18 2 6 [&hellip;]","og_url":"http:\/\/ticaret.edu.tr\/tekstil-ve-moda-tasarimi\/sayisal-bilgiler\/","og_site_name":"Tekstil ve Moda Tasar\u0131m\u0131","article_publisher":"https:\/\/www.facebook.com\/ticaretedutr","article_modified_time":"2025-10-20T08:30:03+00:00","og_image":[{"width":1250,"height":833,"url":"http:\/\/ticaret.edu.tr\/tekstil-ve-moda-tasarimi\/wp-content\/uploads\/sites\/26\/2021\/11\/web_logo-01.jpg","type":"image\/jpeg"}],"twitter_card":"summary_large_image","twitter_site":"@ticaretedutr","twitter_misc":{"Tahmini okuma s\u00fcresi":"1 dakika"},"schema":{"@context":"https:\/\/schema.org","@graph":[{"@type":"WebPage","@id":"http:\/\/ticaret.edu.tr\/tekstil-ve-moda-tasarimi\/sayisal-bilgiler\/","url":"http:\/\/ticaret.edu.tr\/tekstil-ve-moda-tasarimi\/sayisal-bilgiler\/","name":"Say\u0131sal Bilgiler - Tekstil ve Moda Tasar\u0131m\u0131","isPartOf":{"@id":"https:\/\/ticaret.edu.tr\/tekstil-ve-moda-tasarimi\/en\/#website"},"datePublished":"2025-01-25T20:48:10+00:00","dateModified":"2025-10-20T08:30:03+00:00","breadcrumb":{"@id":"http:\/\/ticaret.edu.tr\/tekstil-ve-moda-tasarimi\/sayisal-bilgiler\/#breadcrumb"},"inLanguage":"tr","potentialAction":[{"@type":"ReadAction","target":["http:\/\/ticaret.edu.tr\/tekstil-ve-moda-tasarimi\/sayisal-bilgiler\/"]}]},{"@type":"BreadcrumbList","@id":"http:\/\/ticaret.edu.tr\/tekstil-ve-moda-tasarimi\/sayisal-bilgiler\/#breadcrumb","itemListElement":[{"@type":"ListItem","position":1,"name":"Ana sayfa","item":"http:\/\/ticaret.edu.tr\/tekstil-ve-moda-tasarimi\/"},{"@type":"ListItem","position":2,"name":"Say\u0131sal Bilgiler"}]},{"@type":"WebSite","@id":"https:\/\/ticaret.edu.tr\/tekstil-ve-moda-tasarimi\/en\/#website","url":"https:\/\/ticaret.edu.tr\/tekstil-ve-moda-tasarimi\/en\/","name":"Tekstil ve Moda Tasar\u0131m\u0131","description":"","potentialAction":[{"@type":"SearchAction","target":{"@type":"EntryPoint","urlTemplate":"https:\/\/ticaret.edu.tr\/tekstil-ve-moda-tasarimi\/en\/?s={search_term_string}"},"query-input":"required name=search_term_string"}],"inLanguage":"tr"}]}},"lang":"tr","translations":{"tr":1340,"en":1342},"pll_sync_post":[],"_links":{"self":[{"href":"http:\/\/ticaret.edu.tr\/tekstil-ve-moda-tasarimi\/wp-json\/wp\/v2\/pages\/1340"}],"collection":[{"href":"http:\/\/ticaret.edu.tr\/tekstil-ve-moda-tasarimi\/wp-json\/wp\/v2\/pages"}],"about":[{"href":"http:\/\/ticaret.edu.tr\/tekstil-ve-moda-tasarimi\/wp-json\/wp\/v2\/types\/page"}],"author":[{"embeddable":true,"href":"http:\/\/ticaret.edu.tr\/tekstil-ve-moda-tasarimi\/wp-json\/wp\/v2\/users\/224"}],"replies":[{"embeddable":true,"href":"http:\/\/ticaret.edu.tr\/tekstil-ve-moda-tasarimi\/wp-json\/wp\/v2\/comments?post=1340"}],"version-history":[{"count":2,"href":"http:\/\/ticaret.edu.tr\/tekstil-ve-moda-tasarimi\/wp-json\/wp\/v2\/pages\/1340\/revisions"}],"predecessor-version":[{"id":1900,"href":"http:\/\/ticaret.edu.tr\/tekstil-ve-moda-tasarimi\/wp-json\/wp\/v2\/pages\/1340\/revisions\/1900"}],"wp:attachment":[{"href":"http:\/\/ticaret.edu.tr\/tekstil-ve-moda-tasarimi\/wp-json\/wp\/v2\/media?parent=1340"}],"curies":[{"name":"wp","href":"https:\/\/api.w.org\/{rel}","templated":true}]}}