{"id":1405,"date":"2025-01-26T00:49:27","date_gmt":"2025-01-25T21:49:27","guid":{"rendered":"https:\/\/ticaret.edu.tr\/tekstil-ve-moda-tasarimi\/?page_id=1405"},"modified":"2025-10-20T15:31:36","modified_gmt":"2025-10-20T12:31:36","slug":"lisans-genel-bilgi","status":"publish","type":"page","link":"http:\/\/ticaret.edu.tr\/tekstil-ve-moda-tasarimi\/lisans-genel-bilgi\/","title":{"rendered":"Genel Bilgi"},"content":{"rendered":"<p><strong>Y\u0131l:\u00a0<\/strong>4 Y\u0131ll\u0131k \u00d6rg\u00fcn E\u011fitim<\/p>\n<p><strong>AKTS:\u00a0<\/strong>\u00d6\u011frencilerin mezun olabilmesi i\u00e7in toplam 240 AKTS tamamlanm\u0131\u015f olmas\u0131 gerekmektedir.<\/p>\n<p><strong>Dil:\u00a0<\/strong>E\u011fitim \u00f6\u011fretim dili T\u00fcrk\u00e7e\u2019dir.<\/p>\n<p><strong>Birinci, ikinci, \u00fc\u00e7\u00fcnc\u00fc ve d\u00f6rd\u00fcnc\u00fc s\u0131n\u0131f derslerinin genel tan\u0131t\u0131m\u0131:\u00a0<\/strong>E\u011fitimimiz; temel sanat, tasar\u0131m ve tekstil bilgilerini i\u00e7eren teorik derslerle, bu bilgileri peki\u015ftiren uygulamal\u0131 st\u00fcdyo \u00e7al\u0131\u015fmalar\u0131 ve at\u00f6lye projelerinden olu\u015fmaktad\u0131r. Program\u0131n ilk y\u0131llar\u0131nda \u00f6\u011frenciler, <strong>tasar\u0131m ilkeleri, renk, form, doku, malzeme bilgisi ve temel \u00e7izim teknikleri<\/strong> \u00fczerine yo\u011funla\u015farak disiplinin altyap\u0131s\u0131n\u0131 edinirler. \u0130leri y\u0131llarda ise <strong>koleksiyon geli\u015ftirme, moda tasar\u0131m\u0131, tekstil y\u00fczey tasar\u0131m\u0131, dokuma, \u00f6rme, bask\u0131 tasar\u0131m\u0131<\/strong> gibi alanlara y\u00f6nelirler.<\/p>\n<p>Teorik dersler, <strong>sanat tarihi, giyim tarihi, moda trend analizi ve tekstil teknolojileri<\/strong> konular\u0131nda \u00f6\u011frencilerin kavramsal ve analitik d\u00fc\u015f\u00fcnme becerilerini geli\u015ftirirken, <strong>st\u00fcdyo ve at\u00f6lye dersleri<\/strong> bu bilgileri yarat\u0131c\u0131 projelere d\u00f6n\u00fc\u015ft\u00fcrme f\u0131rsat\u0131 sunar.<\/p>\n<p>E\u011fitim s\u00fcreci boyunca \u00f6\u011frenciler; <strong>konusunda uzman tasar\u0131mc\u0131lar\u0131n, akademisyenlerin ve sekt\u00f6r profesyonellerinin<\/strong> kat\u0131ld\u0131\u011f\u0131 seminer, konferans ve teknik gezilerle desteklenir. Avrupa Kredi Transfer Sistemi (AKTS) uygulanmakta olup, \u00f6\u011frenciler <strong>Erasmus program\u0131<\/strong> arac\u0131l\u0131\u011f\u0131yla uluslararas\u0131 de\u011fi\u015fim imk\u00e2nlar\u0131ndan yararlanabilmektedir. Ayr\u0131ca \u0130stanbul Ticaret Odas\u0131 ve tekstil sekt\u00f6r\u00fc ile yap\u0131lan i\u015f birlikleri, \u00f6\u011frencilerin mesleki deneyimlerini art\u0131rmay\u0131 ve sekt\u00f6re g\u00fc\u00e7l\u00fc bir ge\u00e7i\u015f yapmalar\u0131n\u0131 desteklemeyi ama\u00e7lamaktad\u0131r.<\/p>\n<p><strong>Staj bilgisi:\u00a0<\/strong>4 Y\u0131ll\u0131k E\u011fitim \u00d6\u011fretim s\u00fcrecinde toplam 2 adet zorunlu staj yap\u0131lmas\u0131 gerekmektedir. Yeni Staj 1 (Tasar\u0131m Staj\u0131) ve Yeni Staj 2 (\u00dcretim Staj\u0131) olmak \u00fczere her iki staj i\u00e7inde ayr\u0131 ayr\u0131 20\u2019\u015fer i\u015f g\u00fcnlerinin doldurulmas\u0131 beklenmektedir.<\/p>\n<p><strong>Son S\u0131n\u0131fta Bitirme Projesi\u00a0<\/strong>ve destekleyen teorik dersler bulunmaktad\u0131r.<\/p>\n","protected":false},"excerpt":{"rendered":"<p>Y\u0131l:\u00a04 Y\u0131ll\u0131k \u00d6rg\u00fcn E\u011fitim AKTS:\u00a0\u00d6\u011frencilerin mezun olabilmesi i\u00e7in toplam 240 AKTS tamamlanm\u0131\u015f olmas\u0131 gerekmektedir. Dil:\u00a0E\u011fitim \u00f6\u011fretim dili T\u00fcrk\u00e7e\u2019dir. Birinci, ikinci, \u00fc\u00e7\u00fcnc\u00fc ve d\u00f6rd\u00fcnc\u00fc s\u0131n\u0131f derslerinin genel tan\u0131t\u0131m\u0131:\u00a0E\u011fitimimiz; temel sanat, tasar\u0131m ve tekstil bilgilerini i\u00e7eren teorik derslerle, bu bilgileri peki\u015ftiren uygulamal\u0131 st\u00fcdyo \u00e7al\u0131\u015fmalar\u0131 ve at\u00f6lye projelerinden olu\u015fmaktad\u0131r. Program\u0131n ilk y\u0131llar\u0131nda \u00f6\u011frenciler, tasar\u0131m ilkeleri, renk, form, doku, [&hellip;]<\/p>\n","protected":false},"author":224,"featured_media":0,"parent":0,"menu_order":0,"comment_status":"closed","ping_status":"closed","template":"genel_sayfa.php","meta":{"footnotes":""},"yoast_head":"<!-- This site is optimized with the Yoast SEO Premium plugin v22.1 (Yoast SEO v22.1) - https:\/\/yoast.com\/wordpress\/plugins\/seo\/ -->\n<title>Genel Bilgi - Tekstil ve Moda Tasar\u0131m\u0131<\/title>\n<meta name=\"robots\" content=\"index, follow, max-snippet:-1, max-image-preview:large, max-video-preview:-1\" \/>\n<link rel=\"canonical\" href=\"https:\/\/ticaret.edu.tr\/tekstil-ve-moda-tasarimi\/lisans-genel-bilgi\/\" \/>\n<meta property=\"og:locale\" content=\"tr_TR\" \/>\n<meta property=\"og:type\" content=\"article\" \/>\n<meta property=\"og:title\" content=\"Genel Bilgi\" \/>\n<meta property=\"og:description\" content=\"Y\u0131l:\u00a04 Y\u0131ll\u0131k \u00d6rg\u00fcn E\u011fitim AKTS:\u00a0\u00d6\u011frencilerin mezun olabilmesi i\u00e7in toplam 240 AKTS tamamlanm\u0131\u015f olmas\u0131 gerekmektedir. Dil:\u00a0E\u011fitim \u00f6\u011fretim dili T\u00fcrk\u00e7e\u2019dir. Birinci, ikinci, \u00fc\u00e7\u00fcnc\u00fc ve d\u00f6rd\u00fcnc\u00fc s\u0131n\u0131f derslerinin genel tan\u0131t\u0131m\u0131:\u00a0E\u011fitimimiz; temel sanat, tasar\u0131m ve tekstil bilgilerini i\u00e7eren teorik derslerle, bu bilgileri peki\u015ftiren uygulamal\u0131 st\u00fcdyo \u00e7al\u0131\u015fmalar\u0131 ve at\u00f6lye projelerinden olu\u015fmaktad\u0131r. Program\u0131n ilk y\u0131llar\u0131nda \u00f6\u011frenciler, tasar\u0131m ilkeleri, renk, form, doku, [&hellip;]\" \/>\n<meta property=\"og:url\" content=\"https:\/\/ticaret.edu.tr\/tekstil-ve-moda-tasarimi\/lisans-genel-bilgi\/\" \/>\n<meta property=\"og:site_name\" content=\"Tekstil ve Moda Tasar\u0131m\u0131\" \/>\n<meta property=\"article:publisher\" content=\"https:\/\/www.facebook.com\/ticaretedutr\" \/>\n<meta property=\"article:modified_time\" content=\"2025-10-20T12:31:36+00:00\" \/>\n<meta property=\"og:image\" content=\"http:\/\/ticaret.edu.tr\/tekstil-ve-moda-tasarimi\/wp-content\/uploads\/sites\/26\/2021\/11\/web_logo-01.jpg\" \/>\n\t<meta property=\"og:image:width\" content=\"1250\" \/>\n\t<meta property=\"og:image:height\" content=\"833\" \/>\n\t<meta property=\"og:image:type\" content=\"image\/jpeg\" \/>\n<meta name=\"twitter:card\" content=\"summary_large_image\" \/>\n<meta name=\"twitter:site\" content=\"@ticaretedutr\" \/>\n<script type=\"application\/ld+json\" class=\"yoast-schema-graph\">{\"@context\":\"https:\/\/schema.org\",\"@graph\":[{\"@type\":\"WebPage\",\"@id\":\"https:\/\/ticaret.edu.tr\/tekstil-ve-moda-tasarimi\/lisans-genel-bilgi\/\",\"url\":\"https:\/\/ticaret.edu.tr\/tekstil-ve-moda-tasarimi\/lisans-genel-bilgi\/\",\"name\":\"Genel Bilgi - Tekstil ve Moda Tasar\u0131m\u0131\",\"isPartOf\":{\"@id\":\"https:\/\/ticaret.edu.tr\/tekstil-ve-moda-tasarimi\/en\/#website\"},\"datePublished\":\"2025-01-25T21:49:27+00:00\",\"dateModified\":\"2025-10-20T12:31:36+00:00\",\"breadcrumb\":{\"@id\":\"https:\/\/ticaret.edu.tr\/tekstil-ve-moda-tasarimi\/lisans-genel-bilgi\/#breadcrumb\"},\"inLanguage\":\"tr\",\"potentialAction\":[{\"@type\":\"ReadAction\",\"target\":[\"https:\/\/ticaret.edu.tr\/tekstil-ve-moda-tasarimi\/lisans-genel-bilgi\/\"]}]},{\"@type\":\"BreadcrumbList\",\"@id\":\"https:\/\/ticaret.edu.tr\/tekstil-ve-moda-tasarimi\/lisans-genel-bilgi\/#breadcrumb\",\"itemListElement\":[{\"@type\":\"ListItem\",\"position\":1,\"name\":\"Ana sayfa\",\"item\":\"http:\/\/ticaret.edu.tr\/tekstil-ve-moda-tasarimi\/\"},{\"@type\":\"ListItem\",\"position\":2,\"name\":\"Genel Bilgi\"}]},{\"@type\":\"WebSite\",\"@id\":\"https:\/\/ticaret.edu.tr\/tekstil-ve-moda-tasarimi\/en\/#website\",\"url\":\"https:\/\/ticaret.edu.tr\/tekstil-ve-moda-tasarimi\/en\/\",\"name\":\"Tekstil ve Moda Tasar\u0131m\u0131\",\"description\":\"\",\"potentialAction\":[{\"@type\":\"SearchAction\",\"target\":{\"@type\":\"EntryPoint\",\"urlTemplate\":\"https:\/\/ticaret.edu.tr\/tekstil-ve-moda-tasarimi\/en\/?s={search_term_string}\"},\"query-input\":\"required name=search_term_string\"}],\"inLanguage\":\"tr\"}]}<\/script>\n<!-- \/ Yoast SEO Premium plugin. -->","yoast_head_json":{"title":"Genel Bilgi - Tekstil ve Moda Tasar\u0131m\u0131","robots":{"index":"index","follow":"follow","max-snippet":"max-snippet:-1","max-image-preview":"max-image-preview:large","max-video-preview":"max-video-preview:-1"},"canonical":"https:\/\/ticaret.edu.tr\/tekstil-ve-moda-tasarimi\/lisans-genel-bilgi\/","og_locale":"tr_TR","og_type":"article","og_title":"Genel Bilgi","og_description":"Y\u0131l:\u00a04 Y\u0131ll\u0131k \u00d6rg\u00fcn E\u011fitim AKTS:\u00a0\u00d6\u011frencilerin mezun olabilmesi i\u00e7in toplam 240 AKTS tamamlanm\u0131\u015f olmas\u0131 gerekmektedir. Dil:\u00a0E\u011fitim \u00f6\u011fretim dili T\u00fcrk\u00e7e\u2019dir. Birinci, ikinci, \u00fc\u00e7\u00fcnc\u00fc ve d\u00f6rd\u00fcnc\u00fc s\u0131n\u0131f derslerinin genel tan\u0131t\u0131m\u0131:\u00a0E\u011fitimimiz; temel sanat, tasar\u0131m ve tekstil bilgilerini i\u00e7eren teorik derslerle, bu bilgileri peki\u015ftiren uygulamal\u0131 st\u00fcdyo \u00e7al\u0131\u015fmalar\u0131 ve at\u00f6lye projelerinden olu\u015fmaktad\u0131r. Program\u0131n ilk y\u0131llar\u0131nda \u00f6\u011frenciler, tasar\u0131m ilkeleri, renk, form, doku, [&hellip;]","og_url":"https:\/\/ticaret.edu.tr\/tekstil-ve-moda-tasarimi\/lisans-genel-bilgi\/","og_site_name":"Tekstil ve Moda Tasar\u0131m\u0131","article_publisher":"https:\/\/www.facebook.com\/ticaretedutr","article_modified_time":"2025-10-20T12:31:36+00:00","og_image":[{"width":1250,"height":833,"url":"http:\/\/ticaret.edu.tr\/tekstil-ve-moda-tasarimi\/wp-content\/uploads\/sites\/26\/2021\/11\/web_logo-01.jpg","type":"image\/jpeg"}],"twitter_card":"summary_large_image","twitter_site":"@ticaretedutr","schema":{"@context":"https:\/\/schema.org","@graph":[{"@type":"WebPage","@id":"https:\/\/ticaret.edu.tr\/tekstil-ve-moda-tasarimi\/lisans-genel-bilgi\/","url":"https:\/\/ticaret.edu.tr\/tekstil-ve-moda-tasarimi\/lisans-genel-bilgi\/","name":"Genel Bilgi - Tekstil ve Moda Tasar\u0131m\u0131","isPartOf":{"@id":"https:\/\/ticaret.edu.tr\/tekstil-ve-moda-tasarimi\/en\/#website"},"datePublished":"2025-01-25T21:49:27+00:00","dateModified":"2025-10-20T12:31:36+00:00","breadcrumb":{"@id":"https:\/\/ticaret.edu.tr\/tekstil-ve-moda-tasarimi\/lisans-genel-bilgi\/#breadcrumb"},"inLanguage":"tr","potentialAction":[{"@type":"ReadAction","target":["https:\/\/ticaret.edu.tr\/tekstil-ve-moda-tasarimi\/lisans-genel-bilgi\/"]}]},{"@type":"BreadcrumbList","@id":"https:\/\/ticaret.edu.tr\/tekstil-ve-moda-tasarimi\/lisans-genel-bilgi\/#breadcrumb","itemListElement":[{"@type":"ListItem","position":1,"name":"Ana sayfa","item":"http:\/\/ticaret.edu.tr\/tekstil-ve-moda-tasarimi\/"},{"@type":"ListItem","position":2,"name":"Genel Bilgi"}]},{"@type":"WebSite","@id":"https:\/\/ticaret.edu.tr\/tekstil-ve-moda-tasarimi\/en\/#website","url":"https:\/\/ticaret.edu.tr\/tekstil-ve-moda-tasarimi\/en\/","name":"Tekstil ve Moda Tasar\u0131m\u0131","description":"","potentialAction":[{"@type":"SearchAction","target":{"@type":"EntryPoint","urlTemplate":"https:\/\/ticaret.edu.tr\/tekstil-ve-moda-tasarimi\/en\/?s={search_term_string}"},"query-input":"required name=search_term_string"}],"inLanguage":"tr"}]}},"lang":"tr","translations":{"tr":1405,"en":1407},"pll_sync_post":[],"_links":{"self":[{"href":"http:\/\/ticaret.edu.tr\/tekstil-ve-moda-tasarimi\/wp-json\/wp\/v2\/pages\/1405"}],"collection":[{"href":"http:\/\/ticaret.edu.tr\/tekstil-ve-moda-tasarimi\/wp-json\/wp\/v2\/pages"}],"about":[{"href":"http:\/\/ticaret.edu.tr\/tekstil-ve-moda-tasarimi\/wp-json\/wp\/v2\/types\/page"}],"author":[{"embeddable":true,"href":"http:\/\/ticaret.edu.tr\/tekstil-ve-moda-tasarimi\/wp-json\/wp\/v2\/users\/224"}],"replies":[{"embeddable":true,"href":"http:\/\/ticaret.edu.tr\/tekstil-ve-moda-tasarimi\/wp-json\/wp\/v2\/comments?post=1405"}],"version-history":[{"count":2,"href":"http:\/\/ticaret.edu.tr\/tekstil-ve-moda-tasarimi\/wp-json\/wp\/v2\/pages\/1405\/revisions"}],"predecessor-version":[{"id":1930,"href":"http:\/\/ticaret.edu.tr\/tekstil-ve-moda-tasarimi\/wp-json\/wp\/v2\/pages\/1405\/revisions\/1930"}],"wp:attachment":[{"href":"http:\/\/ticaret.edu.tr\/tekstil-ve-moda-tasarimi\/wp-json\/wp\/v2\/media?parent=1405"}],"curies":[{"name":"wp","href":"https:\/\/api.w.org\/{rel}","templated":true}]}}