{"id":1436,"date":"2025-01-26T01:12:44","date_gmt":"2025-01-25T22:12:44","guid":{"rendered":"https:\/\/ticaret.edu.tr\/tekstil-ve-moda-tasarimi\/?page_id=1436"},"modified":"2025-10-21T15:04:02","modified_gmt":"2025-10-21T12:04:02","slug":"tasarim-projesi-bitirme-projesi","status":"publish","type":"page","link":"http:\/\/ticaret.edu.tr\/tekstil-ve-moda-tasarimi\/tasarim-projesi-bitirme-projesi\/","title":{"rendered":"Tasar\u0131m Projesi\/Bitirme Projesi"},"content":{"rendered":"<p data-start=\"342\" data-end=\"578\">Bitirme Projesi de\u011ferlendirme s\u00fcreci, \u00f6\u011frencilerin yarat\u0131c\u0131 d\u00fc\u015f\u00fcnme, ara\u015ft\u0131rma, tasar\u0131m geli\u015ftirme ve uygulama becerilerini b\u00fct\u00fcnc\u00fcl bi\u00e7imde \u00f6l\u00e7meyi ama\u00e7lamaktad\u0131r. S\u00fcre\u00e7, <strong data-start=\"514\" data-end=\"522\">vize<\/strong> ve <strong data-start=\"526\" data-end=\"535\">final<\/strong> olmak \u00fczere iki a\u015famada y\u00fcr\u00fct\u00fclmektedir.<\/p>\n<p data-start=\"580\" data-end=\"968\"><strong data-start=\"580\" data-end=\"600\">Vize a\u015famas\u0131nda;<\/strong> \u00f6\u011frencilerden se\u00e7ilen tema veya kavram do\u011frultusunda konsept ara\u015ft\u0131rmas\u0131, moodboard ve renk\/hik\u00e2ye panosu haz\u0131rlamalar\u0131, kuma\u015f ve malzeme ara\u015ft\u0131rmas\u0131, eskiz ve tasar\u0131m geli\u015ftirme \u00e7al\u0131\u015fmalar\u0131 yapmalar\u0131 beklenmektedir. Bu s\u00fcre\u00e7te ayr\u0131ca koleksiyon plan\u0131 olu\u015fturma, teknik \u00e7izim, form denemeleri, prototip \u00fcretimi ve ara j\u00fcri sunumu de\u011ferlendirmeye d\u00e2hil edilmektedir.<\/p>\n<p data-start=\"970\" data-end=\"1293\"><strong data-start=\"970\" data-end=\"991\">Final a\u015famas\u0131nda;<\/strong> \u00f6\u011frencilerden belirlenen konsept \u00fczerinden geli\u015ftirdikleri \u00f6zg\u00fcn tasar\u0131mlar\u0131 nihai hale getirmeleri, koleksiyonun \u00fcretim ve sunum a\u015famalar\u0131n\u0131 (kal\u0131p, diki\u015f, aksesuar se\u00e7imi, biti\u015f teknikleri vb.) tamamlamalar\u0131, defile veya sergi sunumuna uygun bi\u00e7imde \u00fcr\u00fcn ve portfolyo haz\u0131rlamalar\u0131 beklenmektedir.<\/p>\n<p data-start=\"1295\" data-end=\"1631\">Bu iki a\u015faman\u0131n birle\u015fimi, \u00f6\u011frencilerin tasar\u0131m s\u00fcrecini <strong data-start=\"1352\" data-end=\"1396\">kavramsal ara\u015ft\u0131rmadan \u00fcretime ve sunuma<\/strong> kadar ta\u015f\u0131yan kapsaml\u0131 bir performans de\u011ferlendirmesi sunmaktad\u0131r. B\u00f6ylece \u00f6\u011frenciler, \u00f6zg\u00fcn bak\u0131\u015f a\u00e7\u0131lar\u0131n\u0131 estetik, teknik ve yenilik\u00e7i yakla\u015f\u0131mlarla birle\u015ftirerek moda end\u00fcstrisine profesyonel bir giri\u015f yapma becerisi kazan\u0131rlar.<\/p>\n","protected":false},"excerpt":{"rendered":"<p>Bitirme Projesi de\u011ferlendirme s\u00fcreci, \u00f6\u011frencilerin yarat\u0131c\u0131 d\u00fc\u015f\u00fcnme, ara\u015ft\u0131rma, tasar\u0131m geli\u015ftirme ve uygulama becerilerini b\u00fct\u00fcnc\u00fcl bi\u00e7imde \u00f6l\u00e7meyi ama\u00e7lamaktad\u0131r. S\u00fcre\u00e7, vize ve final olmak \u00fczere iki a\u015famada y\u00fcr\u00fct\u00fclmektedir. Vize a\u015famas\u0131nda; \u00f6\u011frencilerden se\u00e7ilen tema veya kavram do\u011frultusunda konsept ara\u015ft\u0131rmas\u0131, moodboard ve renk\/hik\u00e2ye panosu haz\u0131rlamalar\u0131, kuma\u015f ve malzeme ara\u015ft\u0131rmas\u0131, eskiz ve tasar\u0131m geli\u015ftirme \u00e7al\u0131\u015fmalar\u0131 yapmalar\u0131 beklenmektedir. Bu s\u00fcre\u00e7te ayr\u0131ca [&hellip;]<\/p>\n","protected":false},"author":224,"featured_media":0,"parent":0,"menu_order":0,"comment_status":"closed","ping_status":"closed","template":"genel_sayfa.php","meta":{"footnotes":""},"yoast_head":"<!-- This site is optimized with the Yoast SEO Premium plugin v22.1 (Yoast SEO v22.1) - https:\/\/yoast.com\/wordpress\/plugins\/seo\/ -->\n<title>Tasar\u0131m Projesi\/Bitirme Projesi - Tekstil ve Moda Tasar\u0131m\u0131<\/title>\n<meta name=\"robots\" content=\"index, follow, max-snippet:-1, max-image-preview:large, max-video-preview:-1\" \/>\n<link rel=\"canonical\" href=\"http:\/\/ticaret.edu.tr\/tekstil-ve-moda-tasarimi\/tasarim-projesi-bitirme-projesi\/\" \/>\n<meta property=\"og:locale\" content=\"tr_TR\" \/>\n<meta property=\"og:type\" content=\"article\" \/>\n<meta property=\"og:title\" content=\"Tasar\u0131m Projesi\/Bitirme Projesi\" \/>\n<meta property=\"og:description\" content=\"Bitirme Projesi de\u011ferlendirme s\u00fcreci, \u00f6\u011frencilerin yarat\u0131c\u0131 d\u00fc\u015f\u00fcnme, ara\u015ft\u0131rma, tasar\u0131m geli\u015ftirme ve uygulama becerilerini b\u00fct\u00fcnc\u00fcl bi\u00e7imde \u00f6l\u00e7meyi ama\u00e7lamaktad\u0131r. S\u00fcre\u00e7, vize ve final olmak \u00fczere iki a\u015famada y\u00fcr\u00fct\u00fclmektedir. Vize a\u015famas\u0131nda; \u00f6\u011frencilerden se\u00e7ilen tema veya kavram do\u011frultusunda konsept ara\u015ft\u0131rmas\u0131, moodboard ve renk\/hik\u00e2ye panosu haz\u0131rlamalar\u0131, kuma\u015f ve malzeme ara\u015ft\u0131rmas\u0131, eskiz ve tasar\u0131m geli\u015ftirme \u00e7al\u0131\u015fmalar\u0131 yapmalar\u0131 beklenmektedir. Bu s\u00fcre\u00e7te ayr\u0131ca [&hellip;]\" \/>\n<meta property=\"og:url\" content=\"http:\/\/ticaret.edu.tr\/tekstil-ve-moda-tasarimi\/tasarim-projesi-bitirme-projesi\/\" \/>\n<meta property=\"og:site_name\" content=\"Tekstil ve Moda Tasar\u0131m\u0131\" \/>\n<meta property=\"article:publisher\" content=\"https:\/\/www.facebook.com\/ticaretedutr\" \/>\n<meta property=\"article:modified_time\" content=\"2025-10-21T12:04:02+00:00\" \/>\n<meta property=\"og:image\" content=\"http:\/\/ticaret.edu.tr\/tekstil-ve-moda-tasarimi\/wp-content\/uploads\/sites\/26\/2021\/11\/web_logo-01.jpg\" \/>\n\t<meta property=\"og:image:width\" content=\"1250\" \/>\n\t<meta property=\"og:image:height\" content=\"833\" \/>\n\t<meta property=\"og:image:type\" content=\"image\/jpeg\" \/>\n<meta name=\"twitter:card\" content=\"summary_large_image\" \/>\n<meta name=\"twitter:site\" content=\"@ticaretedutr\" \/>\n<meta name=\"twitter:label1\" content=\"Tahmini okuma s\u00fcresi\" \/>\n\t<meta name=\"twitter:data1\" content=\"1 dakika\" \/>\n<script type=\"application\/ld+json\" class=\"yoast-schema-graph\">{\"@context\":\"https:\/\/schema.org\",\"@graph\":[{\"@type\":\"WebPage\",\"@id\":\"http:\/\/ticaret.edu.tr\/tekstil-ve-moda-tasarimi\/tasarim-projesi-bitirme-projesi\/\",\"url\":\"http:\/\/ticaret.edu.tr\/tekstil-ve-moda-tasarimi\/tasarim-projesi-bitirme-projesi\/\",\"name\":\"Tasar\u0131m Projesi\/Bitirme Projesi - Tekstil ve Moda Tasar\u0131m\u0131\",\"isPartOf\":{\"@id\":\"https:\/\/ticaret.edu.tr\/tekstil-ve-moda-tasarimi\/en\/#website\"},\"datePublished\":\"2025-01-25T22:12:44+00:00\",\"dateModified\":\"2025-10-21T12:04:02+00:00\",\"breadcrumb\":{\"@id\":\"http:\/\/ticaret.edu.tr\/tekstil-ve-moda-tasarimi\/tasarim-projesi-bitirme-projesi\/#breadcrumb\"},\"inLanguage\":\"tr\",\"potentialAction\":[{\"@type\":\"ReadAction\",\"target\":[\"http:\/\/ticaret.edu.tr\/tekstil-ve-moda-tasarimi\/tasarim-projesi-bitirme-projesi\/\"]}]},{\"@type\":\"BreadcrumbList\",\"@id\":\"http:\/\/ticaret.edu.tr\/tekstil-ve-moda-tasarimi\/tasarim-projesi-bitirme-projesi\/#breadcrumb\",\"itemListElement\":[{\"@type\":\"ListItem\",\"position\":1,\"name\":\"Ana sayfa\",\"item\":\"http:\/\/ticaret.edu.tr\/tekstil-ve-moda-tasarimi\/\"},{\"@type\":\"ListItem\",\"position\":2,\"name\":\"Tasar\u0131m Projesi\/Bitirme Projesi\"}]},{\"@type\":\"WebSite\",\"@id\":\"https:\/\/ticaret.edu.tr\/tekstil-ve-moda-tasarimi\/en\/#website\",\"url\":\"https:\/\/ticaret.edu.tr\/tekstil-ve-moda-tasarimi\/en\/\",\"name\":\"Tekstil ve Moda Tasar\u0131m\u0131\",\"description\":\"\",\"potentialAction\":[{\"@type\":\"SearchAction\",\"target\":{\"@type\":\"EntryPoint\",\"urlTemplate\":\"https:\/\/ticaret.edu.tr\/tekstil-ve-moda-tasarimi\/en\/?s={search_term_string}\"},\"query-input\":\"required name=search_term_string\"}],\"inLanguage\":\"tr\"}]}<\/script>\n<!-- \/ Yoast SEO Premium plugin. -->","yoast_head_json":{"title":"Tasar\u0131m Projesi\/Bitirme Projesi - Tekstil ve Moda Tasar\u0131m\u0131","robots":{"index":"index","follow":"follow","max-snippet":"max-snippet:-1","max-image-preview":"max-image-preview:large","max-video-preview":"max-video-preview:-1"},"canonical":"http:\/\/ticaret.edu.tr\/tekstil-ve-moda-tasarimi\/tasarim-projesi-bitirme-projesi\/","og_locale":"tr_TR","og_type":"article","og_title":"Tasar\u0131m Projesi\/Bitirme Projesi","og_description":"Bitirme Projesi de\u011ferlendirme s\u00fcreci, \u00f6\u011frencilerin yarat\u0131c\u0131 d\u00fc\u015f\u00fcnme, ara\u015ft\u0131rma, tasar\u0131m geli\u015ftirme ve uygulama becerilerini b\u00fct\u00fcnc\u00fcl bi\u00e7imde \u00f6l\u00e7meyi ama\u00e7lamaktad\u0131r. S\u00fcre\u00e7, vize ve final olmak \u00fczere iki a\u015famada y\u00fcr\u00fct\u00fclmektedir. Vize a\u015famas\u0131nda; \u00f6\u011frencilerden se\u00e7ilen tema veya kavram do\u011frultusunda konsept ara\u015ft\u0131rmas\u0131, moodboard ve renk\/hik\u00e2ye panosu haz\u0131rlamalar\u0131, kuma\u015f ve malzeme ara\u015ft\u0131rmas\u0131, eskiz ve tasar\u0131m geli\u015ftirme \u00e7al\u0131\u015fmalar\u0131 yapmalar\u0131 beklenmektedir. Bu s\u00fcre\u00e7te ayr\u0131ca [&hellip;]","og_url":"http:\/\/ticaret.edu.tr\/tekstil-ve-moda-tasarimi\/tasarim-projesi-bitirme-projesi\/","og_site_name":"Tekstil ve Moda Tasar\u0131m\u0131","article_publisher":"https:\/\/www.facebook.com\/ticaretedutr","article_modified_time":"2025-10-21T12:04:02+00:00","og_image":[{"width":1250,"height":833,"url":"http:\/\/ticaret.edu.tr\/tekstil-ve-moda-tasarimi\/wp-content\/uploads\/sites\/26\/2021\/11\/web_logo-01.jpg","type":"image\/jpeg"}],"twitter_card":"summary_large_image","twitter_site":"@ticaretedutr","twitter_misc":{"Tahmini okuma s\u00fcresi":"1 dakika"},"schema":{"@context":"https:\/\/schema.org","@graph":[{"@type":"WebPage","@id":"http:\/\/ticaret.edu.tr\/tekstil-ve-moda-tasarimi\/tasarim-projesi-bitirme-projesi\/","url":"http:\/\/ticaret.edu.tr\/tekstil-ve-moda-tasarimi\/tasarim-projesi-bitirme-projesi\/","name":"Tasar\u0131m Projesi\/Bitirme Projesi - Tekstil ve Moda Tasar\u0131m\u0131","isPartOf":{"@id":"https:\/\/ticaret.edu.tr\/tekstil-ve-moda-tasarimi\/en\/#website"},"datePublished":"2025-01-25T22:12:44+00:00","dateModified":"2025-10-21T12:04:02+00:00","breadcrumb":{"@id":"http:\/\/ticaret.edu.tr\/tekstil-ve-moda-tasarimi\/tasarim-projesi-bitirme-projesi\/#breadcrumb"},"inLanguage":"tr","potentialAction":[{"@type":"ReadAction","target":["http:\/\/ticaret.edu.tr\/tekstil-ve-moda-tasarimi\/tasarim-projesi-bitirme-projesi\/"]}]},{"@type":"BreadcrumbList","@id":"http:\/\/ticaret.edu.tr\/tekstil-ve-moda-tasarimi\/tasarim-projesi-bitirme-projesi\/#breadcrumb","itemListElement":[{"@type":"ListItem","position":1,"name":"Ana sayfa","item":"http:\/\/ticaret.edu.tr\/tekstil-ve-moda-tasarimi\/"},{"@type":"ListItem","position":2,"name":"Tasar\u0131m Projesi\/Bitirme Projesi"}]},{"@type":"WebSite","@id":"https:\/\/ticaret.edu.tr\/tekstil-ve-moda-tasarimi\/en\/#website","url":"https:\/\/ticaret.edu.tr\/tekstil-ve-moda-tasarimi\/en\/","name":"Tekstil ve Moda Tasar\u0131m\u0131","description":"","potentialAction":[{"@type":"SearchAction","target":{"@type":"EntryPoint","urlTemplate":"https:\/\/ticaret.edu.tr\/tekstil-ve-moda-tasarimi\/en\/?s={search_term_string}"},"query-input":"required name=search_term_string"}],"inLanguage":"tr"}]}},"lang":"tr","translations":{"tr":1436,"en":1438},"pll_sync_post":[],"_links":{"self":[{"href":"http:\/\/ticaret.edu.tr\/tekstil-ve-moda-tasarimi\/wp-json\/wp\/v2\/pages\/1436"}],"collection":[{"href":"http:\/\/ticaret.edu.tr\/tekstil-ve-moda-tasarimi\/wp-json\/wp\/v2\/pages"}],"about":[{"href":"http:\/\/ticaret.edu.tr\/tekstil-ve-moda-tasarimi\/wp-json\/wp\/v2\/types\/page"}],"author":[{"embeddable":true,"href":"http:\/\/ticaret.edu.tr\/tekstil-ve-moda-tasarimi\/wp-json\/wp\/v2\/users\/224"}],"replies":[{"embeddable":true,"href":"http:\/\/ticaret.edu.tr\/tekstil-ve-moda-tasarimi\/wp-json\/wp\/v2\/comments?post=1436"}],"version-history":[{"count":2,"href":"http:\/\/ticaret.edu.tr\/tekstil-ve-moda-tasarimi\/wp-json\/wp\/v2\/pages\/1436\/revisions"}],"predecessor-version":[{"id":1951,"href":"http:\/\/ticaret.edu.tr\/tekstil-ve-moda-tasarimi\/wp-json\/wp\/v2\/pages\/1436\/revisions\/1951"}],"wp:attachment":[{"href":"http:\/\/ticaret.edu.tr\/tekstil-ve-moda-tasarimi\/wp-json\/wp\/v2\/media?parent=1436"}],"curies":[{"name":"wp","href":"https:\/\/api.w.org\/{rel}","templated":true}]}}