{"id":1513,"date":"2025-01-26T02:17:05","date_gmt":"2025-01-25T23:17:05","guid":{"rendered":"https:\/\/ticaret.edu.tr\/tekstil-ve-moda-tasarimi\/?page_id=1513"},"modified":"2025-10-21T15:17:20","modified_gmt":"2025-10-21T12:17:20","slug":"yayinlar","status":"publish","type":"page","link":"http:\/\/ticaret.edu.tr\/tekstil-ve-moda-tasarimi\/yayinlar\/","title":{"rendered":"Yay\u0131nlar"},"content":{"rendered":"<p>B\u00f6l\u00fcm \u00f6\u011fretim elemanlar\u0131n\u0131n kat\u0131ld\u0131\u011f\u0131\u00a0<strong>bilimsel etkinlik<\/strong>\u00a0bilgilerine a\u015fa\u011f\u0131daki ba\u011flant\u0131lardan ula\u015fabilirsiniz.<\/p>\n<p>&nbsp;<\/p>\n<table width=\"739\">\n<tbody>\n<tr>\n<td width=\"375\"><strong>\u00d6\u011fretim Eleman\u0131<\/strong><\/td>\n<td width=\"413\"><strong>Bilimsel Etkinlik Bilgileri<\/strong><\/td>\n<\/tr>\n<tr>\n<td width=\"375\">Do\u00e7. Irmak BAYBURTLU \u00c7ET\u0130NSOY<\/td>\n<td width=\"413\"><a href=\"https:\/\/avesis.ticaret.edu.tr\/ibayburtlu\/yayinlar\">https:\/\/avesis.ticaret.edu.tr\/ibayburtlu\/yayinlar<\/a><\/td>\n<\/tr>\n<tr>\n<td width=\"375\">Prof. Dr. Nigar MERDAN<\/td>\n<td width=\"413\"><a href=\"https:\/\/avesis.ticaret.edu.tr\/nmerdan\/yayinlar\">https:\/\/avesis.ticaret.edu.tr\/nmerdan\/yayinlar<\/a><\/td>\n<\/tr>\n<tr>\n<td width=\"375\">Dr. \u00d6\u011fr. \u00dcyesi Sema Hatun T\u00dcRKER<\/td>\n<td width=\"413\"><a href=\"https:\/\/avesis.ticaret.edu.tr\/sgurcay\/yayinlar\">https:\/\/avesis.ticaret.edu.tr\/sgurcay\/yayinlar<\/a><\/td>\n<\/tr>\n<tr>\n<td width=\"375\">\u00d6\u011fr. G\u00f6r. Demet YILDIZ YANIZCA<\/td>\n<td width=\"413\"><a href=\"https:\/\/avesis.ticaret.edu.tr\/dyyanizca\/yayinlar\">https:\/\/avesis.ticaret.edu.tr\/dyyanizca\/yayinlar<\/a><\/td>\n<\/tr>\n<tr>\n<td width=\"375\">\u00d6\u011fr. G\u00f6r. G\u00fclay KAYGUSUZ<\/td>\n<td width=\"413\"><a href=\"https:\/\/avesis.ticaret.edu.tr\/gkaygusuz\/yayinlar\">https:\/\/avesis.ticaret.edu.tr\/gkaygusuz\/yayinlar<\/a><\/td>\n<\/tr>\n<tr>\n<td width=\"375\">Ar\u015f. G\u00f6r. \u015eule Nur ALACATLI<\/td>\n<td width=\"413\"><a href=\"https:\/\/avesis.ticaret.edu.tr\/snalacatli\/yayinlar\">https:\/\/avesis.ticaret.edu.tr\/snalacatli\/yayinlar<\/a><\/td>\n<\/tr>\n<\/tbody>\n<\/table>\n","protected":false},"excerpt":{"rendered":"<p>B\u00f6l\u00fcm \u00f6\u011fretim elemanlar\u0131n\u0131n kat\u0131ld\u0131\u011f\u0131\u00a0bilimsel etkinlik\u00a0bilgilerine a\u015fa\u011f\u0131daki ba\u011flant\u0131lardan ula\u015fabilirsiniz. &nbsp; \u00d6\u011fretim Eleman\u0131 Bilimsel Etkinlik Bilgileri Do\u00e7. Irmak BAYBURTLU \u00c7ET\u0130NSOY https:\/\/avesis.ticaret.edu.tr\/ibayburtlu\/yayinlar Prof. Dr. Nigar MERDAN https:\/\/avesis.ticaret.edu.tr\/nmerdan\/yayinlar Dr. \u00d6\u011fr. \u00dcyesi Sema Hatun T\u00dcRKER https:\/\/avesis.ticaret.edu.tr\/sgurcay\/yayinlar \u00d6\u011fr. G\u00f6r. Demet YILDIZ YANIZCA https:\/\/avesis.ticaret.edu.tr\/dyyanizca\/yayinlar \u00d6\u011fr. G\u00f6r. G\u00fclay KAYGUSUZ https:\/\/avesis.ticaret.edu.tr\/gkaygusuz\/yayinlar Ar\u015f. G\u00f6r. \u015eule Nur ALACATLI https:\/\/avesis.ticaret.edu.tr\/snalacatli\/yayinlar<\/p>\n","protected":false},"author":224,"featured_media":0,"parent":0,"menu_order":0,"comment_status":"closed","ping_status":"closed","template":"genel_sayfa.php","meta":{"footnotes":""},"yoast_head":"<!-- This site is optimized with the Yoast SEO Premium plugin v22.1 (Yoast SEO v22.1) - https:\/\/yoast.com\/wordpress\/plugins\/seo\/ -->\n<title>Yay\u0131nlar - Tekstil ve Moda Tasar\u0131m\u0131<\/title>\n<meta name=\"robots\" content=\"index, follow, max-snippet:-1, max-image-preview:large, max-video-preview:-1\" \/>\n<link rel=\"canonical\" href=\"https:\/\/ticaret.edu.tr\/tekstil-ve-moda-tasarimi\/yayinlar\/\" \/>\n<meta property=\"og:locale\" content=\"tr_TR\" \/>\n<meta property=\"og:type\" content=\"article\" \/>\n<meta property=\"og:title\" content=\"Yay\u0131nlar\" \/>\n<meta property=\"og:description\" content=\"B\u00f6l\u00fcm \u00f6\u011fretim elemanlar\u0131n\u0131n kat\u0131ld\u0131\u011f\u0131\u00a0bilimsel etkinlik\u00a0bilgilerine a\u015fa\u011f\u0131daki ba\u011flant\u0131lardan ula\u015fabilirsiniz. &nbsp; \u00d6\u011fretim Eleman\u0131 Bilimsel Etkinlik Bilgileri Do\u00e7. Irmak BAYBURTLU \u00c7ET\u0130NSOY https:\/\/avesis.ticaret.edu.tr\/ibayburtlu\/yayinlar Prof. Dr. Nigar MERDAN https:\/\/avesis.ticaret.edu.tr\/nmerdan\/yayinlar Dr. \u00d6\u011fr. \u00dcyesi Sema Hatun T\u00dcRKER https:\/\/avesis.ticaret.edu.tr\/sgurcay\/yayinlar \u00d6\u011fr. G\u00f6r. Demet YILDIZ YANIZCA https:\/\/avesis.ticaret.edu.tr\/dyyanizca\/yayinlar \u00d6\u011fr. G\u00f6r. G\u00fclay KAYGUSUZ https:\/\/avesis.ticaret.edu.tr\/gkaygusuz\/yayinlar Ar\u015f. G\u00f6r. \u015eule Nur ALACATLI https:\/\/avesis.ticaret.edu.tr\/snalacatli\/yayinlar\" \/>\n<meta property=\"og:url\" content=\"https:\/\/ticaret.edu.tr\/tekstil-ve-moda-tasarimi\/yayinlar\/\" \/>\n<meta property=\"og:site_name\" content=\"Tekstil ve Moda Tasar\u0131m\u0131\" \/>\n<meta property=\"article:publisher\" content=\"https:\/\/www.facebook.com\/ticaretedutr\" \/>\n<meta property=\"article:modified_time\" content=\"2025-10-21T12:17:20+00:00\" \/>\n<meta property=\"og:image\" content=\"http:\/\/ticaret.edu.tr\/tekstil-ve-moda-tasarimi\/wp-content\/uploads\/sites\/26\/2021\/11\/web_logo-01.jpg\" \/>\n\t<meta property=\"og:image:width\" content=\"1250\" \/>\n\t<meta property=\"og:image:height\" content=\"833\" \/>\n\t<meta property=\"og:image:type\" content=\"image\/jpeg\" \/>\n<meta name=\"twitter:card\" content=\"summary_large_image\" \/>\n<meta name=\"twitter:site\" content=\"@ticaretedutr\" \/>\n<meta name=\"twitter:label1\" content=\"Tahmini okuma s\u00fcresi\" \/>\n\t<meta name=\"twitter:data1\" content=\"1 dakika\" \/>\n<script type=\"application\/ld+json\" class=\"yoast-schema-graph\">{\"@context\":\"https:\/\/schema.org\",\"@graph\":[{\"@type\":\"WebPage\",\"@id\":\"https:\/\/ticaret.edu.tr\/tekstil-ve-moda-tasarimi\/yayinlar\/\",\"url\":\"https:\/\/ticaret.edu.tr\/tekstil-ve-moda-tasarimi\/yayinlar\/\",\"name\":\"Yay\u0131nlar - Tekstil ve Moda Tasar\u0131m\u0131\",\"isPartOf\":{\"@id\":\"https:\/\/ticaret.edu.tr\/tekstil-ve-moda-tasarimi\/en\/#website\"},\"datePublished\":\"2025-01-25T23:17:05+00:00\",\"dateModified\":\"2025-10-21T12:17:20+00:00\",\"breadcrumb\":{\"@id\":\"https:\/\/ticaret.edu.tr\/tekstil-ve-moda-tasarimi\/yayinlar\/#breadcrumb\"},\"inLanguage\":\"tr\",\"potentialAction\":[{\"@type\":\"ReadAction\",\"target\":[\"https:\/\/ticaret.edu.tr\/tekstil-ve-moda-tasarimi\/yayinlar\/\"]}]},{\"@type\":\"BreadcrumbList\",\"@id\":\"https:\/\/ticaret.edu.tr\/tekstil-ve-moda-tasarimi\/yayinlar\/#breadcrumb\",\"itemListElement\":[{\"@type\":\"ListItem\",\"position\":1,\"name\":\"Ana sayfa\",\"item\":\"http:\/\/ticaret.edu.tr\/tekstil-ve-moda-tasarimi\/\"},{\"@type\":\"ListItem\",\"position\":2,\"name\":\"Yay\u0131nlar\"}]},{\"@type\":\"WebSite\",\"@id\":\"https:\/\/ticaret.edu.tr\/tekstil-ve-moda-tasarimi\/en\/#website\",\"url\":\"https:\/\/ticaret.edu.tr\/tekstil-ve-moda-tasarimi\/en\/\",\"name\":\"Tekstil ve Moda Tasar\u0131m\u0131\",\"description\":\"\",\"potentialAction\":[{\"@type\":\"SearchAction\",\"target\":{\"@type\":\"EntryPoint\",\"urlTemplate\":\"https:\/\/ticaret.edu.tr\/tekstil-ve-moda-tasarimi\/en\/?s={search_term_string}\"},\"query-input\":\"required name=search_term_string\"}],\"inLanguage\":\"tr\"}]}<\/script>\n<!-- \/ Yoast SEO Premium plugin. -->","yoast_head_json":{"title":"Yay\u0131nlar - Tekstil ve Moda Tasar\u0131m\u0131","robots":{"index":"index","follow":"follow","max-snippet":"max-snippet:-1","max-image-preview":"max-image-preview:large","max-video-preview":"max-video-preview:-1"},"canonical":"https:\/\/ticaret.edu.tr\/tekstil-ve-moda-tasarimi\/yayinlar\/","og_locale":"tr_TR","og_type":"article","og_title":"Yay\u0131nlar","og_description":"B\u00f6l\u00fcm \u00f6\u011fretim elemanlar\u0131n\u0131n kat\u0131ld\u0131\u011f\u0131\u00a0bilimsel etkinlik\u00a0bilgilerine a\u015fa\u011f\u0131daki ba\u011flant\u0131lardan ula\u015fabilirsiniz. &nbsp; \u00d6\u011fretim Eleman\u0131 Bilimsel Etkinlik Bilgileri Do\u00e7. Irmak BAYBURTLU \u00c7ET\u0130NSOY https:\/\/avesis.ticaret.edu.tr\/ibayburtlu\/yayinlar Prof. Dr. Nigar MERDAN https:\/\/avesis.ticaret.edu.tr\/nmerdan\/yayinlar Dr. \u00d6\u011fr. \u00dcyesi Sema Hatun T\u00dcRKER https:\/\/avesis.ticaret.edu.tr\/sgurcay\/yayinlar \u00d6\u011fr. G\u00f6r. Demet YILDIZ YANIZCA https:\/\/avesis.ticaret.edu.tr\/dyyanizca\/yayinlar \u00d6\u011fr. G\u00f6r. G\u00fclay KAYGUSUZ https:\/\/avesis.ticaret.edu.tr\/gkaygusuz\/yayinlar Ar\u015f. G\u00f6r. \u015eule Nur ALACATLI https:\/\/avesis.ticaret.edu.tr\/snalacatli\/yayinlar","og_url":"https:\/\/ticaret.edu.tr\/tekstil-ve-moda-tasarimi\/yayinlar\/","og_site_name":"Tekstil ve Moda Tasar\u0131m\u0131","article_publisher":"https:\/\/www.facebook.com\/ticaretedutr","article_modified_time":"2025-10-21T12:17:20+00:00","og_image":[{"width":1250,"height":833,"url":"http:\/\/ticaret.edu.tr\/tekstil-ve-moda-tasarimi\/wp-content\/uploads\/sites\/26\/2021\/11\/web_logo-01.jpg","type":"image\/jpeg"}],"twitter_card":"summary_large_image","twitter_site":"@ticaretedutr","twitter_misc":{"Tahmini okuma s\u00fcresi":"1 dakika"},"schema":{"@context":"https:\/\/schema.org","@graph":[{"@type":"WebPage","@id":"https:\/\/ticaret.edu.tr\/tekstil-ve-moda-tasarimi\/yayinlar\/","url":"https:\/\/ticaret.edu.tr\/tekstil-ve-moda-tasarimi\/yayinlar\/","name":"Yay\u0131nlar - Tekstil ve Moda Tasar\u0131m\u0131","isPartOf":{"@id":"https:\/\/ticaret.edu.tr\/tekstil-ve-moda-tasarimi\/en\/#website"},"datePublished":"2025-01-25T23:17:05+00:00","dateModified":"2025-10-21T12:17:20+00:00","breadcrumb":{"@id":"https:\/\/ticaret.edu.tr\/tekstil-ve-moda-tasarimi\/yayinlar\/#breadcrumb"},"inLanguage":"tr","potentialAction":[{"@type":"ReadAction","target":["https:\/\/ticaret.edu.tr\/tekstil-ve-moda-tasarimi\/yayinlar\/"]}]},{"@type":"BreadcrumbList","@id":"https:\/\/ticaret.edu.tr\/tekstil-ve-moda-tasarimi\/yayinlar\/#breadcrumb","itemListElement":[{"@type":"ListItem","position":1,"name":"Ana sayfa","item":"http:\/\/ticaret.edu.tr\/tekstil-ve-moda-tasarimi\/"},{"@type":"ListItem","position":2,"name":"Yay\u0131nlar"}]},{"@type":"WebSite","@id":"https:\/\/ticaret.edu.tr\/tekstil-ve-moda-tasarimi\/en\/#website","url":"https:\/\/ticaret.edu.tr\/tekstil-ve-moda-tasarimi\/en\/","name":"Tekstil ve Moda Tasar\u0131m\u0131","description":"","potentialAction":[{"@type":"SearchAction","target":{"@type":"EntryPoint","urlTemplate":"https:\/\/ticaret.edu.tr\/tekstil-ve-moda-tasarimi\/en\/?s={search_term_string}"},"query-input":"required name=search_term_string"}],"inLanguage":"tr"}]}},"lang":"tr","translations":{"tr":1513,"en":1515},"pll_sync_post":[],"_links":{"self":[{"href":"http:\/\/ticaret.edu.tr\/tekstil-ve-moda-tasarimi\/wp-json\/wp\/v2\/pages\/1513"}],"collection":[{"href":"http:\/\/ticaret.edu.tr\/tekstil-ve-moda-tasarimi\/wp-json\/wp\/v2\/pages"}],"about":[{"href":"http:\/\/ticaret.edu.tr\/tekstil-ve-moda-tasarimi\/wp-json\/wp\/v2\/types\/page"}],"author":[{"embeddable":true,"href":"http:\/\/ticaret.edu.tr\/tekstil-ve-moda-tasarimi\/wp-json\/wp\/v2\/users\/224"}],"replies":[{"embeddable":true,"href":"http:\/\/ticaret.edu.tr\/tekstil-ve-moda-tasarimi\/wp-json\/wp\/v2\/comments?post=1513"}],"version-history":[{"count":3,"href":"http:\/\/ticaret.edu.tr\/tekstil-ve-moda-tasarimi\/wp-json\/wp\/v2\/pages\/1513\/revisions"}],"predecessor-version":[{"id":1956,"href":"http:\/\/ticaret.edu.tr\/tekstil-ve-moda-tasarimi\/wp-json\/wp\/v2\/pages\/1513\/revisions\/1956"}],"wp:attachment":[{"href":"http:\/\/ticaret.edu.tr\/tekstil-ve-moda-tasarimi\/wp-json\/wp\/v2\/media?parent=1513"}],"curies":[{"name":"wp","href":"https:\/\/api.w.org\/{rel}","templated":true}]}}