{"id":207,"date":"2020-05-11T22:31:04","date_gmt":"2020-05-11T19:31:04","guid":{"rendered":"http:\/\/ticaret.edu.tr\/finans\/?page_id=207"},"modified":"2026-02-10T18:47:20","modified_gmt":"2026-02-10T15:47:20","slug":"sermaye-piyasasi-tezli-tezsiz-yuksek-lisans-programi","status":"publish","type":"page","link":"http:\/\/ticaret.edu.tr\/ticaret-ve-finans-enstitusu\/sermaye-piyasasi-tezli-tezsiz-yuksek-lisans-programi\/","title":{"rendered":"Sermaye Piyasas\u0131 Tezli ve Tezsiz Y\u00fcksek Lisans Program\u0131"},"content":{"rendered":"<table style=\"width: 100%;max-width: 1100px;margin: 0 auto;background-color: #ffffff;padding: 0;border-radius: 12px;border-collapse: collapse\" border=\"0\" cellspacing=\"0\" cellpadding=\"0\">\n<tbody>\n<tr><!-- SOL: KART --><\/p>\n<td style=\"width: 270px;vertical-align: top;text-align: center;padding-right: 20px;border: none\">\n<div style=\"background-color: #f9f9f9;border: 1px solid #ddd;border-left: 6px solid #ffc107;border-radius: 12px;padding: 15px\">\n<p><img loading=\"lazy\" decoding=\"async\" class=\"alignnone size-medium wp-image-2708\" style=\"border-radius: 12px\" src=\"http:\/\/ticaret.edu.tr\/ticaret-ve-finans-enstitusu\/wp-content\/uploads\/sites\/36\/2025\/07\/aliosmangurbuz-263x300.jpg\" alt=\"\" width=\"263\" height=\"300\" srcset=\"http:\/\/ticaret.edu.tr\/ticaret-ve-finans-enstitusu\/wp-content\/uploads\/sites\/36\/2025\/07\/aliosmangurbuz-263x300.jpg 263w, http:\/\/ticaret.edu.tr\/ticaret-ve-finans-enstitusu\/wp-content\/uploads\/sites\/36\/2025\/07\/aliosmangurbuz.jpg 724w\" sizes=\"(max-width: 263px) 100vw, 263px\" \/><\/p>\n<p style=\"font-size: 14px;font-weight: bold;margin-bottom: 5px\">Prof. Dr.<br \/>\nAli Osman G\u00dcRB\u00dcZ<\/p>\n<p><strong><a style=\"font-size: 13px;color: #f5a100\" href=\"mailto:ogurbuz@ticaret.edu.tr\">ogurbuz@ticaret.edu.tr<\/a><\/strong><\/p>\n<p>&nbsp;<\/p>\n<h5 style=\"margin-top: 12px\"><a style=\"margin: 5px 0;background-color: #ffc107;color: black;padding: 8px;border-radius: 6px;text-decoration: none\" href=\"https:\/\/istanbulticaretuniversitesi.edupage.org\/timetable\/view.php?num=87&amp;class=*59\">Ders Program\u0131<\/a><\/h5>\n<p>&nbsp;<\/p>\n<h5><\/h5>\n<h5><\/h5>\n<h5><\/h5>\n<h5><\/h5>\n<h5><\/h5>\n<h5><\/h5>\n<h5><\/h5>\n<h5 style=\"margin-top: 12px\"><a style=\"margin: 5px 0;background-color: #ffc107;color: black;padding: 8px;border-radius: 6px;text-decoration: none\" href=\"http:\/\/ticaret.edu.tr\/ticaret-ve-finans-enstitusu\/wp-content\/uploads\/sites\/36\/2025\/09\/Sermaye-Piyasasi-Yuksek-Lisans-Tezli-Tezsiz-Programi-2025-2026-Mufredat-1.pdf\">M\u00fcfredat<\/a><\/h5>\n<p>&nbsp;<\/p>\n<h5><\/h5>\n<h5><\/h5>\n<h5><\/h5>\n<h5><\/h5>\n<h5 style=\"margin-top: 12px\"><a style=\"margin: 5px 0;background-color: #ffc107;color: black;padding: 8px;border-radius: 6px;text-decoration: none\" href=\"https:\/\/obs.ticaret.edu.tr\/oibs\/bologna\/index.aspx?lang=tr&amp;curOp=showPac&amp;curUnit=FIE&amp;curSunit=549\">Bologna Bilgi Paketi<\/a><\/h5>\n<p>&nbsp;<\/p>\n<h5><\/h5>\n<h5><\/h5>\n<h5><\/h5>\n<h5><\/h5>\n<h5 style=\"margin-top: 12px\"><a style=\"margin: 5px 0;background-color: #ffc107;color: black;padding: 8px;border-radius: 6px;text-decoration: none\" href=\"https:\/\/lisansustuaday.ticaret.edu.tr\/burslar-ucretler\/\">Burslar ve \u00dccretler<\/a><\/h5>\n<p>&nbsp;<\/p>\n<h5><\/h5>\n<h5><\/h5>\n<h5><\/h5>\n<h5><\/h5>\n<h5 style=\"margin-top: 12px\"><a style=\"margin: 5px 0;background-color: #ffc107;color: black;padding: 8px;border-radius: 6px;text-decoration: none\" href=\"https:\/\/ticaret.edu.tr\/ticaret-ve-finans-enstitusu\/hemen-basvur\/kontenjanlar\/\">Kontenjanlar<\/a><\/h5>\n<div><\/div>\n<\/div>\n<\/td>\n<p><!-- SA\u011e: MET\u0130N --><\/p>\n<td style=\"vertical-align: top;font-family: Arial, sans-serif;font-size: 14px;line-height: 1.6;color: #333\">T\u00fcrkiye\u2019nin ilk Ticaret ve Finans Enstit\u00fcs\u00fc, \u0130stanbul\u2019un k\u00fcresel \u00f6l\u00e7ekte finans merkezi olma hedefleri ile uyumlu olarak \u00e7al\u0131\u015fma alan\u0131n\u0131, \u00f6zel ve kamu kesimi odakl\u0131 finans teorisi, y\u00f6netimi ve politikas\u0131, finansal ekonomi ile uygulamal\u0131 finans\u0131 dikkate alarak b\u00fct\u00fcnle\u015fik bir perspektifle yap\u0131land\u0131r\u0131lm\u0131\u015ft\u0131r.<\/p>\n<p><strong>Misyon:<\/strong> Sermaye piyasalar\u0131nda ulusal ve uluslararas\u0131 \u00f6l\u00e7ekte geli\u015fen ihtiya\u00e7lara cevap verebilecek, etik de\u011ferlere ba\u011fl\u0131, sorumluluk sahibi, analitik d\u00fc\u015f\u00fcnebilen ve \u00e7a\u011f\u0131n teknolojik gereksinimlerine uyum sa\u011flayan mezunlar yeti\u015ftirmek. \u00d6\u011frencilere teorik bilgi birikimi ile uygulama becerisi kazand\u0131rmak, ara\u015ft\u0131rma k\u00fclt\u00fcr\u00fcn\u00fc te\u015fvik etmek ve sermaye piyasalar\u0131nda g\u00fc\u00e7l\u00fc i\u015f birlikleri kurarak e\u011fitim-\u00f6\u011fretim faaliyetlerini s\u00fcrekli geli\u015ftirmek<\/p>\n<p><strong>Vizyon:<\/strong> E\u011fitim kalitesi, akademik birikimi, teknolojik yeniliklere a\u00e7\u0131kl\u0131\u011f\u0131 ve sermaye piyasalar\u0131nda kurdu\u011fu g\u00fc\u00e7l\u00fc i\u015f birlikleriyle finansal piyasalarda ulusal ve uluslararas\u0131 d\u00fczeyde tan\u0131nan, \u00f6nc\u00fc ve tercih edilen bir program olmak.<br \/>\nMezunlar\u0131n dinamik sermaye piyasalar\u0131nda fark yaratan profesyoneller olarak yer almalar\u0131n\u0131 sa\u011flayarak finansal piyasalarda y\u00f6n veren akademik bir merkez olmak.<\/p>\n<p><strong>Temel De\u011ferler:<\/strong><br \/>\nAkademik M\u00fckemmeliyet<br \/>\nEtik ve Sorumluluk<br \/>\nS\u00fcrekli Geli\u015fim<br \/>\nYenilik\u00e7ilik<br \/>\nTeknoloji Odakl\u0131l\u0131k<br \/>\nSekt\u00f6rle \u0130\u015f Birli\u011fi<br \/>\n\u00c7evresel ve Sosyal Duyarl\u0131l\u0131k<br \/>\nGiri\u015fimcilik ve Liderlik<\/p>\n<p>Bir di\u011fer \u00f6nemli husus ise program b\u00fcnyesinde yer alan derslerdir. Dersler hem akademik y\u00f6n\u00fc hem de konunun uzman\u0131 piyasa profesyonelleri ve SPK uzmanlar\u0131 taraf\u0131ndan verilmektedir. Bu \u015feklide \u00f6\u011frencilere akademik bilgi ve piyasa tecr\u00fcbelerinin ideal bir kar\u0131\u015f\u0131m\u0131n\u0131n sunulmas\u0131 hedeflenmektedir. Program finans piyasa profesyonellerinin yo\u011fun i\u015f tempolar\u0131n\u0131n ihtiya\u00e7lar\u0131na ve beklentilerine uygun tasarlanm\u0131\u015ft\u0131r. Ders saatleri hafta i\u00e7i ak\u015fam ve hafta sonu olacak \u015fekilde kurgulanm\u0131\u015ft\u0131r.<\/p>\n<ul>\n<li style=\"list-style-type: none\">\n<ul>\n<li><strong><a href=\"http:\/\/ticaret.edu.tr\/finans-enstitusu\/wp-content\/uploads\/sites\/36\/2021\/11\/SP-tezsiz-kontenjan.pdf\">Tezsiz Program Ba\u015fvuru Ko\u015fullar\u0131<\/a><\/strong><\/li>\n<li><strong><a href=\"https:\/\/ticaret.edu.tr\/finans-enstitusu\/wp-content\/uploads\/sites\/36\/2025\/06\/Ulusl.-Fin-Kont-1.pdf\">Tezli Program Ba\u015fvuru Ko\u015fullar\u0131<\/a><\/strong><\/li>\n<li><strong><a href=\"http:\/\/ticaret.edu.tr\/finans-enstitusu\/wp-content\/uploads\/sites\/36\/2022\/06\/Sermaye-Piyasasi-YL.pdf\">2022-2023 M\u00fcfredat\u0131<\/a><\/strong><\/li>\n<li><strong><a href=\"http:\/\/ticaret.edu.tr\/finans-enstitusu\/wp-content\/uploads\/sites\/36\/2023\/10\/sp-yl-2023-2024-Guz-Mufredat-.pdf\">Yeni M\u00fcfredat (2023 G\u00fcz D\u00f6nemi \u0130tibariyle Ba\u015flayan \u00d6\u011frenciler i\u00e7in)<\/a><\/strong><\/li>\n<li><strong><a href=\"http:\/\/ticaret.edu.tr\/finans-enstitusu\/wp-content\/uploads\/sites\/36\/2024\/09\/Sermaye-Piyasasi-Tezsiz-Yuksek-Lisans-Programi.pdf\">2024-2025 M\u00fcfredat<\/a><\/strong><\/li>\n<li><strong><a href=\"http:\/\/ticaret.edu.tr\/ticaret-ve-finans-enstitusu\/wp-content\/uploads\/sites\/36\/2025\/09\/Sermaye-Piyasasi-Yuksek-Lisans-Tezli-Tezsiz-Programi-2025-2026-Mufredat-1.pdf\">2025-2026 M\u00fcfredat<\/a><\/strong><\/li>\n<li><strong><a href=\"http:\/\/tubis.ticaret.edu.tr\/_Bologna\/Bolum\/DersListe.aspx\">Ders Tan\u0131t\u0131m Formu (Syllabus)<\/a><\/strong><\/li>\n<\/ul>\n<\/li>\n<\/ul>\n<p><strong>\u0130leti\u015fim:<\/strong><br \/>\n<em>Ticaret ve Finans Enstit\u00fcs\u00fc \u00d6\u011frenci \u0130\u015fleri<\/em><br \/>\n<strong>Program Sorumlusu:<\/strong> Mihriban \u015eenol<br \/>\n<a href=\"mailto:tfe@ticaret.edu.tr\">tfe@ticaret.edu.tr<\/a> \u2013 444 0 413 \/ Dahili: 4762<\/td>\n<\/tr>\n<\/tbody>\n<\/table>\n","protected":false},"excerpt":{"rendered":"<p>Prof. Dr. Ali Osman G\u00dcRB\u00dcZ ogurbuz@ticaret.edu.tr &nbsp; Ders Program\u0131 &nbsp; M\u00fcfredat &nbsp; Bologna Bilgi Paketi &nbsp; Burslar ve \u00dccretler &nbsp; Kontenjanlar T\u00fcrkiye\u2019nin ilk Ticaret ve Finans Enstit\u00fcs\u00fc, \u0130stanbul\u2019un k\u00fcresel \u00f6l\u00e7ekte finans merkezi olma hedefleri ile uyumlu olarak \u00e7al\u0131\u015fma alan\u0131n\u0131, \u00f6zel ve kamu kesimi odakl\u0131 finans teorisi, y\u00f6netimi ve politikas\u0131, finansal ekonomi ile uygulamal\u0131 finans\u0131 dikkate [&hellip;]<\/p>\n","protected":false},"author":92,"featured_media":0,"parent":0,"menu_order":0,"comment_status":"closed","ping_status":"closed","template":"genel_sayfa.php","meta":{"footnotes":""},"yoast_head":"<!-- This site is optimized with the Yoast SEO Premium plugin v22.1 (Yoast SEO v22.1) - https:\/\/yoast.com\/wordpress\/plugins\/seo\/ -->\n<title>Sermaye Piyasas\u0131 Tezli ve Tezsiz Y\u00fcksek Lisans Program\u0131 - Ticaret ve Finans Enstit\u00fcs\u00fc<\/title>\n<meta name=\"description\" content=\"T\u00fcrkiye\u2019nin ilk ve tek Finans Enstit\u00fcs\u00fc b\u00fcnyesinde a\u00e7\u0131lan Sermaye Piyasas\u0131\u00a0 Tezsiz Y\u00fcksek Lisans Program\u0131 ile piyasa profesyonellerinin bug\u00fcn\u00fcn sermaye piyasalar\u0131nda ba\u015far\u0131 elde etmeleri i\u00e7in gerekli olan \u00fcst d\u00fczey bilgi ve analitik beceri ile donat\u0131lmas\u0131 hedeflenmektedir.\" \/>\n<meta name=\"robots\" content=\"index, follow, max-snippet:-1, max-image-preview:large, max-video-preview:-1\" \/>\n<link rel=\"canonical\" href=\"https:\/\/ticaret.edu.tr\/ticaret-ve-finans-enstitusu\/sermaye-piyasasi-tezli-tezsiz-yuksek-lisans-programi\/\" \/>\n<meta property=\"og:locale\" content=\"tr_TR\" \/>\n<meta property=\"og:type\" content=\"article\" \/>\n<meta property=\"og:title\" content=\"Sermaye Piyasas\u0131 Tezli ve Tezsiz Y\u00fcksek Lisans Program\u0131\" \/>\n<meta property=\"og:description\" content=\"T\u00fcrkiye\u2019nin ilk ve tek Finans Enstit\u00fcs\u00fc b\u00fcnyesinde a\u00e7\u0131lan Sermaye Piyasas\u0131\u00a0 Tezsiz Y\u00fcksek Lisans Program\u0131 ile piyasa profesyonellerinin bug\u00fcn\u00fcn sermaye piyasalar\u0131nda ba\u015far\u0131 elde etmeleri i\u00e7in gerekli olan \u00fcst d\u00fczey bilgi ve analitik beceri ile donat\u0131lmas\u0131 hedeflenmektedir.\" \/>\n<meta property=\"og:url\" content=\"https:\/\/ticaret.edu.tr\/ticaret-ve-finans-enstitusu\/sermaye-piyasasi-tezli-tezsiz-yuksek-lisans-programi\/\" \/>\n<meta property=\"og:site_name\" content=\"Ticaret ve Finans Enstit\u00fcs\u00fc\" \/>\n<meta property=\"article:publisher\" content=\"https:\/\/www.facebook.com\/ticaretedutr\" \/>\n<meta property=\"article:modified_time\" content=\"2026-02-10T15:47:20+00:00\" \/>\n<meta property=\"og:image\" content=\"http:\/\/ticaret.edu.tr\/ticaret-ve-finans-enstitusu\/wp-content\/uploads\/sites\/36\/2025\/07\/aliosmangurbuz-263x300.jpg\" \/>\n<meta name=\"twitter:card\" content=\"summary_large_image\" \/>\n<meta name=\"twitter:site\" content=\"@ticaretedutr\" \/>\n<meta name=\"twitter:label1\" content=\"Tahmini okuma s\u00fcresi\" \/>\n\t<meta name=\"twitter:data1\" content=\"2 dakika\" \/>\n<script type=\"application\/ld+json\" class=\"yoast-schema-graph\">{\"@context\":\"https:\/\/schema.org\",\"@graph\":[{\"@type\":\"WebPage\",\"@id\":\"https:\/\/ticaret.edu.tr\/ticaret-ve-finans-enstitusu\/sermaye-piyasasi-tezli-tezsiz-yuksek-lisans-programi\/\",\"url\":\"https:\/\/ticaret.edu.tr\/ticaret-ve-finans-enstitusu\/sermaye-piyasasi-tezli-tezsiz-yuksek-lisans-programi\/\",\"name\":\"Sermaye Piyasas\u0131 Tezli ve Tezsiz Y\u00fcksek Lisans Program\u0131 - Ticaret ve Finans Enstit\u00fcs\u00fc\",\"isPartOf\":{\"@id\":\"http:\/\/ticaret.edu.tr\/ticaret-ve-finans-enstitusu\/en\/#website\"},\"datePublished\":\"2020-05-11T19:31:04+00:00\",\"dateModified\":\"2026-02-10T15:47:20+00:00\",\"description\":\"T\u00fcrkiye\u2019nin ilk ve tek Finans Enstit\u00fcs\u00fc b\u00fcnyesinde a\u00e7\u0131lan Sermaye Piyasas\u0131\u00a0 Tezsiz Y\u00fcksek Lisans Program\u0131 ile piyasa profesyonellerinin bug\u00fcn\u00fcn sermaye piyasalar\u0131nda ba\u015far\u0131 elde etmeleri i\u00e7in gerekli olan \u00fcst d\u00fczey bilgi ve analitik beceri ile donat\u0131lmas\u0131 hedeflenmektedir.\",\"breadcrumb\":{\"@id\":\"https:\/\/ticaret.edu.tr\/ticaret-ve-finans-enstitusu\/sermaye-piyasasi-tezli-tezsiz-yuksek-lisans-programi\/#breadcrumb\"},\"inLanguage\":\"tr\",\"potentialAction\":[{\"@type\":\"ReadAction\",\"target\":[\"https:\/\/ticaret.edu.tr\/ticaret-ve-finans-enstitusu\/sermaye-piyasasi-tezli-tezsiz-yuksek-lisans-programi\/\"]}]},{\"@type\":\"BreadcrumbList\",\"@id\":\"https:\/\/ticaret.edu.tr\/ticaret-ve-finans-enstitusu\/sermaye-piyasasi-tezli-tezsiz-yuksek-lisans-programi\/#breadcrumb\",\"itemListElement\":[{\"@type\":\"ListItem\",\"position\":1,\"name\":\"Ana sayfa\",\"item\":\"https:\/\/ticaret.edu.tr\/ticaret-ve-finans-enstitusu\/\"},{\"@type\":\"ListItem\",\"position\":2,\"name\":\"Sermaye Piyasas\u0131 Tezli ve Tezsiz Y\u00fcksek Lisans Program\u0131\"}]},{\"@type\":\"WebSite\",\"@id\":\"http:\/\/ticaret.edu.tr\/ticaret-ve-finans-enstitusu\/en\/#website\",\"url\":\"http:\/\/ticaret.edu.tr\/ticaret-ve-finans-enstitusu\/en\/\",\"name\":\"Ticaret ve Finans Enstit\u00fcs\u00fc\",\"description\":\"\",\"potentialAction\":[{\"@type\":\"SearchAction\",\"target\":{\"@type\":\"EntryPoint\",\"urlTemplate\":\"http:\/\/ticaret.edu.tr\/ticaret-ve-finans-enstitusu\/en\/?s={search_term_string}\"},\"query-input\":\"required name=search_term_string\"}],\"inLanguage\":\"tr\"}]}<\/script>\n<!-- \/ Yoast SEO Premium plugin. -->","yoast_head_json":{"title":"Sermaye Piyasas\u0131 Tezli ve Tezsiz Y\u00fcksek Lisans Program\u0131 - Ticaret ve Finans Enstit\u00fcs\u00fc","description":"T\u00fcrkiye\u2019nin ilk ve tek Finans Enstit\u00fcs\u00fc b\u00fcnyesinde a\u00e7\u0131lan Sermaye Piyasas\u0131\u00a0 Tezsiz Y\u00fcksek Lisans Program\u0131 ile piyasa profesyonellerinin bug\u00fcn\u00fcn sermaye piyasalar\u0131nda ba\u015far\u0131 elde etmeleri i\u00e7in gerekli olan \u00fcst d\u00fczey bilgi ve analitik beceri ile donat\u0131lmas\u0131 hedeflenmektedir.","robots":{"index":"index","follow":"follow","max-snippet":"max-snippet:-1","max-image-preview":"max-image-preview:large","max-video-preview":"max-video-preview:-1"},"canonical":"https:\/\/ticaret.edu.tr\/ticaret-ve-finans-enstitusu\/sermaye-piyasasi-tezli-tezsiz-yuksek-lisans-programi\/","og_locale":"tr_TR","og_type":"article","og_title":"Sermaye Piyasas\u0131 Tezli ve Tezsiz Y\u00fcksek Lisans Program\u0131","og_description":"T\u00fcrkiye\u2019nin ilk ve tek Finans Enstit\u00fcs\u00fc b\u00fcnyesinde a\u00e7\u0131lan Sermaye Piyasas\u0131\u00a0 Tezsiz Y\u00fcksek Lisans Program\u0131 ile piyasa profesyonellerinin bug\u00fcn\u00fcn sermaye piyasalar\u0131nda ba\u015far\u0131 elde etmeleri i\u00e7in gerekli olan \u00fcst d\u00fczey bilgi ve analitik beceri ile donat\u0131lmas\u0131 hedeflenmektedir.","og_url":"https:\/\/ticaret.edu.tr\/ticaret-ve-finans-enstitusu\/sermaye-piyasasi-tezli-tezsiz-yuksek-lisans-programi\/","og_site_name":"Ticaret ve Finans Enstit\u00fcs\u00fc","article_publisher":"https:\/\/www.facebook.com\/ticaretedutr","article_modified_time":"2026-02-10T15:47:20+00:00","og_image":[{"url":"http:\/\/ticaret.edu.tr\/ticaret-ve-finans-enstitusu\/wp-content\/uploads\/sites\/36\/2025\/07\/aliosmangurbuz-263x300.jpg"}],"twitter_card":"summary_large_image","twitter_site":"@ticaretedutr","twitter_misc":{"Tahmini okuma s\u00fcresi":"2 dakika"},"schema":{"@context":"https:\/\/schema.org","@graph":[{"@type":"WebPage","@id":"https:\/\/ticaret.edu.tr\/ticaret-ve-finans-enstitusu\/sermaye-piyasasi-tezli-tezsiz-yuksek-lisans-programi\/","url":"https:\/\/ticaret.edu.tr\/ticaret-ve-finans-enstitusu\/sermaye-piyasasi-tezli-tezsiz-yuksek-lisans-programi\/","name":"Sermaye Piyasas\u0131 Tezli ve Tezsiz Y\u00fcksek Lisans Program\u0131 - Ticaret ve Finans Enstit\u00fcs\u00fc","isPartOf":{"@id":"http:\/\/ticaret.edu.tr\/ticaret-ve-finans-enstitusu\/en\/#website"},"datePublished":"2020-05-11T19:31:04+00:00","dateModified":"2026-02-10T15:47:20+00:00","description":"T\u00fcrkiye\u2019nin ilk ve tek Finans Enstit\u00fcs\u00fc b\u00fcnyesinde a\u00e7\u0131lan Sermaye Piyasas\u0131\u00a0 Tezsiz Y\u00fcksek Lisans Program\u0131 ile piyasa profesyonellerinin bug\u00fcn\u00fcn sermaye piyasalar\u0131nda ba\u015far\u0131 elde etmeleri i\u00e7in gerekli olan \u00fcst d\u00fczey bilgi ve analitik beceri ile donat\u0131lmas\u0131 hedeflenmektedir.","breadcrumb":{"@id":"https:\/\/ticaret.edu.tr\/ticaret-ve-finans-enstitusu\/sermaye-piyasasi-tezli-tezsiz-yuksek-lisans-programi\/#breadcrumb"},"inLanguage":"tr","potentialAction":[{"@type":"ReadAction","target":["https:\/\/ticaret.edu.tr\/ticaret-ve-finans-enstitusu\/sermaye-piyasasi-tezli-tezsiz-yuksek-lisans-programi\/"]}]},{"@type":"BreadcrumbList","@id":"https:\/\/ticaret.edu.tr\/ticaret-ve-finans-enstitusu\/sermaye-piyasasi-tezli-tezsiz-yuksek-lisans-programi\/#breadcrumb","itemListElement":[{"@type":"ListItem","position":1,"name":"Ana sayfa","item":"https:\/\/ticaret.edu.tr\/ticaret-ve-finans-enstitusu\/"},{"@type":"ListItem","position":2,"name":"Sermaye Piyasas\u0131 Tezli ve Tezsiz Y\u00fcksek Lisans Program\u0131"}]},{"@type":"WebSite","@id":"http:\/\/ticaret.edu.tr\/ticaret-ve-finans-enstitusu\/en\/#website","url":"http:\/\/ticaret.edu.tr\/ticaret-ve-finans-enstitusu\/en\/","name":"Ticaret ve Finans Enstit\u00fcs\u00fc","description":"","potentialAction":[{"@type":"SearchAction","target":{"@type":"EntryPoint","urlTemplate":"http:\/\/ticaret.edu.tr\/ticaret-ve-finans-enstitusu\/en\/?s={search_term_string}"},"query-input":"required name=search_term_string"}],"inLanguage":"tr"}]}},"lang":"tr","translations":{"en":1309,"tr":207},"pll_sync_post":[],"_links":{"self":[{"href":"http:\/\/ticaret.edu.tr\/ticaret-ve-finans-enstitusu\/wp-json\/wp\/v2\/pages\/207"}],"collection":[{"href":"http:\/\/ticaret.edu.tr\/ticaret-ve-finans-enstitusu\/wp-json\/wp\/v2\/pages"}],"about":[{"href":"http:\/\/ticaret.edu.tr\/ticaret-ve-finans-enstitusu\/wp-json\/wp\/v2\/types\/page"}],"author":[{"embeddable":true,"href":"http:\/\/ticaret.edu.tr\/ticaret-ve-finans-enstitusu\/wp-json\/wp\/v2\/users\/92"}],"replies":[{"embeddable":true,"href":"http:\/\/ticaret.edu.tr\/ticaret-ve-finans-enstitusu\/wp-json\/wp\/v2\/comments?post=207"}],"version-history":[{"count":54,"href":"http:\/\/ticaret.edu.tr\/ticaret-ve-finans-enstitusu\/wp-json\/wp\/v2\/pages\/207\/revisions"}],"predecessor-version":[{"id":3310,"href":"http:\/\/ticaret.edu.tr\/ticaret-ve-finans-enstitusu\/wp-json\/wp\/v2\/pages\/207\/revisions\/3310"}],"wp:attachment":[{"href":"http:\/\/ticaret.edu.tr\/ticaret-ve-finans-enstitusu\/wp-json\/wp\/v2\/media?parent=207"}],"curies":[{"name":"wp","href":"https:\/\/api.w.org\/{rel}","templated":true}]}}