{"id":211,"date":"2020-05-11T22:31:46","date_gmt":"2020-05-11T19:31:46","guid":{"rendered":"http:\/\/ticaret.edu.tr\/finans\/?page_id=211"},"modified":"2026-02-14T15:43:28","modified_gmt":"2026-02-14T12:43:28","slug":"bankacilik-tezsiz-yuksek-lisans-programi","status":"publish","type":"page","link":"http:\/\/ticaret.edu.tr\/ticaret-ve-finans-enstitusu\/yuksek-lisans\/bankacilik-tezsiz-yuksek-lisans-programi\/","title":{"rendered":"Bankac\u0131l\u0131k Tezsiz Y\u00fcksek Lisans Program\u0131"},"content":{"rendered":"<table style=\"width: 100%;max-width: 1100px;margin: 0 auto;background-color: #ffffff;padding: 0;border-radius: 12px;border-collapse: collapse\" border=\"0\" cellspacing=\"0\" cellpadding=\"0\">\n<tbody>\n<tr><!-- SOL: KART --><\/p>\n<td style=\"width: 270px;vertical-align: top;text-align: center;padding-right: 20px;border: none\">\n<div style=\"background-color: #f9f9f9;border: 1px solid #ddd;border-left: 6px solid #ffc107;border-radius: 12px;padding: 15px\">\n<p><img loading=\"lazy\" decoding=\"async\" class=\"alignnone size-medium wp-image-2700\" src=\"http:\/\/ticaret.edu.tr\/ticaret-ve-finans-enstitusu\/wp-content\/uploads\/sites\/36\/2025\/07\/Ekran-Alintisi-275x300.jpg\" alt=\"\" width=\"275\" height=\"300\" srcset=\"http:\/\/ticaret.edu.tr\/ticaret-ve-finans-enstitusu\/wp-content\/uploads\/sites\/36\/2025\/07\/Ekran-Alintisi-275x300.jpg 275w, http:\/\/ticaret.edu.tr\/ticaret-ve-finans-enstitusu\/wp-content\/uploads\/sites\/36\/2025\/07\/Ekran-Alintisi.jpg 731w\" sizes=\"(max-width: 275px) 100vw, 275px\" \/><\/p>\n<p style=\"font-size: 14px;font-weight: bold;margin-bottom: 5px\"><span style=\"font-size: 16px;font-weight: 400\">Prof. Dr.<br \/>\nHicabi ERSOY<\/span><\/p>\n<p><a style=\"font-size: 13px;color: #f5a100\" href=\"mailto:hersoy@ticaret.edu.tr\"><span style=\"color: #333333\">hersoy@ticaret.edu.tr<\/span><\/a><\/p>\n<p>&nbsp;<\/p>\n<h5 style=\"margin-top: 12px\"><a style=\"margin: 5px 0;background-color: #ffc107;color: black;padding: 8px;border-radius: 6px;text-decoration: none\" href=\"https:\/\/ticaret.edu.tr\/2024-2025-bahar-donemi-ders-programlari\/\"><span style=\"color: #333333\">Ders Program\u0131<\/span><\/a><\/h5>\n<p>&nbsp;<\/p>\n<h5><span style=\"font-size: 16px;font-weight: 400\">\u00a0<\/span><\/h5>\n<h5><span style=\"font-size: 16px;font-weight: 400\">\u00a0<\/span><\/h5>\n<h5><span style=\"font-size: 16px;font-weight: 400\">\u00a0<\/span><\/h5>\n<h5><span style=\"font-size: 16px;font-weight: 400\">\u00a0<\/span><\/h5>\n<h5><span style=\"font-size: 16px;font-weight: 400\">\u00a0<\/span><\/h5>\n<h5><span style=\"font-size: 16px;font-weight: 400\">\u00a0<\/span><\/h5>\n<h5><span style=\"font-size: 16px;font-weight: 400\">\u00a0<\/span><\/h5>\n<h5 style=\"margin-top: 12px\"><a style=\"margin: 5px 0;background-color: #ffc107;color: black;padding: 8px;border-radius: 6px;text-decoration: none\" href=\"http:\/\/ticaret.edu.tr\/ticaret-ve-finans-enstitusu\/wp-content\/uploads\/sites\/36\/2025\/09\/Bankacilik-Yuksek-Lisans-Tezsiz-Programi-2025-2026-Mufredat-1.pdf\"><span style=\"color: #333333\">M\u00fcfredat<\/span><\/a><\/h5>\n<p>&nbsp;<\/p>\n<h5><span style=\"font-size: 16px;font-weight: 400\">\u00a0<\/span><\/h5>\n<h5><span style=\"font-size: 16px;font-weight: 400\">\u00a0<\/span><\/h5>\n<h5><span style=\"font-size: 16px;font-weight: 400\">\u00a0<\/span><\/h5>\n<h5><span style=\"font-size: 16px;font-weight: 400\">\u00a0<\/span><\/h5>\n<h5 style=\"margin-top: 12px\"><a style=\"margin: 5px 0;background-color: #ffc107;color: black;padding: 8px;border-radius: 6px;text-decoration: none\" href=\"https:\/\/obs.ticaret.edu.tr\/oibs\/bologna\/index.aspx?lang=tr&amp;curOp=showPac&amp;curUnit=FIE&amp;curSunit=350\"><span style=\"color: #333333\">Bologna Bilgi Paketi<\/span><\/a><\/h5>\n<p>&nbsp;<\/p>\n<h5><span style=\"font-size: 16px;font-weight: 400\">\u00a0<\/span><\/h5>\n<h5><span style=\"font-size: 16px;font-weight: 400\">\u00a0<\/span><\/h5>\n<h5><span style=\"font-size: 16px;font-weight: 400\">\u00a0<\/span><\/h5>\n<h5><span style=\"font-size: 16px;font-weight: 400\">\u00a0<\/span><\/h5>\n<h5 style=\"margin-top: 12px\"><a style=\"margin: 5px 0;background-color: #ffc107;color: black;padding: 8px;border-radius: 6px;text-decoration: none\" href=\"https:\/\/lisansustuaday.ticaret.edu.tr\/burslar-ucretler\/\"><span style=\"color: #333333\">Burslar ve \u00dccretler<\/span><\/a><\/h5>\n<p>&nbsp;<\/p>\n<h5><span style=\"font-size: 16px;font-weight: 400\">\u00a0<\/span><\/h5>\n<h5><span style=\"font-size: 16px;font-weight: 400\">\u00a0<\/span><\/h5>\n<h5><span style=\"font-size: 16px;font-weight: 400\">\u00a0<\/span><\/h5>\n<h5><span style=\"font-size: 16px;font-weight: 400\">\u00a0<\/span><\/h5>\n<h5 style=\"margin-top: 12px\"><a style=\"margin: 5px 0;background-color: #ffc107;color: black;padding: 8px;border-radius: 6px;text-decoration: none\" href=\"https:\/\/ticaret.edu.tr\/ticaret-ve-finans-enstitusu\/hemen-basvur\/kontenjanlar\/\"><span style=\"color: #333333\">Kontenjanlar<\/span><\/a><\/h5>\n<div><\/div>\n<\/div>\n<\/td>\n<p><!-- SA\u011e: MET\u0130N --><\/p>\n<td style=\"vertical-align: top;font-family: Arial, sans-serif;font-size: 14px;line-height: 1.6;color: #333\"><span style=\"font-family: Georgia, Times New Roman, Bitstream Charter, Times, serif\"><span style=\"font-size: 16px\"><strong>Misyon:<\/strong> Bankac\u0131l\u0131k alan\u0131nda ulusal ve uluslararas\u0131 \u00f6l\u00e7ekte geli\u015fen ihtiya\u00e7lara cevap verebilecek, etik de\u011ferlere ba\u011fl\u0131, sorumluluk sahibi, analitik d\u00fc\u015f\u00fcnebilen ve \u00e7a\u011f\u0131n teknolojik gereksinimlerine uyum sa\u011flayan mezunlar yeti\u015ftirmek. \u00d6\u011frencilere teorik bilgi birikimi ile uygulama becerisi kazand\u0131rmak, ara\u015ft\u0131rma k\u00fclt\u00fcr\u00fcn\u00fc te\u015fvik etmek ve bankac\u0131l\u0131k sekt\u00f6r\u00fcnde g\u00fc\u00e7l\u00fc i\u015f birlikleri kurarak e\u011fitim-\u00f6\u011fretim faaliyetlerini s\u00fcrekli geli\u015ftirmek.<\/span><\/span><\/p>\n<p><span style=\"font-family: Georgia, Times New Roman, Bitstream Charter, Times, serif\"><span style=\"font-size: 16px\"><strong>Vizyon:<\/strong> E\u011fitim kalitesi, akademik birikimi, teknolojik yeniliklere a\u00e7\u0131kl\u0131\u011f\u0131 ve bankac\u0131l\u0131k sekt\u00f6r\u00fcnde kurdu\u011fu g\u00fc\u00e7l\u00fc i\u015f birlikleriyle ulusal ve uluslararas\u0131 d\u00fczeyde tan\u0131nan, \u00f6nc\u00fc ve tercih edilen bir program olmak. Mezunlar\u0131n dinamik bankac\u0131l\u0131k sekt\u00f6r\u00fcnde fark yaratan profesyoneller olarak yer almalar\u0131n\u0131 sa\u011flayarak sekt\u00f6rde y\u00f6n veren akademik bir merkez olmak.<\/span><\/span><\/p>\n<p><span style=\"font-family: Georgia, Times New Roman, Bitstream Charter, Times, serif\"><span style=\"font-size: 16px\"><strong>Temel De\u011ferler:<\/strong><br \/>\nAkademik M\u00fckemmeliyet<br \/>\nEtik ve Sorumluluk<br \/>\nS\u00fcrekli Geli\u015fim<br \/>\nYenilik\u00e7ilik<br \/>\nTeknoloji Odakl\u0131l\u0131k<br \/>\nSekt\u00f6rel \u0130\u015f Birli\u011fi<br \/>\n\u00c7evresel ve Sosyal Duyarl\u0131l\u0131k<br \/>\nGiri\u015fimcilik ve Liderlik<\/span><\/span><\/p>\n<p><span style=\"font-family: Georgia, Times New Roman, Bitstream Charter, Times, serif\"><span style=\"font-size: 16px\">Ticari Bankalar ve Kat\u0131l\u0131m Bankas\u0131 \u00e7al\u0131\u015fanlar\u0131n\u0131n kendi uzmanl\u0131k alanlar\u0131nda geli\u015fimlerine katk\u0131 sa\u011flamak amac\u0131yla iki ayr\u0131 mod\u00fcl halinde tasarlanm\u0131\u015ft\u0131r. Program her iki mod\u00fcl i\u00e7in ortak olan 4 zorunlu dersin yan\u0131 s\u0131ra ilgili mod\u00fcle ili\u015fkin 6 se\u00e7imlik ders ve d\u00f6nem projesi ile tamamlanmaktad\u0131r. Bu \u015fekilde kat\u0131l\u0131mc\u0131lar\u0131n bankac\u0131l\u0131\u011f\u0131n farkl\u0131 alanlar\u0131nda ayr\u0131 ayr\u0131 uzmanla\u015fabilmelerine de imk\u00e2n sa\u011flanm\u0131\u015f olmaktad\u0131r.<\/span><\/span><\/p>\n<ul>\n<li><a style=\"font-size: 16px\" href=\"http:\/\/ticaret.edu.tr\/finans\/wp-content\/uploads\/sites\/36\/2021\/06\/Bankac\u0131l\u0131k-tezsiz-Kont.pdf\"><span style=\"color: #333333;font-family: Georgia, Times New Roman, Bitstream Charter, Times, serif\">Ba\u015fvuru Ko\u015fullar\u0131<\/span><\/a><\/li>\n<li><a style=\"font-size: 16px\" href=\"https:\/\/ticaret.edu.tr\/2024-2025-bahar-donemi-ders-programlari\/\"><span style=\"color: #333333;font-family: Georgia, Times New Roman, Bitstream Charter, Times, serif\">Ders Program\u0131<\/span><\/a><\/li>\n<li><a style=\"font-size: 16px\" href=\"http:\/\/ticaret.edu.tr\/finans-enstitusu\/wp-content\/uploads\/sites\/36\/2022\/06\/Bankacilik-Tezsiz-YL.pdf\"><span style=\"color: #333333;font-family: Georgia, Times New Roman, Bitstream Charter, Times, serif\">M\u00fcfredat<\/span><\/a><\/li>\n<li><a style=\"font-size: 16px\" href=\"http:\/\/ticaret.edu.tr\/finans-enstitusu\/wp-content\/uploads\/sites\/36\/2023\/10\/bank-tezsiz-2023-2024-Guz-Mufredat.pdf\"><span style=\"color: #333333;font-family: Georgia, Times New Roman, Bitstream Charter, Times, serif\">Yeni M\u00fcfredat (2023 G\u00fcz D\u00f6nemi \u0130tibariyle Ba\u015flayan \u00d6\u011frenciler i\u00e7in)<\/span><\/a><\/li>\n<li><a style=\"font-size: 16px\" href=\"http:\/\/ticaret.edu.tr\/finans-enstitusu\/wp-content\/uploads\/sites\/36\/2024\/09\/2024-2025-Bankacilik-Tezsiz-Yuksek-Lisans-Programi-Mufredati.pdf\"><span style=\"color: #333333;font-family: Georgia, Times New Roman, Bitstream Charter, Times, serif\">2024-2025 M\u00fcfredat<\/span><\/a><\/li>\n<li><a style=\"font-size: 16px\" href=\"http:\/\/ticaret.edu.tr\/ticaret-ve-finans-enstitusu\/wp-content\/uploads\/sites\/36\/2025\/09\/Bankacilik-Yuksek-Lisans-Tezsiz-Programi-2025-2026-Mufredat-1.pdf\"><span style=\"color: #333333;font-family: Georgia, Times New Roman, Bitstream Charter, Times, serif\">2025-2026 M\u00fcfredat<\/span><\/a><\/li>\n<li><a style=\"font-size: 16px\" href=\"http:\/\/tubis.ticaret.edu.tr\/_Bologna\/Bolum\/DersListe.aspx?adi=+qpbLpjQ7FM49DBS76KPNA==\"><span style=\"color: #333333;font-family: Georgia, Times New Roman, Bitstream Charter, Times, serif\">Ders Tan\u0131t\u0131m Formu (Syllabus)<\/span><\/a><\/li>\n<\/ul>\n<p><span style=\"font-family: Georgia, Times New Roman, Bitstream Charter, Times, serif\"><span style=\"font-size: 16px\">\u0130leti\u015fim:<br \/>\nTicaret ve Finans Enstit\u00fcs\u00fc \u00d6\u011frenci \u0130\u015fleri<br \/>\nProgram Sorumlusu: Mihriban \u015eenol<br \/>\n<a href=\"mailto:tfe@ticaret.edu.tr\">tfe@ticaret.edu.tr<\/a> \u2013 444 0 413 \/ Dahili: 4762<\/span><\/span><\/td>\n<\/tr>\n<\/tbody>\n<\/table>\n","protected":false},"excerpt":{"rendered":"<p>Prof. Dr. Hicabi ERSOY hersoy@ticaret.edu.tr &nbsp; Ders Program\u0131 &nbsp; \u00a0 \u00a0 \u00a0 \u00a0 \u00a0 \u00a0 \u00a0 M\u00fcfredat &nbsp; \u00a0 \u00a0 \u00a0 \u00a0 Bologna Bilgi Paketi &nbsp; \u00a0 \u00a0 \u00a0 \u00a0 Burslar ve \u00dccretler &nbsp; \u00a0 \u00a0 \u00a0 \u00a0 Kontenjanlar Misyon: Bankac\u0131l\u0131k alan\u0131nda ulusal ve uluslararas\u0131 \u00f6l\u00e7ekte geli\u015fen ihtiya\u00e7lara cevap verebilecek, etik de\u011ferlere ba\u011fl\u0131, sorumluluk sahibi, [&hellip;]<\/p>\n","protected":false},"author":92,"featured_media":0,"parent":10,"menu_order":0,"comment_status":"closed","ping_status":"closed","template":"genel_sayfa.php","meta":{"footnotes":""},"yoast_head":"<!-- This site is optimized with the Yoast SEO Premium plugin v22.1 (Yoast SEO v22.1) - https:\/\/yoast.com\/wordpress\/plugins\/seo\/ -->\n<title>Bankac\u0131l\u0131k Tezsiz Y\u00fcksek Lisans Program\u0131 - Ticaret ve Finans Enstit\u00fcs\u00fc<\/title>\n<meta name=\"description\" content=\"Bankac\u0131l\u0131k Tezsiz Y\u00fcksek Lisans Program\u0131 \u00a0bankac\u0131l\u0131k sekt\u00f6r\u00fcnde yo\u011fun i\u015f ortam\u0131nda \u00e7al\u0131\u015fan bu nedenle e\u011fitime yeterli zaman\u0131 ay\u0131ramayan profesyonellerin kat\u0131labilece\u011fi bir programd\u0131r.\" \/>\n<meta name=\"robots\" content=\"index, follow, max-snippet:-1, max-image-preview:large, max-video-preview:-1\" \/>\n<link rel=\"canonical\" href=\"https:\/\/ticaret.edu.tr\/ticaret-ve-finans-enstitusu\/yuksek-lisans\/bankacilik-tezsiz-yuksek-lisans-programi\/\" \/>\n<meta property=\"og:locale\" content=\"tr_TR\" \/>\n<meta property=\"og:type\" content=\"article\" \/>\n<meta property=\"og:title\" content=\"Bankac\u0131l\u0131k Tezsiz Y\u00fcksek Lisans Program\u0131\" \/>\n<meta property=\"og:description\" content=\"Bankac\u0131l\u0131k Tezsiz Y\u00fcksek Lisans Program\u0131 \u00a0bankac\u0131l\u0131k sekt\u00f6r\u00fcnde yo\u011fun i\u015f ortam\u0131nda \u00e7al\u0131\u015fan bu nedenle e\u011fitime yeterli zaman\u0131 ay\u0131ramayan profesyonellerin kat\u0131labilece\u011fi bir programd\u0131r.\" \/>\n<meta property=\"og:url\" content=\"https:\/\/ticaret.edu.tr\/ticaret-ve-finans-enstitusu\/yuksek-lisans\/bankacilik-tezsiz-yuksek-lisans-programi\/\" \/>\n<meta property=\"og:site_name\" content=\"Ticaret ve Finans Enstit\u00fcs\u00fc\" \/>\n<meta property=\"article:publisher\" content=\"https:\/\/www.facebook.com\/ticaretedutr\" \/>\n<meta property=\"article:modified_time\" content=\"2026-02-14T12:43:28+00:00\" \/>\n<meta property=\"og:image\" content=\"http:\/\/ticaret.edu.tr\/ticaret-ve-finans-enstitusu\/wp-content\/uploads\/sites\/36\/2025\/07\/Ekran-Alintisi-275x300.jpg\" \/>\n<meta name=\"twitter:card\" content=\"summary_large_image\" \/>\n<meta name=\"twitter:site\" content=\"@ticaretedutr\" \/>\n<meta name=\"twitter:label1\" content=\"Tahmini okuma s\u00fcresi\" \/>\n\t<meta name=\"twitter:data1\" content=\"2 dakika\" \/>\n<script type=\"application\/ld+json\" class=\"yoast-schema-graph\">{\"@context\":\"https:\/\/schema.org\",\"@graph\":[{\"@type\":\"WebPage\",\"@id\":\"https:\/\/ticaret.edu.tr\/ticaret-ve-finans-enstitusu\/yuksek-lisans\/bankacilik-tezsiz-yuksek-lisans-programi\/\",\"url\":\"https:\/\/ticaret.edu.tr\/ticaret-ve-finans-enstitusu\/yuksek-lisans\/bankacilik-tezsiz-yuksek-lisans-programi\/\",\"name\":\"Bankac\u0131l\u0131k Tezsiz Y\u00fcksek Lisans Program\u0131 - Ticaret ve Finans Enstit\u00fcs\u00fc\",\"isPartOf\":{\"@id\":\"http:\/\/ticaret.edu.tr\/ticaret-ve-finans-enstitusu\/en\/#website\"},\"datePublished\":\"2020-05-11T19:31:46+00:00\",\"dateModified\":\"2026-02-14T12:43:28+00:00\",\"description\":\"Bankac\u0131l\u0131k Tezsiz Y\u00fcksek Lisans Program\u0131 \u00a0bankac\u0131l\u0131k sekt\u00f6r\u00fcnde yo\u011fun i\u015f ortam\u0131nda \u00e7al\u0131\u015fan bu nedenle e\u011fitime yeterli zaman\u0131 ay\u0131ramayan profesyonellerin kat\u0131labilece\u011fi bir programd\u0131r.\",\"breadcrumb\":{\"@id\":\"https:\/\/ticaret.edu.tr\/ticaret-ve-finans-enstitusu\/yuksek-lisans\/bankacilik-tezsiz-yuksek-lisans-programi\/#breadcrumb\"},\"inLanguage\":\"tr\",\"potentialAction\":[{\"@type\":\"ReadAction\",\"target\":[\"https:\/\/ticaret.edu.tr\/ticaret-ve-finans-enstitusu\/yuksek-lisans\/bankacilik-tezsiz-yuksek-lisans-programi\/\"]}]},{\"@type\":\"BreadcrumbList\",\"@id\":\"https:\/\/ticaret.edu.tr\/ticaret-ve-finans-enstitusu\/yuksek-lisans\/bankacilik-tezsiz-yuksek-lisans-programi\/#breadcrumb\",\"itemListElement\":[{\"@type\":\"ListItem\",\"position\":1,\"name\":\"Ana sayfa\",\"item\":\"https:\/\/ticaret.edu.tr\/ticaret-ve-finans-enstitusu\/\"},{\"@type\":\"ListItem\",\"position\":2,\"name\":\"Y\u00fcksek Lisans\",\"item\":\"https:\/\/ticaret.edu.tr\/ticaret-ve-finans-enstitusu\/yuksek-lisans\/\"},{\"@type\":\"ListItem\",\"position\":3,\"name\":\"Bankac\u0131l\u0131k Tezsiz Y\u00fcksek Lisans Program\u0131\"}]},{\"@type\":\"WebSite\",\"@id\":\"http:\/\/ticaret.edu.tr\/ticaret-ve-finans-enstitusu\/en\/#website\",\"url\":\"http:\/\/ticaret.edu.tr\/ticaret-ve-finans-enstitusu\/en\/\",\"name\":\"Ticaret ve Finans Enstit\u00fcs\u00fc\",\"description\":\"\",\"potentialAction\":[{\"@type\":\"SearchAction\",\"target\":{\"@type\":\"EntryPoint\",\"urlTemplate\":\"http:\/\/ticaret.edu.tr\/ticaret-ve-finans-enstitusu\/en\/?s={search_term_string}\"},\"query-input\":\"required name=search_term_string\"}],\"inLanguage\":\"tr\"}]}<\/script>\n<!-- \/ Yoast SEO Premium plugin. -->","yoast_head_json":{"title":"Bankac\u0131l\u0131k Tezsiz Y\u00fcksek Lisans Program\u0131 - Ticaret ve Finans Enstit\u00fcs\u00fc","description":"Bankac\u0131l\u0131k Tezsiz Y\u00fcksek Lisans Program\u0131 \u00a0bankac\u0131l\u0131k sekt\u00f6r\u00fcnde yo\u011fun i\u015f ortam\u0131nda \u00e7al\u0131\u015fan bu nedenle e\u011fitime yeterli zaman\u0131 ay\u0131ramayan profesyonellerin kat\u0131labilece\u011fi bir programd\u0131r.","robots":{"index":"index","follow":"follow","max-snippet":"max-snippet:-1","max-image-preview":"max-image-preview:large","max-video-preview":"max-video-preview:-1"},"canonical":"https:\/\/ticaret.edu.tr\/ticaret-ve-finans-enstitusu\/yuksek-lisans\/bankacilik-tezsiz-yuksek-lisans-programi\/","og_locale":"tr_TR","og_type":"article","og_title":"Bankac\u0131l\u0131k Tezsiz Y\u00fcksek Lisans Program\u0131","og_description":"Bankac\u0131l\u0131k Tezsiz Y\u00fcksek Lisans Program\u0131 \u00a0bankac\u0131l\u0131k sekt\u00f6r\u00fcnde yo\u011fun i\u015f ortam\u0131nda \u00e7al\u0131\u015fan bu nedenle e\u011fitime yeterli zaman\u0131 ay\u0131ramayan profesyonellerin kat\u0131labilece\u011fi bir programd\u0131r.","og_url":"https:\/\/ticaret.edu.tr\/ticaret-ve-finans-enstitusu\/yuksek-lisans\/bankacilik-tezsiz-yuksek-lisans-programi\/","og_site_name":"Ticaret ve Finans Enstit\u00fcs\u00fc","article_publisher":"https:\/\/www.facebook.com\/ticaretedutr","article_modified_time":"2026-02-14T12:43:28+00:00","og_image":[{"url":"http:\/\/ticaret.edu.tr\/ticaret-ve-finans-enstitusu\/wp-content\/uploads\/sites\/36\/2025\/07\/Ekran-Alintisi-275x300.jpg"}],"twitter_card":"summary_large_image","twitter_site":"@ticaretedutr","twitter_misc":{"Tahmini okuma s\u00fcresi":"2 dakika"},"schema":{"@context":"https:\/\/schema.org","@graph":[{"@type":"WebPage","@id":"https:\/\/ticaret.edu.tr\/ticaret-ve-finans-enstitusu\/yuksek-lisans\/bankacilik-tezsiz-yuksek-lisans-programi\/","url":"https:\/\/ticaret.edu.tr\/ticaret-ve-finans-enstitusu\/yuksek-lisans\/bankacilik-tezsiz-yuksek-lisans-programi\/","name":"Bankac\u0131l\u0131k Tezsiz Y\u00fcksek Lisans Program\u0131 - Ticaret ve Finans Enstit\u00fcs\u00fc","isPartOf":{"@id":"http:\/\/ticaret.edu.tr\/ticaret-ve-finans-enstitusu\/en\/#website"},"datePublished":"2020-05-11T19:31:46+00:00","dateModified":"2026-02-14T12:43:28+00:00","description":"Bankac\u0131l\u0131k Tezsiz Y\u00fcksek Lisans Program\u0131 \u00a0bankac\u0131l\u0131k sekt\u00f6r\u00fcnde yo\u011fun i\u015f ortam\u0131nda \u00e7al\u0131\u015fan bu nedenle e\u011fitime yeterli zaman\u0131 ay\u0131ramayan profesyonellerin kat\u0131labilece\u011fi bir programd\u0131r.","breadcrumb":{"@id":"https:\/\/ticaret.edu.tr\/ticaret-ve-finans-enstitusu\/yuksek-lisans\/bankacilik-tezsiz-yuksek-lisans-programi\/#breadcrumb"},"inLanguage":"tr","potentialAction":[{"@type":"ReadAction","target":["https:\/\/ticaret.edu.tr\/ticaret-ve-finans-enstitusu\/yuksek-lisans\/bankacilik-tezsiz-yuksek-lisans-programi\/"]}]},{"@type":"BreadcrumbList","@id":"https:\/\/ticaret.edu.tr\/ticaret-ve-finans-enstitusu\/yuksek-lisans\/bankacilik-tezsiz-yuksek-lisans-programi\/#breadcrumb","itemListElement":[{"@type":"ListItem","position":1,"name":"Ana sayfa","item":"https:\/\/ticaret.edu.tr\/ticaret-ve-finans-enstitusu\/"},{"@type":"ListItem","position":2,"name":"Y\u00fcksek Lisans","item":"https:\/\/ticaret.edu.tr\/ticaret-ve-finans-enstitusu\/yuksek-lisans\/"},{"@type":"ListItem","position":3,"name":"Bankac\u0131l\u0131k Tezsiz Y\u00fcksek Lisans Program\u0131"}]},{"@type":"WebSite","@id":"http:\/\/ticaret.edu.tr\/ticaret-ve-finans-enstitusu\/en\/#website","url":"http:\/\/ticaret.edu.tr\/ticaret-ve-finans-enstitusu\/en\/","name":"Ticaret ve Finans Enstit\u00fcs\u00fc","description":"","potentialAction":[{"@type":"SearchAction","target":{"@type":"EntryPoint","urlTemplate":"http:\/\/ticaret.edu.tr\/ticaret-ve-finans-enstitusu\/en\/?s={search_term_string}"},"query-input":"required name=search_term_string"}],"inLanguage":"tr"}]}},"lang":"tr","translations":{"en":1028,"tr":211},"pll_sync_post":[],"_links":{"self":[{"href":"http:\/\/ticaret.edu.tr\/ticaret-ve-finans-enstitusu\/wp-json\/wp\/v2\/pages\/211"}],"collection":[{"href":"http:\/\/ticaret.edu.tr\/ticaret-ve-finans-enstitusu\/wp-json\/wp\/v2\/pages"}],"about":[{"href":"http:\/\/ticaret.edu.tr\/ticaret-ve-finans-enstitusu\/wp-json\/wp\/v2\/types\/page"}],"author":[{"embeddable":true,"href":"http:\/\/ticaret.edu.tr\/ticaret-ve-finans-enstitusu\/wp-json\/wp\/v2\/users\/92"}],"replies":[{"embeddable":true,"href":"http:\/\/ticaret.edu.tr\/ticaret-ve-finans-enstitusu\/wp-json\/wp\/v2\/comments?post=211"}],"version-history":[{"count":20,"href":"http:\/\/ticaret.edu.tr\/ticaret-ve-finans-enstitusu\/wp-json\/wp\/v2\/pages\/211\/revisions"}],"predecessor-version":[{"id":3344,"href":"http:\/\/ticaret.edu.tr\/ticaret-ve-finans-enstitusu\/wp-json\/wp\/v2\/pages\/211\/revisions\/3344"}],"up":[{"embeddable":true,"href":"http:\/\/ticaret.edu.tr\/ticaret-ve-finans-enstitusu\/wp-json\/wp\/v2\/pages\/10"}],"wp:attachment":[{"href":"http:\/\/ticaret.edu.tr\/ticaret-ve-finans-enstitusu\/wp-json\/wp\/v2\/media?parent=211"}],"curies":[{"name":"wp","href":"https:\/\/api.w.org\/{rel}","templated":true}]}}