{"id":277,"date":"2020-05-11T23:38:26","date_gmt":"2020-05-11T20:38:26","guid":{"rendered":"http:\/\/ticaret.edu.tr\/finans\/?page_id=277"},"modified":"2025-11-17T09:33:35","modified_gmt":"2025-11-17T06:33:35","slug":"danisma-kurulu-uyeleri","status":"publish","type":"page","link":"http:\/\/ticaret.edu.tr\/ticaret-ve-finans-enstitusu\/ana-sayfa\/enstitu\/danisma-kurulu-uyeleri\/","title":{"rendered":"Dan\u0131\u015fma Kurulu \u00dcyeleri"},"content":{"rendered":"<div style=\"max-width: 800px;margin: 30px auto;font-family: Arial, sans-serif;font-size: 14px;color: #333\">\n<div style=\"border: 1px solid #ddd;border-left: 6px solid #ffc107;border-radius: 10px;padding: 20px;background-color: #fdfdfd\">\n<ul style=\"padding-left: 0;line-height: 1.8\">\n<li><strong>Prof. Dr. Naz\u0131m EKREN<\/strong> \u2013 \u0130stanbul Ticaret \u00dcniversitesi \u00d6\u011fretim \u00dcyesi<\/li>\n<li><strong>Do\u00e7. Dr. \u015e\u00fckr\u00fc Mete TEPEG\u00d6Z<\/strong>\u00a0\u2013 Vak\u0131f GYO Y\u00f6netim Kurulu Ba\u015fkan Vekili<\/li>\n<li><strong>Dr. Mehmet \u0130LDEM<\/strong>\u00a0\u2013 \u00d6zen Grup Denetim Kurulu \u00dcyesi<\/li>\n<li><strong>Dr. O\u011fuz \u00d6ZCAN<\/strong>\u00a0\u2013 Teknopark \u0130stanbul Genel M\u00fcd\u00fcr Yard\u0131mc\u0131s\u0131<\/li>\n<li><strong>Dr. O\u011fuzhan \u00c7EPN\u0130 <\/strong>\u2013 Copenhagen Business School<\/li>\n<li><strong>Dr. O\u011fuzkan \u015eATIRO\u011eLU<\/strong> \u2013 Ko\u00e7ta\u015f Genel M\u00fcd\u00fcr\u00fc<\/li>\n<li><strong>Aslan DEM\u0130R<\/strong>\u00a0\u2013 Kuveyt T\u00fcrk Kat\u0131l\u0131m Bankas\u0131 Genel M\u00fcd\u00fcr Yard\u0131mc\u0131s\u0131<\/li>\n<li><strong>G\u00f6khan SONG\u00dcL<\/strong>\u00a0\u2013 Kalk\u0131nma Yat\u0131r\u0131m Bankas\u0131 Genel M\u00fcd\u00fcr Yard\u0131mc\u0131s\u0131<\/li>\n<li><strong>Serhan YILDIRIM<\/strong>\u00a0\u2013 Albaraka T\u00fcrk Genel M\u00fcd\u00fcr Yard\u0131mc\u0131s\u0131<\/li>\n<li><strong>U\u011fur KARA<\/strong>\u00a0\u2013 Emlak Kat\u0131l\u0131m Bankas\u0131 Genel M\u00fcd\u00fcr Yard\u0131mc\u0131s\u0131<\/li>\n<\/ul>\n<p style=\"font-size: 12px;color: #666;margin-top: 20px;text-align: center\"><em>Not: \u0130lgili s\u0131ralama, akademik unvanlar sonras\u0131nda alfabetik olarak kurgulanm\u0131\u015ft\u0131r.<\/em><\/p>\n<\/div>\n<\/div>\n","protected":false},"excerpt":{"rendered":"<p>Prof. Dr. Naz\u0131m EKREN \u2013 \u0130stanbul Ticaret \u00dcniversitesi \u00d6\u011fretim \u00dcyesi Do\u00e7. Dr. \u015e\u00fckr\u00fc Mete TEPEG\u00d6Z\u00a0\u2013 Vak\u0131f GYO Y\u00f6netim Kurulu Ba\u015fkan Vekili Dr. Mehmet \u0130LDEM\u00a0\u2013 \u00d6zen Grup Denetim Kurulu \u00dcyesi Dr. O\u011fuz \u00d6ZCAN\u00a0\u2013 Teknopark \u0130stanbul Genel M\u00fcd\u00fcr Yard\u0131mc\u0131s\u0131 Dr. O\u011fuzhan \u00c7EPN\u0130 \u2013 Copenhagen Business School Dr. O\u011fuzkan \u015eATIRO\u011eLU \u2013 Ko\u00e7ta\u015f Genel M\u00fcd\u00fcr\u00fc Aslan DEM\u0130R\u00a0\u2013 Kuveyt T\u00fcrk [&hellip;]<\/p>\n","protected":false},"author":92,"featured_media":0,"parent":27,"menu_order":0,"comment_status":"closed","ping_status":"closed","template":"genel_sayfa.php","meta":{"footnotes":""},"yoast_head":"<!-- This site is optimized with the Yoast SEO Premium plugin v22.1 (Yoast SEO v22.1) - https:\/\/yoast.com\/wordpress\/plugins\/seo\/ -->\n<title>Dan\u0131\u015fma Kurulu \u00dcyeleri - Ticaret ve Finans Enstit\u00fcs\u00fc<\/title>\n<meta name=\"robots\" content=\"index, follow, max-snippet:-1, max-image-preview:large, max-video-preview:-1\" \/>\n<link rel=\"canonical\" href=\"https:\/\/ticaret.edu.tr\/ticaret-ve-finans-enstitusu\/ana-sayfa\/enstitu\/danisma-kurulu-uyeleri\/\" \/>\n<meta property=\"og:locale\" content=\"tr_TR\" \/>\n<meta property=\"og:type\" content=\"article\" \/>\n<meta property=\"og:title\" content=\"Dan\u0131\u015fma Kurulu \u00dcyeleri\" \/>\n<meta property=\"og:description\" content=\"Prof. Dr. Naz\u0131m EKREN \u2013 \u0130stanbul Ticaret \u00dcniversitesi \u00d6\u011fretim \u00dcyesi Do\u00e7. Dr. \u015e\u00fckr\u00fc Mete TEPEG\u00d6Z\u00a0\u2013 Vak\u0131f GYO Y\u00f6netim Kurulu Ba\u015fkan Vekili Dr. Mehmet \u0130LDEM\u00a0\u2013 \u00d6zen Grup Denetim Kurulu \u00dcyesi Dr. O\u011fuz \u00d6ZCAN\u00a0\u2013 Teknopark \u0130stanbul Genel M\u00fcd\u00fcr Yard\u0131mc\u0131s\u0131 Dr. O\u011fuzhan \u00c7EPN\u0130 \u2013 Copenhagen Business School Dr. O\u011fuzkan \u015eATIRO\u011eLU \u2013 Ko\u00e7ta\u015f Genel M\u00fcd\u00fcr\u00fc Aslan DEM\u0130R\u00a0\u2013 Kuveyt T\u00fcrk [&hellip;]\" \/>\n<meta property=\"og:url\" content=\"https:\/\/ticaret.edu.tr\/ticaret-ve-finans-enstitusu\/ana-sayfa\/enstitu\/danisma-kurulu-uyeleri\/\" \/>\n<meta property=\"og:site_name\" content=\"Ticaret ve Finans Enstit\u00fcs\u00fc\" \/>\n<meta property=\"article:publisher\" content=\"https:\/\/www.facebook.com\/ticaretedutr\" \/>\n<meta property=\"article:modified_time\" content=\"2025-11-17T06:33:35+00:00\" \/>\n<meta property=\"og:image\" content=\"http:\/\/ticaret.edu.tr\/ticaret-ve-finans-enstitusu\/wp-content\/uploads\/sites\/36\/2021\/11\/web_logo-01.jpg\" \/>\n\t<meta property=\"og:image:width\" content=\"1250\" \/>\n\t<meta property=\"og:image:height\" content=\"833\" \/>\n\t<meta property=\"og:image:type\" content=\"image\/jpeg\" \/>\n<meta name=\"twitter:card\" content=\"summary_large_image\" \/>\n<meta name=\"twitter:site\" content=\"@ticaretedutr\" \/>\n<meta name=\"twitter:label1\" content=\"Tahmini okuma s\u00fcresi\" \/>\n\t<meta name=\"twitter:data1\" content=\"1 dakika\" \/>\n<script type=\"application\/ld+json\" class=\"yoast-schema-graph\">{\"@context\":\"https:\/\/schema.org\",\"@graph\":[{\"@type\":\"WebPage\",\"@id\":\"https:\/\/ticaret.edu.tr\/ticaret-ve-finans-enstitusu\/ana-sayfa\/enstitu\/danisma-kurulu-uyeleri\/\",\"url\":\"https:\/\/ticaret.edu.tr\/ticaret-ve-finans-enstitusu\/ana-sayfa\/enstitu\/danisma-kurulu-uyeleri\/\",\"name\":\"Dan\u0131\u015fma Kurulu \u00dcyeleri - Ticaret ve Finans Enstit\u00fcs\u00fc\",\"isPartOf\":{\"@id\":\"http:\/\/ticaret.edu.tr\/ticaret-ve-finans-enstitusu\/en\/#website\"},\"datePublished\":\"2020-05-11T20:38:26+00:00\",\"dateModified\":\"2025-11-17T06:33:35+00:00\",\"breadcrumb\":{\"@id\":\"https:\/\/ticaret.edu.tr\/ticaret-ve-finans-enstitusu\/ana-sayfa\/enstitu\/danisma-kurulu-uyeleri\/#breadcrumb\"},\"inLanguage\":\"tr\",\"potentialAction\":[{\"@type\":\"ReadAction\",\"target\":[\"https:\/\/ticaret.edu.tr\/ticaret-ve-finans-enstitusu\/ana-sayfa\/enstitu\/danisma-kurulu-uyeleri\/\"]}]},{\"@type\":\"BreadcrumbList\",\"@id\":\"https:\/\/ticaret.edu.tr\/ticaret-ve-finans-enstitusu\/ana-sayfa\/enstitu\/danisma-kurulu-uyeleri\/#breadcrumb\",\"itemListElement\":[{\"@type\":\"ListItem\",\"position\":1,\"name\":\"Ana sayfa\",\"item\":\"https:\/\/ticaret.edu.tr\/ticaret-ve-finans-enstitusu\/\"},{\"@type\":\"ListItem\",\"position\":2,\"name\":\"Ana Sayfa\",\"item\":\"https:\/\/ticaret.edu.tr\/ticaret-ve-finans-enstitusu\/\"},{\"@type\":\"ListItem\",\"position\":3,\"name\":\"Enstit\u00fc\",\"item\":\"https:\/\/ticaret.edu.tr\/ticaret-ve-finans-enstitusu\/ana-sayfa\/enstitu\/\"},{\"@type\":\"ListItem\",\"position\":4,\"name\":\"Dan\u0131\u015fma Kurulu \u00dcyeleri\"}]},{\"@type\":\"WebSite\",\"@id\":\"http:\/\/ticaret.edu.tr\/ticaret-ve-finans-enstitusu\/en\/#website\",\"url\":\"http:\/\/ticaret.edu.tr\/ticaret-ve-finans-enstitusu\/en\/\",\"name\":\"Ticaret ve Finans Enstit\u00fcs\u00fc\",\"description\":\"\",\"potentialAction\":[{\"@type\":\"SearchAction\",\"target\":{\"@type\":\"EntryPoint\",\"urlTemplate\":\"http:\/\/ticaret.edu.tr\/ticaret-ve-finans-enstitusu\/en\/?s={search_term_string}\"},\"query-input\":\"required name=search_term_string\"}],\"inLanguage\":\"tr\"}]}<\/script>\n<!-- \/ Yoast SEO Premium plugin. -->","yoast_head_json":{"title":"Dan\u0131\u015fma Kurulu \u00dcyeleri - Ticaret ve Finans Enstit\u00fcs\u00fc","robots":{"index":"index","follow":"follow","max-snippet":"max-snippet:-1","max-image-preview":"max-image-preview:large","max-video-preview":"max-video-preview:-1"},"canonical":"https:\/\/ticaret.edu.tr\/ticaret-ve-finans-enstitusu\/ana-sayfa\/enstitu\/danisma-kurulu-uyeleri\/","og_locale":"tr_TR","og_type":"article","og_title":"Dan\u0131\u015fma Kurulu \u00dcyeleri","og_description":"Prof. Dr. Naz\u0131m EKREN \u2013 \u0130stanbul Ticaret \u00dcniversitesi \u00d6\u011fretim \u00dcyesi Do\u00e7. Dr. \u015e\u00fckr\u00fc Mete TEPEG\u00d6Z\u00a0\u2013 Vak\u0131f GYO Y\u00f6netim Kurulu Ba\u015fkan Vekili Dr. Mehmet \u0130LDEM\u00a0\u2013 \u00d6zen Grup Denetim Kurulu \u00dcyesi Dr. O\u011fuz \u00d6ZCAN\u00a0\u2013 Teknopark \u0130stanbul Genel M\u00fcd\u00fcr Yard\u0131mc\u0131s\u0131 Dr. O\u011fuzhan \u00c7EPN\u0130 \u2013 Copenhagen Business School Dr. O\u011fuzkan \u015eATIRO\u011eLU \u2013 Ko\u00e7ta\u015f Genel M\u00fcd\u00fcr\u00fc Aslan DEM\u0130R\u00a0\u2013 Kuveyt T\u00fcrk [&hellip;]","og_url":"https:\/\/ticaret.edu.tr\/ticaret-ve-finans-enstitusu\/ana-sayfa\/enstitu\/danisma-kurulu-uyeleri\/","og_site_name":"Ticaret ve Finans Enstit\u00fcs\u00fc","article_publisher":"https:\/\/www.facebook.com\/ticaretedutr","article_modified_time":"2025-11-17T06:33:35+00:00","og_image":[{"width":1250,"height":833,"url":"http:\/\/ticaret.edu.tr\/ticaret-ve-finans-enstitusu\/wp-content\/uploads\/sites\/36\/2021\/11\/web_logo-01.jpg","type":"image\/jpeg"}],"twitter_card":"summary_large_image","twitter_site":"@ticaretedutr","twitter_misc":{"Tahmini okuma s\u00fcresi":"1 dakika"},"schema":{"@context":"https:\/\/schema.org","@graph":[{"@type":"WebPage","@id":"https:\/\/ticaret.edu.tr\/ticaret-ve-finans-enstitusu\/ana-sayfa\/enstitu\/danisma-kurulu-uyeleri\/","url":"https:\/\/ticaret.edu.tr\/ticaret-ve-finans-enstitusu\/ana-sayfa\/enstitu\/danisma-kurulu-uyeleri\/","name":"Dan\u0131\u015fma Kurulu \u00dcyeleri - Ticaret ve Finans Enstit\u00fcs\u00fc","isPartOf":{"@id":"http:\/\/ticaret.edu.tr\/ticaret-ve-finans-enstitusu\/en\/#website"},"datePublished":"2020-05-11T20:38:26+00:00","dateModified":"2025-11-17T06:33:35+00:00","breadcrumb":{"@id":"https:\/\/ticaret.edu.tr\/ticaret-ve-finans-enstitusu\/ana-sayfa\/enstitu\/danisma-kurulu-uyeleri\/#breadcrumb"},"inLanguage":"tr","potentialAction":[{"@type":"ReadAction","target":["https:\/\/ticaret.edu.tr\/ticaret-ve-finans-enstitusu\/ana-sayfa\/enstitu\/danisma-kurulu-uyeleri\/"]}]},{"@type":"BreadcrumbList","@id":"https:\/\/ticaret.edu.tr\/ticaret-ve-finans-enstitusu\/ana-sayfa\/enstitu\/danisma-kurulu-uyeleri\/#breadcrumb","itemListElement":[{"@type":"ListItem","position":1,"name":"Ana sayfa","item":"https:\/\/ticaret.edu.tr\/ticaret-ve-finans-enstitusu\/"},{"@type":"ListItem","position":2,"name":"Ana Sayfa","item":"https:\/\/ticaret.edu.tr\/ticaret-ve-finans-enstitusu\/"},{"@type":"ListItem","position":3,"name":"Enstit\u00fc","item":"https:\/\/ticaret.edu.tr\/ticaret-ve-finans-enstitusu\/ana-sayfa\/enstitu\/"},{"@type":"ListItem","position":4,"name":"Dan\u0131\u015fma Kurulu \u00dcyeleri"}]},{"@type":"WebSite","@id":"http:\/\/ticaret.edu.tr\/ticaret-ve-finans-enstitusu\/en\/#website","url":"http:\/\/ticaret.edu.tr\/ticaret-ve-finans-enstitusu\/en\/","name":"Ticaret ve Finans Enstit\u00fcs\u00fc","description":"","potentialAction":[{"@type":"SearchAction","target":{"@type":"EntryPoint","urlTemplate":"http:\/\/ticaret.edu.tr\/ticaret-ve-finans-enstitusu\/en\/?s={search_term_string}"},"query-input":"required name=search_term_string"}],"inLanguage":"tr"}]}},"lang":"tr","translations":{"tr":277},"pll_sync_post":[],"_links":{"self":[{"href":"http:\/\/ticaret.edu.tr\/ticaret-ve-finans-enstitusu\/wp-json\/wp\/v2\/pages\/277"}],"collection":[{"href":"http:\/\/ticaret.edu.tr\/ticaret-ve-finans-enstitusu\/wp-json\/wp\/v2\/pages"}],"about":[{"href":"http:\/\/ticaret.edu.tr\/ticaret-ve-finans-enstitusu\/wp-json\/wp\/v2\/types\/page"}],"author":[{"embeddable":true,"href":"http:\/\/ticaret.edu.tr\/ticaret-ve-finans-enstitusu\/wp-json\/wp\/v2\/users\/92"}],"replies":[{"embeddable":true,"href":"http:\/\/ticaret.edu.tr\/ticaret-ve-finans-enstitusu\/wp-json\/wp\/v2\/comments?post=277"}],"version-history":[{"count":29,"href":"http:\/\/ticaret.edu.tr\/ticaret-ve-finans-enstitusu\/wp-json\/wp\/v2\/pages\/277\/revisions"}],"predecessor-version":[{"id":3052,"href":"http:\/\/ticaret.edu.tr\/ticaret-ve-finans-enstitusu\/wp-json\/wp\/v2\/pages\/277\/revisions\/3052"}],"up":[{"embeddable":true,"href":"http:\/\/ticaret.edu.tr\/ticaret-ve-finans-enstitusu\/wp-json\/wp\/v2\/pages\/27"}],"wp:attachment":[{"href":"http:\/\/ticaret.edu.tr\/ticaret-ve-finans-enstitusu\/wp-json\/wp\/v2\/media?parent=277"}],"curies":[{"name":"wp","href":"https:\/\/api.w.org\/{rel}","templated":true}]}}