{"id":2978,"date":"2025-11-04T11:06:27","date_gmt":"2025-11-04T08:06:27","guid":{"rendered":"https:\/\/ticaret.edu.tr\/ticaret-ve-finans-enstitusu\/?page_id=2978"},"modified":"2026-03-16T09:36:33","modified_gmt":"2026-03-16T06:36:33","slug":"kilavuzlar","status":"publish","type":"page","link":"http:\/\/ticaret.edu.tr\/ticaret-ve-finans-enstitusu\/ana-sayfa\/akademik\/kilavuzlar\/","title":{"rendered":"K\u0131lavuzlar"},"content":{"rendered":"<div style=\"max-width: 1100px;margin: 50px auto;font-family: 'Segoe UI', Tahoma, Geneva, Verdana, sans-serif\">\n<div style=\"grid-template-columns: repeat(auto-fit, minmax(320px, 1fr));gap: 26px\">\n<p><!-- KART 1 : Tez Yaz\u0131m --><\/p>\n<div style=\"background: #f8f9fa;border-left: 6px solid #0b3c5d;border-radius: 16px;padding: 26px\">\n<h3 style=\"margin: 0 0 14px 0;color: #0b3c5d;font-size: 18px\">Tez Yaz\u0131m K\u0131lavuzlar\u0131<\/h3>\n<ul style=\"padding: 0;margin: 0\">\n<li style=\"padding: 10px 0;border-bottom: 1px solid #e5e7eb\"><a href=\"http:\/\/ticaret.edu.tr\/ticaret-ve-finans-enstitusu\/wp-content\/uploads\/sites\/36\/2026\/03\/Guncel-Tez-Yazim-Kilavuzu-Mart-2026-1.pdf\">Tez Yaz\u0131m K\u0131lavuzu<\/a><a style=\"text-decoration: none;color: #000;font-weight: 600\" href=\"https:\/\/ticaret.edu.tr\/finans-enstitusu\/wp-content\/uploads\/sites\/36\/2023\/01\/TEZ-YAZIM-KILAVUZU.pdf\" target=\"_blank\" rel=\"noopener\"><br \/>\n<\/a><\/li>\n<li style=\"padding: 10px 0\"><a href=\"http:\/\/ticaret.edu.tr\/ticaret-ve-finans-enstitusu\/wp-content\/uploads\/sites\/36\/2026\/03\/1.-Tez-Sablonu-Sosyal-Bilimler-2.docx\">Tez Yaz\u0131m \u015eablonu-Sosyal-Bilimler<\/a><\/li>\n<\/ul>\n<p><strong>\u00d6nemli Not<br \/>\n<\/strong>*\u00a0 24 \u015eubat 2026 tarihinden itibaren haz\u0131rlanacak tezler, web sayfas\u0131nda yay\u0131mlanan Tez Yaz\u0131m K\u0131lavuzu\u2019na uygun olarak haz\u0131rlanmal\u0131d\u0131r.<br \/>\n* \u00d6\u011frenciler, tezlerini haz\u0131rlarken bi\u00e7imsel kolayl\u0131k sa\u011flamak amac\u0131yla kendilerine uygun \u015fablonlar\u0131 kullanabilirler. Tezlerin \u015fekil ve format bak\u0131m\u0131ndan ilgili \u015fablonlara uygun olmas\u0131 zorunludur.<br \/>\n* Yay\u0131n \u015fart\u0131na ili\u015fkin detayl\u0131 bilgiye <a href=\"https:\/\/www.mevzuat.gov.tr\/mevzuat?MevzuatNo=23714&amp;MevzuatTur=8&amp;MevzuatTertip=5\">Lisans\u00fcst\u00fc E\u011fitim ve \u00d6\u011fretim Y\u00f6netmeli\u011fi<\/a> \u00fczerinden ula\u015fabilirsiniz.<\/p>\n<\/div>\n<p><!-- KART 2 : Tez \u00d6nerisi --><\/p>\n<div style=\"background: #f8f9fa;border-left: 6px solid #f4b400;border-radius: 16px;padding: 26px\">\n<h3 style=\"margin: 0 0 14px 0;color: #7a4a00;font-size: 18px\">Tez \u00d6nerisi S\u00fcreci<\/h3>\n<ul style=\"padding: 0;margin: 0\">\n<li style=\"padding: 10px 0;border-bottom: 1px solid #e5e7eb\"><a href=\"http:\/\/ticaret.edu.tr\/ticaret-ve-finans-enstitusu\/wp-content\/uploads\/sites\/36\/2026\/03\/Tez-Onerisi-Hazirlama-Rehberi-1.pdf\">Tez \u00d6nerisi Haz\u0131rlama Rehberi<\/a><\/li>\n<li style=\"padding: 10px 0\"><a href=\"http:\/\/ticaret.edu.tr\/ticaret-ve-finans-enstitusu\/wp-content\/uploads\/sites\/36\/2026\/03\/Thesis-Proposal-Guideline-1-1.pdf\">Thesis Proposal Guideline<\/a><\/li>\n<\/ul>\n<\/div>\n<p><!-- KART 3 : Seminer Dersi --><\/p>\n<div style=\"background: #f8f9fa;border-left: 6px solid #64748b;border-radius: 16px;padding: 26px\">\n<h3 style=\"margin: 0 0 14px 0;color: #334155;font-size: 18px\">Lisans\u00fcst\u00fc Seminer Dersi<\/h3>\n<ul style=\"padding: 0;margin: 0\">\n<li style=\"padding: 10px 0;border-bottom: 1px solid #e5e7eb\"><a style=\"text-decoration: none;color: #000;font-weight: 600\" href=\"http:\/\/ticaret.edu.tr\/ticaret-ve-finans-enstitusu\/wp-content\/uploads\/sites\/36\/2026\/02\/Seminer-Dersi-Usul-ve-Esaslari.pdf\" target=\"_blank\" rel=\"noopener\">Lisans\u00fcst\u00fc Seminer Dersinin \u0130\u015fleni\u015fine \u0130li\u015fkin Usul ve Esaslar<br \/>\n<\/a><\/li>\n<li style=\"padding: 10px 0\"><a style=\"text-decoration: none;color: #000;font-weight: 600\" href=\"http:\/\/ticaret.edu.tr\/ticaret-ve-finans-enstitusu\/wp-content\/uploads\/sites\/36\/2026\/02\/ISTANBUL-TICARET-UNIVERSITY.pdf\" target=\"_blank\" rel=\"noopener\">Principles and Procedures of the Seminar Course<br \/>\n<\/a><\/li>\n<\/ul>\n<\/div>\n<\/div>\n<\/div>\n","protected":false},"excerpt":{"rendered":"<p>Tez Yaz\u0131m K\u0131lavuzlar\u0131 Tez Yaz\u0131m K\u0131lavuzu Tez Yaz\u0131m \u015eablonu-Sosyal-Bilimler \u00d6nemli Not *\u00a0 24 \u015eubat 2026 tarihinden itibaren haz\u0131rlanacak tezler, web sayfas\u0131nda yay\u0131mlanan Tez Yaz\u0131m K\u0131lavuzu\u2019na uygun olarak haz\u0131rlanmal\u0131d\u0131r. * \u00d6\u011frenciler, tezlerini haz\u0131rlarken bi\u00e7imsel kolayl\u0131k sa\u011flamak amac\u0131yla kendilerine uygun \u015fablonlar\u0131 kullanabilirler. Tezlerin \u015fekil ve format bak\u0131m\u0131ndan ilgili \u015fablonlara uygun olmas\u0131 zorunludur. * Yay\u0131n \u015fart\u0131na ili\u015fkin detayl\u0131 [&hellip;]<\/p>\n","protected":false},"author":87,"featured_media":0,"parent":29,"menu_order":0,"comment_status":"closed","ping_status":"closed","template":"genel_sayfa.php","meta":{"footnotes":""},"yoast_head":"<!-- This site is optimized with the Yoast SEO Premium plugin v22.1 (Yoast SEO v22.1) - https:\/\/yoast.com\/wordpress\/plugins\/seo\/ -->\n<title>K\u0131lavuzlar - Ticaret ve Finans Enstit\u00fcs\u00fc<\/title>\n<meta name=\"robots\" content=\"index, follow, max-snippet:-1, max-image-preview:large, max-video-preview:-1\" \/>\n<link rel=\"canonical\" href=\"https:\/\/ticaret.edu.tr\/ticaret-ve-finans-enstitusu\/ana-sayfa\/akademik\/kilavuzlar\/\" \/>\n<meta property=\"og:locale\" content=\"tr_TR\" \/>\n<meta property=\"og:type\" content=\"article\" \/>\n<meta property=\"og:title\" content=\"K\u0131lavuzlar\" \/>\n<meta property=\"og:description\" content=\"Tez Yaz\u0131m K\u0131lavuzlar\u0131 Tez Yaz\u0131m K\u0131lavuzu Tez Yaz\u0131m \u015eablonu-Sosyal-Bilimler \u00d6nemli Not *\u00a0 24 \u015eubat 2026 tarihinden itibaren haz\u0131rlanacak tezler, web sayfas\u0131nda yay\u0131mlanan Tez Yaz\u0131m K\u0131lavuzu\u2019na uygun olarak haz\u0131rlanmal\u0131d\u0131r. * \u00d6\u011frenciler, tezlerini haz\u0131rlarken bi\u00e7imsel kolayl\u0131k sa\u011flamak amac\u0131yla kendilerine uygun \u015fablonlar\u0131 kullanabilirler. Tezlerin \u015fekil ve format bak\u0131m\u0131ndan ilgili \u015fablonlara uygun olmas\u0131 zorunludur. * Yay\u0131n \u015fart\u0131na ili\u015fkin detayl\u0131 [&hellip;]\" \/>\n<meta property=\"og:url\" content=\"https:\/\/ticaret.edu.tr\/ticaret-ve-finans-enstitusu\/ana-sayfa\/akademik\/kilavuzlar\/\" \/>\n<meta property=\"og:site_name\" content=\"Ticaret ve Finans Enstit\u00fcs\u00fc\" \/>\n<meta property=\"article:publisher\" content=\"https:\/\/www.facebook.com\/ticaretedutr\" \/>\n<meta property=\"article:modified_time\" content=\"2026-03-16T06:36:33+00:00\" \/>\n<meta property=\"og:image\" content=\"http:\/\/ticaret.edu.tr\/ticaret-ve-finans-enstitusu\/wp-content\/uploads\/sites\/36\/2021\/11\/web_logo-01.jpg\" \/>\n\t<meta property=\"og:image:width\" content=\"1250\" \/>\n\t<meta property=\"og:image:height\" content=\"833\" \/>\n\t<meta property=\"og:image:type\" content=\"image\/jpeg\" \/>\n<meta name=\"twitter:card\" content=\"summary_large_image\" \/>\n<meta name=\"twitter:site\" content=\"@ticaretedutr\" \/>\n<meta name=\"twitter:label1\" content=\"Tahmini okuma s\u00fcresi\" \/>\n\t<meta name=\"twitter:data1\" content=\"1 dakika\" \/>\n<script type=\"application\/ld+json\" class=\"yoast-schema-graph\">{\"@context\":\"https:\/\/schema.org\",\"@graph\":[{\"@type\":\"WebPage\",\"@id\":\"https:\/\/ticaret.edu.tr\/ticaret-ve-finans-enstitusu\/ana-sayfa\/akademik\/kilavuzlar\/\",\"url\":\"https:\/\/ticaret.edu.tr\/ticaret-ve-finans-enstitusu\/ana-sayfa\/akademik\/kilavuzlar\/\",\"name\":\"K\u0131lavuzlar - Ticaret ve Finans Enstit\u00fcs\u00fc\",\"isPartOf\":{\"@id\":\"http:\/\/ticaret.edu.tr\/ticaret-ve-finans-enstitusu\/en\/#website\"},\"datePublished\":\"2025-11-04T08:06:27+00:00\",\"dateModified\":\"2026-03-16T06:36:33+00:00\",\"breadcrumb\":{\"@id\":\"https:\/\/ticaret.edu.tr\/ticaret-ve-finans-enstitusu\/ana-sayfa\/akademik\/kilavuzlar\/#breadcrumb\"},\"inLanguage\":\"tr\",\"potentialAction\":[{\"@type\":\"ReadAction\",\"target\":[\"https:\/\/ticaret.edu.tr\/ticaret-ve-finans-enstitusu\/ana-sayfa\/akademik\/kilavuzlar\/\"]}]},{\"@type\":\"BreadcrumbList\",\"@id\":\"https:\/\/ticaret.edu.tr\/ticaret-ve-finans-enstitusu\/ana-sayfa\/akademik\/kilavuzlar\/#breadcrumb\",\"itemListElement\":[{\"@type\":\"ListItem\",\"position\":1,\"name\":\"Ana sayfa\",\"item\":\"https:\/\/ticaret.edu.tr\/ticaret-ve-finans-enstitusu\/\"},{\"@type\":\"ListItem\",\"position\":2,\"name\":\"Ana Sayfa\",\"item\":\"https:\/\/ticaret.edu.tr\/ticaret-ve-finans-enstitusu\/\"},{\"@type\":\"ListItem\",\"position\":3,\"name\":\"Akademik\",\"item\":\"https:\/\/ticaret.edu.tr\/ticaret-ve-finans-enstitusu\/ana-sayfa\/akademik\/\"},{\"@type\":\"ListItem\",\"position\":4,\"name\":\"K\u0131lavuzlar\"}]},{\"@type\":\"WebSite\",\"@id\":\"http:\/\/ticaret.edu.tr\/ticaret-ve-finans-enstitusu\/en\/#website\",\"url\":\"http:\/\/ticaret.edu.tr\/ticaret-ve-finans-enstitusu\/en\/\",\"name\":\"Ticaret ve Finans Enstit\u00fcs\u00fc\",\"description\":\"\",\"potentialAction\":[{\"@type\":\"SearchAction\",\"target\":{\"@type\":\"EntryPoint\",\"urlTemplate\":\"http:\/\/ticaret.edu.tr\/ticaret-ve-finans-enstitusu\/en\/?s={search_term_string}\"},\"query-input\":\"required name=search_term_string\"}],\"inLanguage\":\"tr\"}]}<\/script>\n<!-- \/ Yoast SEO Premium plugin. -->","yoast_head_json":{"title":"K\u0131lavuzlar - Ticaret ve Finans Enstit\u00fcs\u00fc","robots":{"index":"index","follow":"follow","max-snippet":"max-snippet:-1","max-image-preview":"max-image-preview:large","max-video-preview":"max-video-preview:-1"},"canonical":"https:\/\/ticaret.edu.tr\/ticaret-ve-finans-enstitusu\/ana-sayfa\/akademik\/kilavuzlar\/","og_locale":"tr_TR","og_type":"article","og_title":"K\u0131lavuzlar","og_description":"Tez Yaz\u0131m K\u0131lavuzlar\u0131 Tez Yaz\u0131m K\u0131lavuzu Tez Yaz\u0131m \u015eablonu-Sosyal-Bilimler \u00d6nemli Not *\u00a0 24 \u015eubat 2026 tarihinden itibaren haz\u0131rlanacak tezler, web sayfas\u0131nda yay\u0131mlanan Tez Yaz\u0131m K\u0131lavuzu\u2019na uygun olarak haz\u0131rlanmal\u0131d\u0131r. * \u00d6\u011frenciler, tezlerini haz\u0131rlarken bi\u00e7imsel kolayl\u0131k sa\u011flamak amac\u0131yla kendilerine uygun \u015fablonlar\u0131 kullanabilirler. Tezlerin \u015fekil ve format bak\u0131m\u0131ndan ilgili \u015fablonlara uygun olmas\u0131 zorunludur. * Yay\u0131n \u015fart\u0131na ili\u015fkin detayl\u0131 [&hellip;]","og_url":"https:\/\/ticaret.edu.tr\/ticaret-ve-finans-enstitusu\/ana-sayfa\/akademik\/kilavuzlar\/","og_site_name":"Ticaret ve Finans Enstit\u00fcs\u00fc","article_publisher":"https:\/\/www.facebook.com\/ticaretedutr","article_modified_time":"2026-03-16T06:36:33+00:00","og_image":[{"width":1250,"height":833,"url":"http:\/\/ticaret.edu.tr\/ticaret-ve-finans-enstitusu\/wp-content\/uploads\/sites\/36\/2021\/11\/web_logo-01.jpg","type":"image\/jpeg"}],"twitter_card":"summary_large_image","twitter_site":"@ticaretedutr","twitter_misc":{"Tahmini okuma s\u00fcresi":"1 dakika"},"schema":{"@context":"https:\/\/schema.org","@graph":[{"@type":"WebPage","@id":"https:\/\/ticaret.edu.tr\/ticaret-ve-finans-enstitusu\/ana-sayfa\/akademik\/kilavuzlar\/","url":"https:\/\/ticaret.edu.tr\/ticaret-ve-finans-enstitusu\/ana-sayfa\/akademik\/kilavuzlar\/","name":"K\u0131lavuzlar - Ticaret ve Finans Enstit\u00fcs\u00fc","isPartOf":{"@id":"http:\/\/ticaret.edu.tr\/ticaret-ve-finans-enstitusu\/en\/#website"},"datePublished":"2025-11-04T08:06:27+00:00","dateModified":"2026-03-16T06:36:33+00:00","breadcrumb":{"@id":"https:\/\/ticaret.edu.tr\/ticaret-ve-finans-enstitusu\/ana-sayfa\/akademik\/kilavuzlar\/#breadcrumb"},"inLanguage":"tr","potentialAction":[{"@type":"ReadAction","target":["https:\/\/ticaret.edu.tr\/ticaret-ve-finans-enstitusu\/ana-sayfa\/akademik\/kilavuzlar\/"]}]},{"@type":"BreadcrumbList","@id":"https:\/\/ticaret.edu.tr\/ticaret-ve-finans-enstitusu\/ana-sayfa\/akademik\/kilavuzlar\/#breadcrumb","itemListElement":[{"@type":"ListItem","position":1,"name":"Ana sayfa","item":"https:\/\/ticaret.edu.tr\/ticaret-ve-finans-enstitusu\/"},{"@type":"ListItem","position":2,"name":"Ana Sayfa","item":"https:\/\/ticaret.edu.tr\/ticaret-ve-finans-enstitusu\/"},{"@type":"ListItem","position":3,"name":"Akademik","item":"https:\/\/ticaret.edu.tr\/ticaret-ve-finans-enstitusu\/ana-sayfa\/akademik\/"},{"@type":"ListItem","position":4,"name":"K\u0131lavuzlar"}]},{"@type":"WebSite","@id":"http:\/\/ticaret.edu.tr\/ticaret-ve-finans-enstitusu\/en\/#website","url":"http:\/\/ticaret.edu.tr\/ticaret-ve-finans-enstitusu\/en\/","name":"Ticaret ve Finans Enstit\u00fcs\u00fc","description":"","potentialAction":[{"@type":"SearchAction","target":{"@type":"EntryPoint","urlTemplate":"http:\/\/ticaret.edu.tr\/ticaret-ve-finans-enstitusu\/en\/?s={search_term_string}"},"query-input":"required name=search_term_string"}],"inLanguage":"tr"}]}},"lang":"tr","translations":{"en":3287,"tr":2978},"pll_sync_post":[],"_links":{"self":[{"href":"http:\/\/ticaret.edu.tr\/ticaret-ve-finans-enstitusu\/wp-json\/wp\/v2\/pages\/2978"}],"collection":[{"href":"http:\/\/ticaret.edu.tr\/ticaret-ve-finans-enstitusu\/wp-json\/wp\/v2\/pages"}],"about":[{"href":"http:\/\/ticaret.edu.tr\/ticaret-ve-finans-enstitusu\/wp-json\/wp\/v2\/types\/page"}],"author":[{"embeddable":true,"href":"http:\/\/ticaret.edu.tr\/ticaret-ve-finans-enstitusu\/wp-json\/wp\/v2\/users\/87"}],"replies":[{"embeddable":true,"href":"http:\/\/ticaret.edu.tr\/ticaret-ve-finans-enstitusu\/wp-json\/wp\/v2\/comments?post=2978"}],"version-history":[{"count":18,"href":"http:\/\/ticaret.edu.tr\/ticaret-ve-finans-enstitusu\/wp-json\/wp\/v2\/pages\/2978\/revisions"}],"predecessor-version":[{"id":3460,"href":"http:\/\/ticaret.edu.tr\/ticaret-ve-finans-enstitusu\/wp-json\/wp\/v2\/pages\/2978\/revisions\/3460"}],"up":[{"embeddable":true,"href":"http:\/\/ticaret.edu.tr\/ticaret-ve-finans-enstitusu\/wp-json\/wp\/v2\/pages\/29"}],"wp:attachment":[{"href":"http:\/\/ticaret.edu.tr\/ticaret-ve-finans-enstitusu\/wp-json\/wp\/v2\/media?parent=2978"}],"curies":[{"name":"wp","href":"https:\/\/api.w.org\/{rel}","templated":true}]}}