{"id":5,"date":"2020-07-20T07:44:10","date_gmt":"2020-07-20T04:44:10","guid":{"rendered":"http:\/\/ticaret.edu.tr\/usuam\/?page_id=5"},"modified":"2025-02-26T14:18:25","modified_gmt":"2025-02-26T11:18:25","slug":"ana-sayfa","status":"publish","type":"page","link":"http:\/\/ticaret.edu.tr\/ulastirma-sistemleri-uygulama-ve-arastirma-merkezi\/","title":{"rendered":"Ana Sayfa"},"content":{"rendered":"<h2>\u0130stanbul Ticaret \u00dcniversitesi Ula\u015ft\u0131rma Sistemleri Uygulama ve Ara\u015ft\u0131rma Merkezi, bir yandan kamu kurum ve \u00f6zel sekt\u00f6r kurulu\u015flar\u0131yla ula\u015f\u0131m projeleri y\u00fcr\u00fct\u00fcrken, di\u011fer yandan da alanda \u00e7al\u0131\u015fanlara y\u00fcksek lisans program\u0131 sunuyor.<\/h2>\n<p><span class=\"large\">\u0130stanbul Ticaret \u00dcniversitesi Ula\u015ft\u0131rma Sistemleri Uygulama ve Ara\u015ft\u0131rma Merkezi, ula\u015f\u0131m alan\u0131nda ilgili \u00f6zel sekt\u00f6r temsilcilerini, merkezi y\u00f6netim, yerel y\u00f6netim, sivil toplum kurulu\u015flar\u0131 ve \u00fcniversiteleri bir araya getirerek, ortak projeler yap\u0131labilmesi i\u00e7in koordinasyon sa\u011flamaktad\u0131r. Merkez, ayn\u0131 zamanda akademik \u00e7al\u0131\u015fmalar\u0131n yan\u0131 s\u0131ra e\u011fitim ve proje faaliyetlerinde de bulunmaktad\u0131r.<\/span><\/p>\n<p><span class=\"large\">Merkez olarak, ula\u015f\u0131m ana plan\u0131, lojistik ana plan\u0131, trafik g\u00fcvenli\u011fi, toplu ta\u015f\u0131ma planlama, y\u00f6netim ve iyile\u015ftirme, fizibilite et\u00fcd \u00e7al\u0131\u015fmalar\u0131 gibi bir\u00e7ok proje ve raporlamalar yap\u0131lmaktad\u0131r. Bu \u00e7er\u00e7evede donan\u0131ml\u0131 i\u015f g\u00fcc\u00fcn\u00fc ortaya \u00e7\u0131kararak, k\u0131s\u0131tl\u0131 kayna\u011f\u0131n en etkin bir \u015fekilde yerel ve merkezi y\u00f6netimlerce kullan\u0131lmas\u0131n\u0131 sa\u011flamaya y\u00f6nelik e\u011fitim faaliyetleri y\u00fcr\u00fct\u00fclmektedir. <\/span><\/p>\n<p><span class=\"large\"><strong>TRAF\u0130KTE K\u00dc\u00c7\u00dcK HATA YOKTUR<\/strong><\/span><\/p>\n<p><span class=\"large\">Merkezin Milli E\u011fitim Bakanl\u0131\u011f\u0131 \u00d6zel \u00d6\u011fretim Kurumlar\u0131 Genel M\u00fcd\u00fcrl\u00fc\u011f\u00fc ile beraber y\u00fcr\u00fctt\u00fc\u011f\u00fc \u2018Trafikte K\u00fc\u00e7\u00fck Hata Yoktur!\u2019 sosyal sorumluluk projemizle ilkokul \u00e7a\u011f\u0131ndaki miniklerimize, hem g\u00f6rsel hem i\u015fitsel bir e\u011fitim y\u00f6ntemi olarak tiyatro g\u00f6sterileriyle, \u2018a\u011fa\u00e7 ya\u015f iken e\u011filir\u2019 bak\u0131\u015f a\u00e7\u0131s\u0131yla trafik kurallar\u0131n\u0131n \u00f6\u011fretilmesi ama\u00e7lanm\u0131\u015ft\u0131r ve \u00e7al\u0131\u015fmalar bu ama\u00e7 do\u011frultusunda devam etmektedir. \u015eimdiye kadar proje kapsam\u0131nda 224 g\u00f6steri ile 31 bin 418 \u00f6\u011frenciye, aileleriyle birlikte toplam 126 bin ki\u015fiye ula\u015f\u0131ld\u0131. Kamu spotu ile ana ak\u0131m medya da dahil olmak \u00fczere 7 bin 285 g\u00f6sterim ger\u00e7ekle\u015ftirildi. Projenin sosyal medya hesaplar\u0131nda toplam 27 bin 500 takip\u00e7iye ula\u015f\u0131ld\u0131. Pandemi nedeniyle tiyatral g\u00f6sterilerin videosunun hem sosyal medyadan hem de EBA \u00fczerinden \u00f6\u011frencilerle payla\u015f\u0131lmas\u0131 hedeflenmektedir. <\/span><span class=\"large\">Ayr\u0131ca Merkez M\u00fcd\u00fcr\u00fcm\u00fcz Say\u0131n ILICALI, proje kapsam\u0131nda her hafta Radyo Trafik\u2019te \u2018Trafikte K\u00fc\u00e7\u00fck Hata Yoktur\u2019 isimli bir program yapmaktad\u0131r.<\/span><\/p>\n<p><span class=\"large\"><strong><img loading=\"lazy\" decoding=\"async\" src=\"https:\/\/www.itohaber.com\/Archive\/2021\/3\/23\/215557_resource\/tkhy1.jpg\" alt=\"\" width=\"670\" height=\"402\" \/><\/strong><\/span><\/p>\n<p><span class=\"large\"><strong>KENTSEL S\u0130STEMLER ve ULA\u015eTIRMA Y\u00d6NET\u0130M\u0130 Y\u00dcKSEK L\u0130SANS PROGRAMI: Y\u00dcZLERCE MEZUN VERD\u0130K<\/strong><\/span><\/p>\n<p><span class=\"large\">E\u011fitim faaliyetleri kapsam\u0131nda y\u0131llard\u0131r yerel ve merkezi y\u00f6netimlerle i\u015fbirli\u011fi yap\u0131larak devam ettirilen Kentsel Sistemler ve Ula\u015ft\u0131rma Y\u00f6netimi Y\u00fcksek Lisans program\u0131 ile y\u00fczlerce mezun verdik! Bu programa a\u011f\u0131rl\u0131kl\u0131 olarak yerel ve merkezi y\u00f6netimlerde \u00e7al\u0131\u015fanlarla kurumlar\u0131n kentsel, ula\u015f\u0131m ve trafik birimlerinde g\u00f6rev yapan ki\u015filer ba\u015fvurmaktad\u0131r. Programla yerel ve merkezi y\u00f6netim \u00e7al\u0131\u015fanlar\u0131n\u0131n kentsel ula\u015f\u0131m ve trafik konular\u0131nda bilgi birikimi art\u0131r\u0131larak daha kaliteli bir hizmetin verilmesine katk\u0131 sa\u011flanmaktad\u0131r.<\/span><\/p>\n<p><span class=\"large\"><strong>METROB\u00dcSE ALTERNAT\u0130F S\u0130STEM<\/strong><\/span><\/p>\n<p><span class=\"large\">\u0130stanbul Elektrikli Tramvay ve T\u00fcnel \u0130\u015fletmeleri Genel M\u00fcd\u00fcrl\u00fc\u011f\u00fc (\u0130ETT) ile metrob\u00fcs sisteminden daha y\u00fcksek kapasiteli ve ayn\u0131 g\u00fczergahta faaliyet g\u00f6steren bir sistem \u00fczerinde \u00e7al\u0131\u015fmalar\u0131m\u0131z devam etmektedir. Bu \u00e7al\u0131\u015fma kapsam\u0131nda, metrob\u00fcs\u00fcn mevcut kapasitesinden daha fazla kapasitede yolcu ta\u015f\u0131yabilecek sistemler ile mevcut metrob\u00fcs sistemi bir\u00e7ok kriter g\u00f6z \u00f6n\u00fcne al\u0131narak kar\u015f\u0131la\u015ft\u0131racak; fiyat performans\u0131 a\u00e7\u0131s\u0131ndan en uygulanabilir ve optimum sistem \u00f6nerisi getirilecektir. Bu projeyle, \u0130stanbul\u2019un toplu ta\u015f\u0131ma sistemindeki yo\u011funlu\u011funun daha az olmas\u0131 ve toplu ta\u015f\u0131ma ara\u00e7lar\u0131ndaki bula\u015f riskinin azalmas\u0131 \u00f6ng\u00f6r\u00fclmektedir.<\/span><\/p>\n<p><span class=\"large\"><strong><img loading=\"lazy\" decoding=\"async\" src=\"https:\/\/www.itohaber.com\/Archive\/2021\/3\/23\/215557_resource\/grafik.jpg\" alt=\"\" width=\"670\" height=\"445\" \/><\/strong><\/span><\/p>\n<p><span class=\"large\"><strong>T\u00dcRK\u0130YE\u2019N\u0130N HER YER\u0130NDE PROJE Y\u00dcR\u00dcT\u00dcYORUZ<\/strong><\/span><\/p>\n<p><span class=\"large\">T\u00fcrkiye\u2019nin bir\u00e7ok b\u00f6lgesinde \u00e7e\u015fitli projeler y\u00fcr\u00fctmeye devam ediyoruz. ASELSAN ile Yurti\u00e7i Anahat Sinyalizasyon \u0130htiya\u00e7lar\u0131na Dair Analiz \u00e7al\u0131\u015fmalar yap\u0131lm\u0131\u015f olup, haz\u0131rlanan raporla sinyalizasyon projelerinin yerlile\u015ftirilmesi \u00e7al\u0131\u015fmalar\u0131na katk\u0131 sa\u011flanm\u0131\u015ft\u0131r.<\/span><\/p>\n<p><span class=\"large\"><img loading=\"lazy\" decoding=\"async\" src=\"https:\/\/www.itohaber.com\/Archive\/2021\/3\/23\/215557_resource\/mustafa_ilicali-1.jpg\" alt=\"\" width=\"278\" height=\"343\" \/><\/span><\/p>\n<p><span class=\"large\">T\u00dcB\u0130TAK Marmara Ara\u015ft\u0131rma Merkezi ve YAZ-KAR ile birlikte ula\u015f\u0131m ve yolcu yo\u011funluk modelleme \u00e7al\u0131\u015fmas\u0131 kapsam\u0131nda toplu ta\u015f\u0131ma ara\u00e7lar\u0131nda iklimlendirme sistemleri kullan\u0131larak koronavir\u00fcse kar\u015f\u0131 sterilizasyon sisteminin test edilmesi ve geli\u015ftirilmesine y\u00f6nelik \u00e7al\u0131\u015fmalar da yap\u0131lmaktad\u0131r. Bu \u00e7al\u0131\u015fmalar\u0131n sonu\u00e7lar\u0131 ilgili yerlere raporlanmaya devam etmektedir.<\/span><\/p>\n<p><span class=\"large\">Halihaz\u0131rda Samsun B\u00fcy\u00fck\u015fehir Belediyesi, Bursa B\u00fcy\u00fck\u015fehir Belediyesi, Sakarya B\u00fcy\u00fck\u015fehir Belediyesi, Zonguldak Belediyesi gibi belediyelerle \u00e7al\u0131\u015fmalar s\u00fcrmekte ve di\u011fer belediyelerden gelen talepler de kar\u015f\u0131lanmaya devam etmektedir.<\/span><\/p>\n","protected":false},"excerpt":{"rendered":"<p>\u0130stanbul Ticaret \u00dcniversitesi Ula\u015ft\u0131rma Sistemleri Uygulama ve Ara\u015ft\u0131rma Merkezi, bir yandan kamu kurum ve \u00f6zel sekt\u00f6r kurulu\u015flar\u0131yla ula\u015f\u0131m projeleri y\u00fcr\u00fct\u00fcrken, di\u011fer yandan da alanda \u00e7al\u0131\u015fanlara y\u00fcksek lisans program\u0131 sunuyor. \u0130stanbul Ticaret \u00dcniversitesi Ula\u015ft\u0131rma Sistemleri Uygulama ve Ara\u015ft\u0131rma Merkezi, ula\u015f\u0131m alan\u0131nda ilgili \u00f6zel sekt\u00f6r temsilcilerini, merkezi y\u00f6netim, yerel y\u00f6netim, sivil toplum kurulu\u015flar\u0131 ve \u00fcniversiteleri bir araya [&hellip;]<\/p>\n","protected":false},"author":101,"featured_media":0,"parent":0,"menu_order":0,"comment_status":"closed","ping_status":"closed","template":"pages\/homepage.php","meta":{"footnotes":""},"yoast_head":"<!-- This site is optimized with the Yoast SEO Premium plugin v22.1 (Yoast SEO v22.1) - https:\/\/yoast.com\/wordpress\/plugins\/seo\/ -->\n<title>Ana Sayfa - Ula\u015ft\u0131rma Sistemleri Uygulama ve Ara\u015ft\u0131rma Merkezi<\/title>\n<meta name=\"robots\" content=\"index, follow, max-snippet:-1, max-image-preview:large, max-video-preview:-1\" \/>\n<link rel=\"canonical\" href=\"http:\/\/ticaret.edu.tr\/ulastirma-sistemleri-uygulama-ve-arastirma-merkezi\/\" \/>\n<meta property=\"og:locale\" content=\"tr_TR\" \/>\n<meta property=\"og:type\" content=\"article\" \/>\n<meta property=\"og:title\" content=\"Ana Sayfa\" \/>\n<meta property=\"og:description\" content=\"\u0130stanbul Ticaret \u00dcniversitesi Ula\u015ft\u0131rma Sistemleri Uygulama ve Ara\u015ft\u0131rma Merkezi, bir yandan kamu kurum ve \u00f6zel sekt\u00f6r kurulu\u015flar\u0131yla ula\u015f\u0131m projeleri y\u00fcr\u00fct\u00fcrken, di\u011fer yandan da alanda \u00e7al\u0131\u015fanlara y\u00fcksek lisans program\u0131 sunuyor. \u0130stanbul Ticaret \u00dcniversitesi Ula\u015ft\u0131rma Sistemleri Uygulama ve Ara\u015ft\u0131rma Merkezi, ula\u015f\u0131m alan\u0131nda ilgili \u00f6zel sekt\u00f6r temsilcilerini, merkezi y\u00f6netim, yerel y\u00f6netim, sivil toplum kurulu\u015flar\u0131 ve \u00fcniversiteleri bir araya [&hellip;]\" \/>\n<meta property=\"og:url\" content=\"http:\/\/ticaret.edu.tr\/ulastirma-sistemleri-uygulama-ve-arastirma-merkezi\/\" \/>\n<meta property=\"og:site_name\" content=\"Ula\u015ft\u0131rma Sistemleri Uygulama ve Ara\u015ft\u0131rma Merkezi\" \/>\n<meta property=\"article:publisher\" content=\"https:\/\/www.facebook.com\/ticaretedutr\" \/>\n<meta property=\"article:modified_time\" content=\"2025-02-26T11:18:25+00:00\" \/>\n<meta property=\"og:image\" content=\"https:\/\/www.itohaber.com\/Archive\/2021\/3\/23\/215557_resource\/tkhy1.jpg\" \/>\n<meta name=\"twitter:card\" content=\"summary_large_image\" \/>\n<meta name=\"twitter:site\" content=\"@ticaretedutr\" \/>\n<meta name=\"twitter:label1\" content=\"Tahmini okuma s\u00fcresi\" \/>\n\t<meta name=\"twitter:data1\" content=\"4 dakika\" \/>\n<script type=\"application\/ld+json\" class=\"yoast-schema-graph\">{\"@context\":\"https:\/\/schema.org\",\"@graph\":[{\"@type\":\"WebPage\",\"@id\":\"http:\/\/ticaret.edu.tr\/ulastirma-sistemleri-uygulama-ve-arastirma-merkezi\/\",\"url\":\"http:\/\/ticaret.edu.tr\/ulastirma-sistemleri-uygulama-ve-arastirma-merkezi\/\",\"name\":\"Ana Sayfa - Ula\u015ft\u0131rma Sistemleri Uygulama ve Ara\u015ft\u0131rma Merkezi\",\"isPartOf\":{\"@id\":\"http:\/\/ticaret.edu.tr\/ulastirma-sistemleri-uygulama-ve-arastirma-merkezi\/en\/#website\"},\"datePublished\":\"2020-07-20T04:44:10+00:00\",\"dateModified\":\"2025-02-26T11:18:25+00:00\",\"breadcrumb\":{\"@id\":\"http:\/\/ticaret.edu.tr\/ulastirma-sistemleri-uygulama-ve-arastirma-merkezi\/#breadcrumb\"},\"inLanguage\":\"tr\",\"potentialAction\":[{\"@type\":\"ReadAction\",\"target\":[\"http:\/\/ticaret.edu.tr\/ulastirma-sistemleri-uygulama-ve-arastirma-merkezi\/\"]}]},{\"@type\":\"BreadcrumbList\",\"@id\":\"http:\/\/ticaret.edu.tr\/ulastirma-sistemleri-uygulama-ve-arastirma-merkezi\/#breadcrumb\",\"itemListElement\":[{\"@type\":\"ListItem\",\"position\":1,\"name\":\"Ana sayfa\",\"item\":\"http:\/\/ticaret.edu.tr\/ulastirma-sistemleri-uygulama-ve-arastirma-merkezi\/\"},{\"@type\":\"ListItem\",\"position\":2,\"name\":\"Ana Sayfa\"}]},{\"@type\":\"WebSite\",\"@id\":\"http:\/\/ticaret.edu.tr\/ulastirma-sistemleri-uygulama-ve-arastirma-merkezi\/en\/#website\",\"url\":\"http:\/\/ticaret.edu.tr\/ulastirma-sistemleri-uygulama-ve-arastirma-merkezi\/en\/\",\"name\":\"Ula\u015ft\u0131rma Sistemleri Uygulama ve Ara\u015ft\u0131rma Merkezi\",\"description\":\"Bir ba\u015fka \u0130stanbul Ticaret \u00dcniversitesi site sitesi\",\"potentialAction\":[{\"@type\":\"SearchAction\",\"target\":{\"@type\":\"EntryPoint\",\"urlTemplate\":\"http:\/\/ticaret.edu.tr\/ulastirma-sistemleri-uygulama-ve-arastirma-merkezi\/en\/?s={search_term_string}\"},\"query-input\":\"required name=search_term_string\"}],\"inLanguage\":\"tr\"}]}<\/script>\n<!-- \/ Yoast SEO Premium plugin. -->","yoast_head_json":{"title":"Ana Sayfa - Ula\u015ft\u0131rma Sistemleri Uygulama ve Ara\u015ft\u0131rma Merkezi","robots":{"index":"index","follow":"follow","max-snippet":"max-snippet:-1","max-image-preview":"max-image-preview:large","max-video-preview":"max-video-preview:-1"},"canonical":"http:\/\/ticaret.edu.tr\/ulastirma-sistemleri-uygulama-ve-arastirma-merkezi\/","og_locale":"tr_TR","og_type":"article","og_title":"Ana Sayfa","og_description":"\u0130stanbul Ticaret \u00dcniversitesi Ula\u015ft\u0131rma Sistemleri Uygulama ve Ara\u015ft\u0131rma Merkezi, bir yandan kamu kurum ve \u00f6zel sekt\u00f6r kurulu\u015flar\u0131yla ula\u015f\u0131m projeleri y\u00fcr\u00fct\u00fcrken, di\u011fer yandan da alanda \u00e7al\u0131\u015fanlara y\u00fcksek lisans program\u0131 sunuyor. \u0130stanbul Ticaret \u00dcniversitesi Ula\u015ft\u0131rma Sistemleri Uygulama ve Ara\u015ft\u0131rma Merkezi, ula\u015f\u0131m alan\u0131nda ilgili \u00f6zel sekt\u00f6r temsilcilerini, merkezi y\u00f6netim, yerel y\u00f6netim, sivil toplum kurulu\u015flar\u0131 ve \u00fcniversiteleri bir araya [&hellip;]","og_url":"http:\/\/ticaret.edu.tr\/ulastirma-sistemleri-uygulama-ve-arastirma-merkezi\/","og_site_name":"Ula\u015ft\u0131rma Sistemleri Uygulama ve Ara\u015ft\u0131rma Merkezi","article_publisher":"https:\/\/www.facebook.com\/ticaretedutr","article_modified_time":"2025-02-26T11:18:25+00:00","og_image":[{"url":"https:\/\/www.itohaber.com\/Archive\/2021\/3\/23\/215557_resource\/tkhy1.jpg"}],"twitter_card":"summary_large_image","twitter_site":"@ticaretedutr","twitter_misc":{"Tahmini okuma s\u00fcresi":"4 dakika"},"schema":{"@context":"https:\/\/schema.org","@graph":[{"@type":"WebPage","@id":"http:\/\/ticaret.edu.tr\/ulastirma-sistemleri-uygulama-ve-arastirma-merkezi\/","url":"http:\/\/ticaret.edu.tr\/ulastirma-sistemleri-uygulama-ve-arastirma-merkezi\/","name":"Ana Sayfa - Ula\u015ft\u0131rma Sistemleri Uygulama ve Ara\u015ft\u0131rma Merkezi","isPartOf":{"@id":"http:\/\/ticaret.edu.tr\/ulastirma-sistemleri-uygulama-ve-arastirma-merkezi\/en\/#website"},"datePublished":"2020-07-20T04:44:10+00:00","dateModified":"2025-02-26T11:18:25+00:00","breadcrumb":{"@id":"http:\/\/ticaret.edu.tr\/ulastirma-sistemleri-uygulama-ve-arastirma-merkezi\/#breadcrumb"},"inLanguage":"tr","potentialAction":[{"@type":"ReadAction","target":["http:\/\/ticaret.edu.tr\/ulastirma-sistemleri-uygulama-ve-arastirma-merkezi\/"]}]},{"@type":"BreadcrumbList","@id":"http:\/\/ticaret.edu.tr\/ulastirma-sistemleri-uygulama-ve-arastirma-merkezi\/#breadcrumb","itemListElement":[{"@type":"ListItem","position":1,"name":"Ana sayfa","item":"http:\/\/ticaret.edu.tr\/ulastirma-sistemleri-uygulama-ve-arastirma-merkezi\/"},{"@type":"ListItem","position":2,"name":"Ana Sayfa"}]},{"@type":"WebSite","@id":"http:\/\/ticaret.edu.tr\/ulastirma-sistemleri-uygulama-ve-arastirma-merkezi\/en\/#website","url":"http:\/\/ticaret.edu.tr\/ulastirma-sistemleri-uygulama-ve-arastirma-merkezi\/en\/","name":"Ula\u015ft\u0131rma Sistemleri Uygulama ve Ara\u015ft\u0131rma Merkezi","description":"Bir ba\u015fka \u0130stanbul Ticaret \u00dcniversitesi site sitesi","potentialAction":[{"@type":"SearchAction","target":{"@type":"EntryPoint","urlTemplate":"http:\/\/ticaret.edu.tr\/ulastirma-sistemleri-uygulama-ve-arastirma-merkezi\/en\/?s={search_term_string}"},"query-input":"required name=search_term_string"}],"inLanguage":"tr"}]}},"lang":"tr","translations":{"en":93,"tr":5},"pll_sync_post":[],"_links":{"self":[{"href":"http:\/\/ticaret.edu.tr\/ulastirma-sistemleri-uygulama-ve-arastirma-merkezi\/wp-json\/wp\/v2\/pages\/5"}],"collection":[{"href":"http:\/\/ticaret.edu.tr\/ulastirma-sistemleri-uygulama-ve-arastirma-merkezi\/wp-json\/wp\/v2\/pages"}],"about":[{"href":"http:\/\/ticaret.edu.tr\/ulastirma-sistemleri-uygulama-ve-arastirma-merkezi\/wp-json\/wp\/v2\/types\/page"}],"author":[{"embeddable":true,"href":"http:\/\/ticaret.edu.tr\/ulastirma-sistemleri-uygulama-ve-arastirma-merkezi\/wp-json\/wp\/v2\/users\/101"}],"replies":[{"embeddable":true,"href":"http:\/\/ticaret.edu.tr\/ulastirma-sistemleri-uygulama-ve-arastirma-merkezi\/wp-json\/wp\/v2\/comments?post=5"}],"version-history":[{"count":7,"href":"http:\/\/ticaret.edu.tr\/ulastirma-sistemleri-uygulama-ve-arastirma-merkezi\/wp-json\/wp\/v2\/pages\/5\/revisions"}],"predecessor-version":[{"id":262,"href":"http:\/\/ticaret.edu.tr\/ulastirma-sistemleri-uygulama-ve-arastirma-merkezi\/wp-json\/wp\/v2\/pages\/5\/revisions\/262"}],"wp:attachment":[{"href":"http:\/\/ticaret.edu.tr\/ulastirma-sistemleri-uygulama-ve-arastirma-merkezi\/wp-json\/wp\/v2\/media?parent=5"}],"curies":[{"name":"wp","href":"https:\/\/api.w.org\/{rel}","templated":true}]}}