{"id":6,"date":"2020-07-20T07:44:24","date_gmt":"2020-07-20T04:44:24","guid":{"rendered":"http:\/\/ticaret.edu.tr\/usuam\/?page_id=6"},"modified":"2025-02-26T14:19:13","modified_gmt":"2025-02-26T11:19:13","slug":"hakkimizda","status":"publish","type":"page","link":"http:\/\/ticaret.edu.tr\/ulastirma-sistemleri-uygulama-ve-arastirma-merkezi\/hakkimizda\/","title":{"rendered":"Hakk\u0131m\u0131zda"},"content":{"rendered":"<p>Ula\u015f\u0131m; g\u00fcn\u00fcm\u00fcz d\u00fcnyas\u0131nda k\u00fcreselle\u015fme ve ekonomik b\u00fcy\u00fcmeye paralel olarak h\u0131zl\u0131 bir geli\u015fim g\u00f6stermektedir. \u00d6zellikle \u00fclkemizde mega projeler genellikle ula\u015ft\u0131rma sistemleriyle alakal\u0131 projeler olmu\u015ftur.<\/p>\n<p>Merkez faaliyetleri; 3 ana ba\u015fl\u0131k alt\u0131nda toplanmaktad\u0131r:<\/p>\n<p>1- Akademik Faaliyetler: Merkezimiz, sempozyum, konferans, kongre, ve fualara kat\u0131l\u0131mlar\u0131n\u0131n yan\u0131 s\u0131ra, \u0130stanbul Ticaret \u00dcniversitesi, Kentsel Sistemler ve Ula\u015ft\u0131rma Y\u00f6netimi Y\u00fcksek Lisans Program\u0131n\u0131n da Anabilim Dal\u0131 Ba\u015fkanl\u0131\u011f\u0131&#8217;n\u0131 y\u00fcr\u00fctmektedir. \u00d6zellikle, belediye \u00e7al\u0131\u015fanlar\u0131na avantaj sa\u011flayacak \u015fekilde T\u00fcrkiye Belediyeler Birli\u011fi ile yap\u0131lan protokolle, her ge\u00e7en d\u00f6nem mezun say\u0131m\u0131z artmaktad\u0131r.<\/p>\n<p>2- Projeler: T\u00fcrkiye&#8217;nin d\u00f6rt bir yan\u0131nda projelerimiz hayata ge\u00e7mi\u015f ve ge\u00e7meye devam etmektedir. Projeler, rapor \u00e7al\u0131\u015fmalar\u0131, fizibilite et\u00fcdleri, dan\u0131\u015fmanl\u0131k, proje ve uygulama \u00e7al\u0131\u015fmalar\u0131n\u0131 kapsamaktad\u0131r.<\/p>\n<p>3- Medya: Merkezimiz, \u00f6zellikle Merkez m\u00fcd\u00fcr\u00fcm\u00fcz Say\u0131n Prof. Dr. Mustafa ILICALI&#8217;n\u0131n gayretiyle ula\u015f\u0131m konusunda \u00f6nemli bir isim yapm\u0131\u015f kurulu\u015ftur. Ula\u015f\u0131m ve trafik alanlar\u0131nda merkez olarak yapt\u0131\u011f\u0131m\u0131z de\u011ferlendirmeler ve a\u00e7\u0131klamalar medyan\u0131n yo\u011fun ilgisini g\u00f6rmektedir.<\/p>\n<p><strong>Y\u00d6NET\u0130M KURULU\u00a0<\/strong><\/p>\n<p>1. Prof. Dr. Mustafa ILICALI (Merkez M\u00fcd\u00fcr\u00fc)<br \/>\n2. Doc. Dr. R. G\u00fclay \u00d6ZT\u00dcRK<br \/>\n3. Prof. Dr. Bet\u00fcl G\u00dcR<\/p>\n<p><strong>DANI\u015eMA KURULU\u00a0<\/strong><\/p>\n<p>Prof. Dr. Mustafa ILICALI, \u0130stanbul Ticaret \u00dcniversitesi<br \/>\nProf. Dr. El\u00e7in AYKA\u00c7 ALP, \u0130stanbul Ticaret \u00dcniversitesi<br \/>\nProf. Dr. Halit \u00d6ZEN, \u0130stanbul Teknik \u00dcniversitesi<br \/>\nDo\u00e7. Dr. \u015eefik MEM\u0130\u015e, \u0130stanbul Ticaret \u00dcniversitesi<br \/>\nDr. S\u00fcreyya TAYFUR, MAKYOL A.\u015e.<br \/>\nDr. Hakan \u0130NA\u00c7, T.C. Ula\u015ft\u0131rma ve Altyap\u0131 Bakanl\u0131\u011f\u0131<br \/>\nDr. Recep Yener B\u0130RL\u0130KER, Karayollar\u0131 Genel M\u00fcd\u00fcrl\u00fc\u011f\u00fc<br \/>\nDr. Mehmet \u00c7a\u011fr\u0131 KIZILTA\u015e, \u0130stanbul Ticaret \u00dcniversitesi<br \/>\nG\u00fcl\u00fcmser LEKPEK, Y.\u00c7evre Tasar\u0131mc\u0131\/Mimar<br \/>\n\u0130brahim AYBAR, Trafikte Ortak Ak\u0131l Projeleri Derne\u011fi<br \/>\nFatih \u00c7AKMAK, T.C. Ula\u015ft\u0131rma ve Altyap\u0131 Bakanl\u0131\u011f\u0131 DHM\u0130<br \/>\nFatih TURAN, T.C. \u00c7evre \u015eehircilik ve \u0130klim De\u011fi\u015fikli\u011fi Bakanl\u0131\u011f\u0131<br \/>\nM. Melik\u015fah \u00c7AKALO\u011eLU, Ula\u015ft\u0131rma M\u00fchendisi<\/p>\n<p>&nbsp;<\/p>\n<p>&nbsp;<\/p>\n<p>&nbsp;<\/p>\n<p style=\"text-align: left\">Prof. Dr. Mustafa ILICALI<\/p>\n<p style=\"text-align: left\">Merkez M\u00fcd\u00fcr\u00fc<\/p>\n<p style=\"text-align: left\">Dahili: 4373<br \/>\nmilicali@ticaret.edu.tr<\/p>\n<p>&nbsp;<\/p>\n<p>&nbsp;<\/p>\n<p>&nbsp;<\/p>\n<p>&nbsp;<\/p>\n<p>&nbsp;<\/p>\n<p>&nbsp;<\/p>\n<p><strong><u>Ula\u015ft\u0131rma Sistemleri Uygulama Ara\u015ft\u0131rma Merkezinin Kurulu\u015f Ama\u00e7lar\u0131:<\/u><\/strong><\/p>\n<ol>\n<li>Ula\u015f\u0131m planlamas\u0131 ve altyap\u0131s\u0131 konular\u0131nda bilimsel ara\u015ft\u0131rma yapmak.<\/li>\n<\/ol>\n<ol start=\"2\">\n<li>Trafik d\u00fczen ve g\u00fcvenli\u011finin art\u0131r\u0131lmas\u0131na y\u00f6nelik, e\u011fitim, ara\u015ft\u0131rma yapmak, uygulamalara katk\u0131da bulunmak,<\/li>\n<\/ol>\n<ol start=\"3\">\n<li>\u00d6zellikle \u015fehir i\u00e7i ula\u015f\u0131ma \u00f6zel bir \u00f6nem atfederek, ula\u015ft\u0131rma sistemleri ve planlamas\u0131 \u00fczerine akademik \u00e7al\u0131\u015fmalar y\u00fcr\u00fctmek, bu \u00e7er\u00e7evede ilgili merkezi ve yerel birimlerle ili\u015fki kurmak,<\/li>\n<\/ol>\n<ol start=\"4\">\n<li>\u00dclkemizdeki kentle\u015fme politikalar\u0131n\u0131 da g\u00f6z \u00f6n\u00fcne alarak, ula\u015f\u0131m konusunda \u00e7ok disiplinli bir yakla\u015f\u0131m ile ara\u015ft\u0131rma ve \u00e7al\u0131\u015fmalar yapmak, gerekli kurumlara raporlar haz\u0131rlamak,<\/li>\n<\/ol>\n<ol start=\"5\">\n<li>Ama\u00e7lar\u0131n\u0131 geli\u015ftirmek maksad\u0131 ile yurt i\u00e7i ve yurt d\u0131\u015f\u0131, milli ve milletler aras\u0131, ula\u015ft\u0131rma ile ilgili konferanslar d\u00fczenlemek, konferanslara kat\u0131lmak,<\/li>\n<\/ol>\n<ol start=\"6\">\n<li>\u00dcniversite ile \u00f6zel ve kamu kurulu\u015flar\u0131 aras\u0131nda dan\u0131\u015fma, e\u011fitim ve ara\u015ft\u0131rma ili\u015fkileri kurmak. \u0130\u00e7 ve d\u0131\u015f yay\u0131nlar\u0131 derleyerek kitapl\u0131k ve dok\u00fcmantasyon merkezi kurmak. Amac\u0131na uygun olarak kurs, seminer, konferans, kongreler d\u00fczenlemek ve bunlarla ilgili yay\u0131nlar yapmak,<\/li>\n<\/ol>\n<ol start=\"7\">\n<li>B\u00f6lgesel, kentsel ve ulusal ula\u015ft\u0131rma politikalar\u0131 hakk\u0131nda \u00e7al\u0131\u015fmalar yaparak konu ile ilgili seminer ve e\u011fitim \u00e7al\u0131\u015fmalar\u0131 d\u00fczenlemek,<\/li>\n<\/ol>\n<ol start=\"8\">\n<li>Yurtd\u0131\u015f\u0131nda bu konuda ileri merkez ve laboratuarlarla ortak \u00e7al\u0131\u015fmalar yapmakt\u0131r.<\/li>\n<\/ol>\n<p><strong>Proje Konular\u0131:<\/strong><\/p>\n<p>1- Ula\u015f\u0131m Master Plan\u0131<\/p>\n<p>2- Kenti\u00e7i Ula\u015f\u0131m ve Trafik Planlamas\u0131<\/p>\n<p>3- Trafik D\u00fczenleme Projeleri<\/p>\n<p>a)Trafik Sirk\u00fclasyonu<\/p>\n<p>b)Geometrik D\u00fczenleme<\/p>\n<p>c)\u015eerit Disiplini<\/p>\n<p>d)Yatay ve D\u00fc\u015fey \u0130\u015faretleme<\/p>\n<p>e)Sinyalizasyon<\/p>\n<p>4- Ula\u015f\u0131m Planlamas\u0131<\/p>\n<p>a)Toplu Ula\u015f\u0131m Planlamas\u0131<\/p>\n<p>b)Lojistik K\u00f6y Planlamas\u0131<\/p>\n<p>c)Demiryolu Projeleri<\/p>\n<p>d)\u0130\u015f ve\u00a0Avm Ula\u015f\u0131m\u00a0ve Trafik Et\u00fctleri<\/p>\n<p>e)Kav\u015fak ve Yol Uygulama Projeleri<\/p>\n<p>f)A\u00e7\u0131k ve Kapal\u0131 Otopark \u0130\u00e7 Sirk\u00fclasyon Projeleri<\/p>\n<p><strong><u>Ara\u015ft\u0131rma Raporu Konular\u0131m\u0131z<\/u><\/strong><\/p>\n<ul>\n<li>Kenti\u00e7i ula\u015ft\u0131rma sistemlerinin verimlilik ara\u015ft\u0131rmas\u0131<\/li>\n<li>\u015eehirleraras\u0131 otob\u00fcs i\u015fletmecili\u011finde fayda maliyet analizleri, verimlilik de\u011ferlendirmeleri<\/li>\n<li>Kenti\u00e7i ula\u015f\u0131m\u0131nda transfer merkezleri<\/li>\n<li>Trafik kaza analizleri<\/li>\n<li>\u015eehiri\u00e7i ve \u015fehirleraras\u0131 yollarda trafik g\u00fcvenli\u011fi<\/li>\n<li>\u015eehirleraras\u0131 otob\u00fcs i\u015fletmecili\u011finde otogar planlamas\u0131<\/li>\n<li>Otopark y\u00f6netimi ve i\u015fletmesi<\/li>\n<li>S\u00fcr\u00fcc\u00fc psikolojisinin trafik g\u00fcvenli\u011fine etkileri<\/li>\n<\/ul>\n<p><strong><u>S\u00fcrekli E\u011fitim Konular\u0131m\u0131z<\/u><\/strong><\/p>\n<ul>\n<li>Trafik g\u00fcvenli\u011fi<\/li>\n<li>\u00dcstyap\u0131 \u00fcretim a\u015famalar\u0131 ve dikkat edilmesi gereken hususlar<\/li>\n<li>Esnek \u00fcstyap\u0131 bak\u0131m teknikleri<\/li>\n<li>Ula\u015ft\u0131rmada proje y\u00f6netimi<\/li>\n<li>Alternatif kenti\u00e7i ula\u015ft\u0131rma sistemleri<\/li>\n<\/ul>\n<p><strong>Metropollerde arazi kullan\u0131m\u0131 \u00fczerine yakla\u015f\u0131mlar<\/strong><\/p>\n<ul>\n<li>\u015eehirlerde trafik kontrol\u00fc ve y\u00f6netimi<\/li>\n<li>Kenti\u00e7i ula\u015ft\u0131rmada aus\u2019un katk\u0131lar\u0131<\/li>\n<li>Ula\u015ft\u0131rma planlamas\u0131nda ekonomi<\/li>\n<li>\u015eehirlerde afet ve acil durum y\u00f6netimi<\/li>\n<li>Kentsel hukuk yakla\u015f\u0131mlar\u0131 ve a\u015famalar\u0131<\/li>\n<li>Yeni d\u00f6nem izli sistemler<\/li>\n<li>Ula\u015ft\u0131rma sistemlerinin entegrasyonu<\/li>\n<\/ul>\n<p>&nbsp;<\/p>\n","protected":false},"excerpt":{"rendered":"<p>Ula\u015f\u0131m; g\u00fcn\u00fcm\u00fcz d\u00fcnyas\u0131nda k\u00fcreselle\u015fme ve ekonomik b\u00fcy\u00fcmeye paralel olarak h\u0131zl\u0131 bir geli\u015fim g\u00f6stermektedir. \u00d6zellikle \u00fclkemizde mega projeler genellikle ula\u015ft\u0131rma sistemleriyle alakal\u0131 projeler olmu\u015ftur. Merkez faaliyetleri; 3 ana ba\u015fl\u0131k alt\u0131nda toplanmaktad\u0131r: 1- Akademik Faaliyetler: Merkezimiz, sempozyum, konferans, kongre, ve fualara kat\u0131l\u0131mlar\u0131n\u0131n yan\u0131 s\u0131ra, \u0130stanbul Ticaret \u00dcniversitesi, Kentsel Sistemler ve Ula\u015ft\u0131rma Y\u00f6netimi Y\u00fcksek Lisans Program\u0131n\u0131n da Anabilim [&hellip;]<\/p>\n","protected":false},"author":142,"featured_media":0,"parent":0,"menu_order":0,"comment_status":"closed","ping_status":"closed","template":"genel_sayfa.php","meta":{"footnotes":""},"yoast_head":"<!-- This site is optimized with the Yoast SEO Premium plugin v22.1 (Yoast SEO v22.1) - https:\/\/yoast.com\/wordpress\/plugins\/seo\/ -->\n<title>Hakk\u0131m\u0131zda - Ula\u015ft\u0131rma Sistemleri Uygulama ve Ara\u015ft\u0131rma Merkezi<\/title>\n<meta name=\"description\" content=\"Merkez faaliyetleri; 3 ana ba\u015fl\u0131k alt\u0131nda toplanmaktad\u0131r: Akademik Faaliyetler, Projeler, Medya.\" \/>\n<meta name=\"robots\" content=\"index, follow, max-snippet:-1, max-image-preview:large, max-video-preview:-1\" \/>\n<link rel=\"canonical\" href=\"https:\/\/ticaret.edu.tr\/ulastirma-sistemleri-uygulama-ve-arastirma-merkezi\/hakkimizda\/\" \/>\n<meta property=\"og:locale\" content=\"tr_TR\" \/>\n<meta property=\"og:type\" content=\"article\" \/>\n<meta property=\"og:title\" content=\"Hakk\u0131m\u0131zda\" \/>\n<meta property=\"og:description\" content=\"Merkez faaliyetleri; 3 ana ba\u015fl\u0131k alt\u0131nda toplanmaktad\u0131r: Akademik Faaliyetler, Projeler, Medya.\" \/>\n<meta property=\"og:url\" content=\"https:\/\/ticaret.edu.tr\/ulastirma-sistemleri-uygulama-ve-arastirma-merkezi\/hakkimizda\/\" \/>\n<meta property=\"og:site_name\" content=\"Ula\u015ft\u0131rma Sistemleri Uygulama ve Ara\u015ft\u0131rma Merkezi\" \/>\n<meta property=\"article:publisher\" content=\"https:\/\/www.facebook.com\/ticaretedutr\" \/>\n<meta property=\"article:modified_time\" content=\"2025-02-26T11:19:13+00:00\" \/>\n<meta property=\"og:image\" content=\"http:\/\/ticaret.edu.tr\/ulastirma-sistemleri-uygulama-ve-arastirma-merkezi\/wp-content\/uploads\/sites\/53\/2021\/11\/web_logo-01.jpg\" \/>\n\t<meta property=\"og:image:width\" content=\"1250\" \/>\n\t<meta property=\"og:image:height\" content=\"833\" \/>\n\t<meta property=\"og:image:type\" content=\"image\/jpeg\" \/>\n<meta name=\"twitter:card\" content=\"summary_large_image\" \/>\n<meta name=\"twitter:site\" content=\"@ticaretedutr\" \/>\n<meta name=\"twitter:label1\" content=\"Tahmini okuma s\u00fcresi\" \/>\n\t<meta name=\"twitter:data1\" content=\"4 dakika\" \/>\n<script type=\"application\/ld+json\" class=\"yoast-schema-graph\">{\"@context\":\"https:\/\/schema.org\",\"@graph\":[{\"@type\":\"WebPage\",\"@id\":\"https:\/\/ticaret.edu.tr\/ulastirma-sistemleri-uygulama-ve-arastirma-merkezi\/hakkimizda\/\",\"url\":\"https:\/\/ticaret.edu.tr\/ulastirma-sistemleri-uygulama-ve-arastirma-merkezi\/hakkimizda\/\",\"name\":\"Hakk\u0131m\u0131zda - Ula\u015ft\u0131rma Sistemleri Uygulama ve Ara\u015ft\u0131rma Merkezi\",\"isPartOf\":{\"@id\":\"https:\/\/ticaret.edu.tr\/ulastirma-sistemleri-uygulama-ve-arastirma-merkezi\/#website\"},\"datePublished\":\"2020-07-20T04:44:24+00:00\",\"dateModified\":\"2025-02-26T11:19:13+00:00\",\"description\":\"Merkez faaliyetleri; 3 ana ba\u015fl\u0131k alt\u0131nda toplanmaktad\u0131r: Akademik Faaliyetler, Projeler, Medya.\",\"breadcrumb\":{\"@id\":\"https:\/\/ticaret.edu.tr\/ulastirma-sistemleri-uygulama-ve-arastirma-merkezi\/hakkimizda\/#breadcrumb\"},\"inLanguage\":\"tr\",\"potentialAction\":[{\"@type\":\"ReadAction\",\"target\":[\"https:\/\/ticaret.edu.tr\/ulastirma-sistemleri-uygulama-ve-arastirma-merkezi\/hakkimizda\/\"]}]},{\"@type\":\"BreadcrumbList\",\"@id\":\"https:\/\/ticaret.edu.tr\/ulastirma-sistemleri-uygulama-ve-arastirma-merkezi\/hakkimizda\/#breadcrumb\",\"itemListElement\":[{\"@type\":\"ListItem\",\"position\":1,\"name\":\"Ana sayfa\",\"item\":\"https:\/\/ticaret.edu.tr\/ulastirma-sistemleri-uygulama-ve-arastirma-merkezi\/\"},{\"@type\":\"ListItem\",\"position\":2,\"name\":\"Hakk\u0131m\u0131zda\"}]},{\"@type\":\"WebSite\",\"@id\":\"https:\/\/ticaret.edu.tr\/ulastirma-sistemleri-uygulama-ve-arastirma-merkezi\/#website\",\"url\":\"https:\/\/ticaret.edu.tr\/ulastirma-sistemleri-uygulama-ve-arastirma-merkezi\/\",\"name\":\"Ula\u015ft\u0131rma Sistemleri Uygulama ve Ara\u015ft\u0131rma Merkezi\",\"description\":\"Bir ba\u015fka \u0130stanbul Ticaret \u00dcniversitesi site sitesi\",\"potentialAction\":[{\"@type\":\"SearchAction\",\"target\":{\"@type\":\"EntryPoint\",\"urlTemplate\":\"https:\/\/ticaret.edu.tr\/ulastirma-sistemleri-uygulama-ve-arastirma-merkezi\/?s={search_term_string}\"},\"query-input\":\"required name=search_term_string\"}],\"inLanguage\":\"tr\"}]}<\/script>\n<!-- \/ Yoast SEO Premium plugin. -->","yoast_head_json":{"title":"Hakk\u0131m\u0131zda - Ula\u015ft\u0131rma Sistemleri Uygulama ve Ara\u015ft\u0131rma Merkezi","description":"Merkez faaliyetleri; 3 ana ba\u015fl\u0131k alt\u0131nda toplanmaktad\u0131r: Akademik Faaliyetler, Projeler, Medya.","robots":{"index":"index","follow":"follow","max-snippet":"max-snippet:-1","max-image-preview":"max-image-preview:large","max-video-preview":"max-video-preview:-1"},"canonical":"https:\/\/ticaret.edu.tr\/ulastirma-sistemleri-uygulama-ve-arastirma-merkezi\/hakkimizda\/","og_locale":"tr_TR","og_type":"article","og_title":"Hakk\u0131m\u0131zda","og_description":"Merkez faaliyetleri; 3 ana ba\u015fl\u0131k alt\u0131nda toplanmaktad\u0131r: Akademik Faaliyetler, Projeler, Medya.","og_url":"https:\/\/ticaret.edu.tr\/ulastirma-sistemleri-uygulama-ve-arastirma-merkezi\/hakkimizda\/","og_site_name":"Ula\u015ft\u0131rma Sistemleri Uygulama ve Ara\u015ft\u0131rma Merkezi","article_publisher":"https:\/\/www.facebook.com\/ticaretedutr","article_modified_time":"2025-02-26T11:19:13+00:00","og_image":[{"width":1250,"height":833,"url":"http:\/\/ticaret.edu.tr\/ulastirma-sistemleri-uygulama-ve-arastirma-merkezi\/wp-content\/uploads\/sites\/53\/2021\/11\/web_logo-01.jpg","type":"image\/jpeg"}],"twitter_card":"summary_large_image","twitter_site":"@ticaretedutr","twitter_misc":{"Tahmini okuma s\u00fcresi":"4 dakika"},"schema":{"@context":"https:\/\/schema.org","@graph":[{"@type":"WebPage","@id":"https:\/\/ticaret.edu.tr\/ulastirma-sistemleri-uygulama-ve-arastirma-merkezi\/hakkimizda\/","url":"https:\/\/ticaret.edu.tr\/ulastirma-sistemleri-uygulama-ve-arastirma-merkezi\/hakkimizda\/","name":"Hakk\u0131m\u0131zda - Ula\u015ft\u0131rma Sistemleri Uygulama ve Ara\u015ft\u0131rma Merkezi","isPartOf":{"@id":"https:\/\/ticaret.edu.tr\/ulastirma-sistemleri-uygulama-ve-arastirma-merkezi\/#website"},"datePublished":"2020-07-20T04:44:24+00:00","dateModified":"2025-02-26T11:19:13+00:00","description":"Merkez faaliyetleri; 3 ana ba\u015fl\u0131k alt\u0131nda toplanmaktad\u0131r: Akademik Faaliyetler, Projeler, Medya.","breadcrumb":{"@id":"https:\/\/ticaret.edu.tr\/ulastirma-sistemleri-uygulama-ve-arastirma-merkezi\/hakkimizda\/#breadcrumb"},"inLanguage":"tr","potentialAction":[{"@type":"ReadAction","target":["https:\/\/ticaret.edu.tr\/ulastirma-sistemleri-uygulama-ve-arastirma-merkezi\/hakkimizda\/"]}]},{"@type":"BreadcrumbList","@id":"https:\/\/ticaret.edu.tr\/ulastirma-sistemleri-uygulama-ve-arastirma-merkezi\/hakkimizda\/#breadcrumb","itemListElement":[{"@type":"ListItem","position":1,"name":"Ana sayfa","item":"https:\/\/ticaret.edu.tr\/ulastirma-sistemleri-uygulama-ve-arastirma-merkezi\/"},{"@type":"ListItem","position":2,"name":"Hakk\u0131m\u0131zda"}]},{"@type":"WebSite","@id":"https:\/\/ticaret.edu.tr\/ulastirma-sistemleri-uygulama-ve-arastirma-merkezi\/#website","url":"https:\/\/ticaret.edu.tr\/ulastirma-sistemleri-uygulama-ve-arastirma-merkezi\/","name":"Ula\u015ft\u0131rma Sistemleri Uygulama ve Ara\u015ft\u0131rma Merkezi","description":"Bir ba\u015fka \u0130stanbul Ticaret \u00dcniversitesi site sitesi","potentialAction":[{"@type":"SearchAction","target":{"@type":"EntryPoint","urlTemplate":"https:\/\/ticaret.edu.tr\/ulastirma-sistemleri-uygulama-ve-arastirma-merkezi\/?s={search_term_string}"},"query-input":"required name=search_term_string"}],"inLanguage":"tr"}]}},"lang":"tr","translations":{"en":173,"tr":6},"pll_sync_post":[],"_links":{"self":[{"href":"http:\/\/ticaret.edu.tr\/ulastirma-sistemleri-uygulama-ve-arastirma-merkezi\/wp-json\/wp\/v2\/pages\/6"}],"collection":[{"href":"http:\/\/ticaret.edu.tr\/ulastirma-sistemleri-uygulama-ve-arastirma-merkezi\/wp-json\/wp\/v2\/pages"}],"about":[{"href":"http:\/\/ticaret.edu.tr\/ulastirma-sistemleri-uygulama-ve-arastirma-merkezi\/wp-json\/wp\/v2\/types\/page"}],"author":[{"embeddable":true,"href":"http:\/\/ticaret.edu.tr\/ulastirma-sistemleri-uygulama-ve-arastirma-merkezi\/wp-json\/wp\/v2\/users\/142"}],"replies":[{"embeddable":true,"href":"http:\/\/ticaret.edu.tr\/ulastirma-sistemleri-uygulama-ve-arastirma-merkezi\/wp-json\/wp\/v2\/comments?post=6"}],"version-history":[{"count":10,"href":"http:\/\/ticaret.edu.tr\/ulastirma-sistemleri-uygulama-ve-arastirma-merkezi\/wp-json\/wp\/v2\/pages\/6\/revisions"}],"predecessor-version":[{"id":259,"href":"http:\/\/ticaret.edu.tr\/ulastirma-sistemleri-uygulama-ve-arastirma-merkezi\/wp-json\/wp\/v2\/pages\/6\/revisions\/259"}],"wp:attachment":[{"href":"http:\/\/ticaret.edu.tr\/ulastirma-sistemleri-uygulama-ve-arastirma-merkezi\/wp-json\/wp\/v2\/media?parent=6"}],"curies":[{"name":"wp","href":"https:\/\/api.w.org\/{rel}","templated":true}]}}