{"id":1334,"date":"2025-01-26T16:20:51","date_gmt":"2025-01-26T13:20:51","guid":{"rendered":"https:\/\/ticaret.edu.tr\/uluslararasi-ticaret\/?page_id=1334"},"modified":"2025-07-11T10:52:54","modified_gmt":"2025-07-11T07:52:54","slug":"giris-yazisi","status":"publish","type":"page","link":"http:\/\/ticaret.edu.tr\/uluslararasi-ticaret\/giris-yazisi\/","title":{"rendered":"Giri\u015f Yaz\u0131s\u0131"},"content":{"rendered":"<p>Uluslararas\u0131 Ticaret, \u0130\u015fletme Fak\u00fcltesi b\u00fcnyesinde d\u00f6rt y\u0131ll\u0131k lisans e\u011fitimi veren bir programd\u0131r. E\u011fitim dili \u0130ngilizcedir. Bir y\u0131l s\u00fcren \u0130ngilizce Haz\u0131rl\u0131k Program\u0131 e\u011fitimi K\u00fc\u00e7\u00fckyal\u0131 yerle\u015fkesinde, lisans e\u011fitimi ise S\u00fctl\u00fcce yerle\u015fkesinde verilmektedir.<\/p>\n<p>Uluslararas\u0131 Ticaret B\u00f6l\u00fcm\u00fcm\u00fcz, \u00f6\u011frencilere k\u00fcresel pazarda ba\u015far\u0131l\u0131 olmak i\u00e7in gerekli bilgi ve becerileri kazand\u0131rmak \u00fczere kurulmu\u015f bir b\u00f6l\u00fcmd\u00fcr. Uluslararas\u0131 ticaret, ekonomileri \u015fekillendirmede ve s\u0131n\u0131r \u00f6tesi i\u015f birli\u011fini te\u015fvik etmede giderek daha \u00f6nemli bir rol oynad\u0131k\u00e7a, program\u0131m\u0131z \u00f6\u011frencileri k\u00fcresel ticaret ortam\u0131nda daha da \u00f6n plana \u00e7\u0131kmaktad\u0131r.<\/p>\n<p>M\u00fcfredat\u0131m\u0131z, uluslararas\u0131 ticaret politikalar\u0131, ekonomik teoriler ve k\u00fcresel pazarlar\u0131n dinamikleri hakk\u0131nda kapsaml\u0131 bir anlay\u0131\u015f sa\u011flamak \u00fczere %100 \u0130ngilizce olarak tasarlanm\u0131\u015ft\u0131r. Uluslararas\u0131 ticaret hukuku, d\u0131\u015f ticaret finansman\u0131, k\u00fcresel tedarik zinciri y\u00f6netimi ve d\u0131\u015f ticaret y\u00f6netimi gibi temel alanlar\u0131 kapsayan \u00e7e\u015fitli dersler sunmaktad\u0131r. Hem teoriye hem de pratik uygulamaya d\u00f6n\u00fck olarak, \u00f6\u011frencilerimiz ger\u00e7ek d\u00fcnya vaka \u00e7al\u0131\u015fmalar\u0131na, stajlara ve uluslararas\u0131 de\u011fi\u015fim programlar\u0131na kat\u0131lmaya te\u015fvik edilmektedir. Bu sayede hem ufuklar\u0131n\u0131 geli\u015ftirmeleri hem de farkl\u0131 k\u00fclt\u00fcrlerle i\u015fbirli\u011fi yaparak k\u00fcresel ekonominin gerektirdi\u011fi \u00f6zelliklere sahip bireyler olarak yeti\u015febilmeleri m\u00fcmk\u00fcn olmaktad\u0131r.<\/p>\n<p>Uluslararas\u0131 Ticaret B\u00f6l\u00fcm\u00fc\u2019nde ders veren \u00f6\u011fretim \u00fcyeleri, k\u00fcresel ekonomi, d\u0131\u015f ticaret uygulamalar\u0131 ve uluslararas\u0131 pazar stratejileri konusunda derin uzmanl\u0131\u011fa sahip, alanlar\u0131nda tan\u0131nm\u0131\u015f akademisyenler ve deneyimli profesyonellerdir. B\u00f6l\u00fcm\u00fcm\u00fcz, sekt\u00f6rlerinde \u00f6nde gelen firmalar, devlet kurumlar\u0131 ve uluslararas\u0131 kurulu\u015flarla g\u00fc\u00e7l\u00fc ba\u011flant\u0131lar s\u00fcrd\u00fcrerek \u00f6\u011frencilere hem kamu hem de \u00f6zel sekt\u00f6rde \u00f6nemli a\u011f kurma f\u0131rsatlar\u0131 ve kariyer yollar\u0131 sa\u011flamaktad\u0131r.<\/p>\n<p>\u0130ster d\u0131\u015f ticaret alan\u0131nda uzmanla\u015fm\u0131\u015f bir profesyonel ister k\u00fcresel bir giri\u015fimci olmay\u0131 hedefliyor olun, b\u00f6l\u00fcm\u00fcm\u00fcz akademik ve profesyonel geli\u015fiminize destek verecek tecr\u00fcbeye sahiptir. Bize kat\u0131l\u0131n ve yenilik\u00e7ili\u011fi, ele\u015ftirel d\u00fc\u015f\u00fcnmeyi ve ticarete k\u00fcresel bir bak\u0131\u015f a\u00e7\u0131s\u0131n\u0131 te\u015fvik eden dinamik bir \u00f6\u011frenme ortam\u0131n\u0131n par\u00e7as\u0131 olun.<\/p>\n<p>Do\u00e7. Dr. Cihat K\u00d6KSAL<\/p>\n<p>B\u00f6l\u00fcm Ba\u015fkan\u0131<\/p>\n","protected":false},"excerpt":{"rendered":"<p>Uluslararas\u0131 Ticaret, \u0130\u015fletme Fak\u00fcltesi b\u00fcnyesinde d\u00f6rt y\u0131ll\u0131k lisans e\u011fitimi veren bir programd\u0131r. E\u011fitim dili \u0130ngilizcedir. Bir y\u0131l s\u00fcren \u0130ngilizce Haz\u0131rl\u0131k Program\u0131 e\u011fitimi K\u00fc\u00e7\u00fckyal\u0131 yerle\u015fkesinde, lisans e\u011fitimi ise S\u00fctl\u00fcce yerle\u015fkesinde verilmektedir. Uluslararas\u0131 Ticaret B\u00f6l\u00fcm\u00fcm\u00fcz, \u00f6\u011frencilere k\u00fcresel pazarda ba\u015far\u0131l\u0131 olmak i\u00e7in gerekli bilgi ve becerileri kazand\u0131rmak \u00fczere kurulmu\u015f bir b\u00f6l\u00fcmd\u00fcr. Uluslararas\u0131 ticaret, ekonomileri \u015fekillendirmede ve s\u0131n\u0131r \u00f6tesi [&hellip;]<\/p>\n","protected":false},"author":215,"featured_media":0,"parent":0,"menu_order":0,"comment_status":"closed","ping_status":"closed","template":"genel_sayfa.php","meta":{"footnotes":""},"yoast_head":"<!-- This site is optimized with the Yoast SEO Premium plugin v22.1 (Yoast SEO v22.1) - https:\/\/yoast.com\/wordpress\/plugins\/seo\/ -->\n<title>Giri\u015f Yaz\u0131s\u0131 - Uluslararas\u0131 Ticaret<\/title>\n<meta name=\"robots\" content=\"index, follow, max-snippet:-1, max-image-preview:large, max-video-preview:-1\" \/>\n<link rel=\"canonical\" href=\"http:\/\/ticaret.edu.tr\/uluslararasi-ticaret\/giris-yazisi\/\" \/>\n<meta property=\"og:locale\" content=\"tr_TR\" \/>\n<meta property=\"og:type\" content=\"article\" \/>\n<meta property=\"og:title\" content=\"Giri\u015f Yaz\u0131s\u0131\" \/>\n<meta property=\"og:description\" content=\"Uluslararas\u0131 Ticaret, \u0130\u015fletme Fak\u00fcltesi b\u00fcnyesinde d\u00f6rt y\u0131ll\u0131k lisans e\u011fitimi veren bir programd\u0131r. E\u011fitim dili \u0130ngilizcedir. Bir y\u0131l s\u00fcren \u0130ngilizce Haz\u0131rl\u0131k Program\u0131 e\u011fitimi K\u00fc\u00e7\u00fckyal\u0131 yerle\u015fkesinde, lisans e\u011fitimi ise S\u00fctl\u00fcce yerle\u015fkesinde verilmektedir. Uluslararas\u0131 Ticaret B\u00f6l\u00fcm\u00fcm\u00fcz, \u00f6\u011frencilere k\u00fcresel pazarda ba\u015far\u0131l\u0131 olmak i\u00e7in gerekli bilgi ve becerileri kazand\u0131rmak \u00fczere kurulmu\u015f bir b\u00f6l\u00fcmd\u00fcr. Uluslararas\u0131 ticaret, ekonomileri \u015fekillendirmede ve s\u0131n\u0131r \u00f6tesi [&hellip;]\" \/>\n<meta property=\"og:url\" content=\"http:\/\/ticaret.edu.tr\/uluslararasi-ticaret\/giris-yazisi\/\" \/>\n<meta property=\"og:site_name\" content=\"Uluslararas\u0131 Ticaret\" \/>\n<meta property=\"article:publisher\" content=\"https:\/\/www.facebook.com\/ticaretedutr\" \/>\n<meta property=\"article:modified_time\" content=\"2025-07-11T07:52:54+00:00\" \/>\n<meta property=\"og:image\" content=\"http:\/\/ticaret.edu.tr\/uluslararasi-ticaret\/wp-content\/uploads\/sites\/18\/2021\/11\/web_logo-01.jpg\" \/>\n\t<meta property=\"og:image:width\" content=\"1250\" \/>\n\t<meta property=\"og:image:height\" content=\"833\" \/>\n\t<meta property=\"og:image:type\" content=\"image\/jpeg\" \/>\n<meta name=\"twitter:card\" content=\"summary_large_image\" \/>\n<meta name=\"twitter:site\" content=\"@ticaretedutr\" \/>\n<meta name=\"twitter:label1\" content=\"Tahmini okuma s\u00fcresi\" \/>\n\t<meta name=\"twitter:data1\" content=\"2 dakika\" \/>\n<script type=\"application\/ld+json\" class=\"yoast-schema-graph\">{\"@context\":\"https:\/\/schema.org\",\"@graph\":[{\"@type\":\"WebPage\",\"@id\":\"http:\/\/ticaret.edu.tr\/uluslararasi-ticaret\/giris-yazisi\/\",\"url\":\"http:\/\/ticaret.edu.tr\/uluslararasi-ticaret\/giris-yazisi\/\",\"name\":\"Giri\u015f Yaz\u0131s\u0131 - Uluslararas\u0131 Ticaret\",\"isPartOf\":{\"@id\":\"https:\/\/ticaret.edu.tr\/uluslararasi-ticaret\/#website\"},\"datePublished\":\"2025-01-26T13:20:51+00:00\",\"dateModified\":\"2025-07-11T07:52:54+00:00\",\"breadcrumb\":{\"@id\":\"http:\/\/ticaret.edu.tr\/uluslararasi-ticaret\/giris-yazisi\/#breadcrumb\"},\"inLanguage\":\"tr\",\"potentialAction\":[{\"@type\":\"ReadAction\",\"target\":[\"http:\/\/ticaret.edu.tr\/uluslararasi-ticaret\/giris-yazisi\/\"]}]},{\"@type\":\"BreadcrumbList\",\"@id\":\"http:\/\/ticaret.edu.tr\/uluslararasi-ticaret\/giris-yazisi\/#breadcrumb\",\"itemListElement\":[{\"@type\":\"ListItem\",\"position\":1,\"name\":\"Ana sayfa\",\"item\":\"https:\/\/ticaret.edu.tr\/uluslararasi-ticaret\/\"},{\"@type\":\"ListItem\",\"position\":2,\"name\":\"Giri\u015f Yaz\u0131s\u0131\"}]},{\"@type\":\"WebSite\",\"@id\":\"https:\/\/ticaret.edu.tr\/uluslararasi-ticaret\/#website\",\"url\":\"https:\/\/ticaret.edu.tr\/uluslararasi-ticaret\/\",\"name\":\"Uluslararas\u0131 Ticaret\",\"description\":\"\",\"potentialAction\":[{\"@type\":\"SearchAction\",\"target\":{\"@type\":\"EntryPoint\",\"urlTemplate\":\"https:\/\/ticaret.edu.tr\/uluslararasi-ticaret\/?s={search_term_string}\"},\"query-input\":\"required name=search_term_string\"}],\"inLanguage\":\"tr\"}]}<\/script>\n<!-- \/ Yoast SEO Premium plugin. -->","yoast_head_json":{"title":"Giri\u015f Yaz\u0131s\u0131 - Uluslararas\u0131 Ticaret","robots":{"index":"index","follow":"follow","max-snippet":"max-snippet:-1","max-image-preview":"max-image-preview:large","max-video-preview":"max-video-preview:-1"},"canonical":"http:\/\/ticaret.edu.tr\/uluslararasi-ticaret\/giris-yazisi\/","og_locale":"tr_TR","og_type":"article","og_title":"Giri\u015f Yaz\u0131s\u0131","og_description":"Uluslararas\u0131 Ticaret, \u0130\u015fletme Fak\u00fcltesi b\u00fcnyesinde d\u00f6rt y\u0131ll\u0131k lisans e\u011fitimi veren bir programd\u0131r. E\u011fitim dili \u0130ngilizcedir. Bir y\u0131l s\u00fcren \u0130ngilizce Haz\u0131rl\u0131k Program\u0131 e\u011fitimi K\u00fc\u00e7\u00fckyal\u0131 yerle\u015fkesinde, lisans e\u011fitimi ise S\u00fctl\u00fcce yerle\u015fkesinde verilmektedir. Uluslararas\u0131 Ticaret B\u00f6l\u00fcm\u00fcm\u00fcz, \u00f6\u011frencilere k\u00fcresel pazarda ba\u015far\u0131l\u0131 olmak i\u00e7in gerekli bilgi ve becerileri kazand\u0131rmak \u00fczere kurulmu\u015f bir b\u00f6l\u00fcmd\u00fcr. Uluslararas\u0131 ticaret, ekonomileri \u015fekillendirmede ve s\u0131n\u0131r \u00f6tesi [&hellip;]","og_url":"http:\/\/ticaret.edu.tr\/uluslararasi-ticaret\/giris-yazisi\/","og_site_name":"Uluslararas\u0131 Ticaret","article_publisher":"https:\/\/www.facebook.com\/ticaretedutr","article_modified_time":"2025-07-11T07:52:54+00:00","og_image":[{"width":1250,"height":833,"url":"http:\/\/ticaret.edu.tr\/uluslararasi-ticaret\/wp-content\/uploads\/sites\/18\/2021\/11\/web_logo-01.jpg","type":"image\/jpeg"}],"twitter_card":"summary_large_image","twitter_site":"@ticaretedutr","twitter_misc":{"Tahmini okuma s\u00fcresi":"2 dakika"},"schema":{"@context":"https:\/\/schema.org","@graph":[{"@type":"WebPage","@id":"http:\/\/ticaret.edu.tr\/uluslararasi-ticaret\/giris-yazisi\/","url":"http:\/\/ticaret.edu.tr\/uluslararasi-ticaret\/giris-yazisi\/","name":"Giri\u015f Yaz\u0131s\u0131 - Uluslararas\u0131 Ticaret","isPartOf":{"@id":"https:\/\/ticaret.edu.tr\/uluslararasi-ticaret\/#website"},"datePublished":"2025-01-26T13:20:51+00:00","dateModified":"2025-07-11T07:52:54+00:00","breadcrumb":{"@id":"http:\/\/ticaret.edu.tr\/uluslararasi-ticaret\/giris-yazisi\/#breadcrumb"},"inLanguage":"tr","potentialAction":[{"@type":"ReadAction","target":["http:\/\/ticaret.edu.tr\/uluslararasi-ticaret\/giris-yazisi\/"]}]},{"@type":"BreadcrumbList","@id":"http:\/\/ticaret.edu.tr\/uluslararasi-ticaret\/giris-yazisi\/#breadcrumb","itemListElement":[{"@type":"ListItem","position":1,"name":"Ana sayfa","item":"https:\/\/ticaret.edu.tr\/uluslararasi-ticaret\/"},{"@type":"ListItem","position":2,"name":"Giri\u015f Yaz\u0131s\u0131"}]},{"@type":"WebSite","@id":"https:\/\/ticaret.edu.tr\/uluslararasi-ticaret\/#website","url":"https:\/\/ticaret.edu.tr\/uluslararasi-ticaret\/","name":"Uluslararas\u0131 Ticaret","description":"","potentialAction":[{"@type":"SearchAction","target":{"@type":"EntryPoint","urlTemplate":"https:\/\/ticaret.edu.tr\/uluslararasi-ticaret\/?s={search_term_string}"},"query-input":"required name=search_term_string"}],"inLanguage":"tr"}]}},"lang":"tr","translations":{"en":1335,"tr":1334},"pll_sync_post":[],"_links":{"self":[{"href":"http:\/\/ticaret.edu.tr\/uluslararasi-ticaret\/wp-json\/wp\/v2\/pages\/1334"}],"collection":[{"href":"http:\/\/ticaret.edu.tr\/uluslararasi-ticaret\/wp-json\/wp\/v2\/pages"}],"about":[{"href":"http:\/\/ticaret.edu.tr\/uluslararasi-ticaret\/wp-json\/wp\/v2\/types\/page"}],"author":[{"embeddable":true,"href":"http:\/\/ticaret.edu.tr\/uluslararasi-ticaret\/wp-json\/wp\/v2\/users\/215"}],"replies":[{"embeddable":true,"href":"http:\/\/ticaret.edu.tr\/uluslararasi-ticaret\/wp-json\/wp\/v2\/comments?post=1334"}],"version-history":[{"count":2,"href":"http:\/\/ticaret.edu.tr\/uluslararasi-ticaret\/wp-json\/wp\/v2\/pages\/1334\/revisions"}],"predecessor-version":[{"id":2029,"href":"http:\/\/ticaret.edu.tr\/uluslararasi-ticaret\/wp-json\/wp\/v2\/pages\/1334\/revisions\/2029"}],"wp:attachment":[{"href":"http:\/\/ticaret.edu.tr\/uluslararasi-ticaret\/wp-json\/wp\/v2\/media?parent=1334"}],"curies":[{"name":"wp","href":"https:\/\/api.w.org\/{rel}","templated":true}]}}