{"id":1335,"date":"2025-01-26T16:18:58","date_gmt":"2025-01-26T13:18:58","guid":{"rendered":"https:\/\/ticaret.edu.tr\/uluslararasi-ticaret\/?page_id=1335"},"modified":"2025-07-11T10:53:17","modified_gmt":"2025-07-11T07:53:17","slug":"introduction","status":"publish","type":"page","link":"http:\/\/ticaret.edu.tr\/uluslararasi-ticaret\/en\/introduction\/","title":{"rendered":"Introduction"},"content":{"rendered":"<p>International Trade is a four-year undergraduate program within the Faculty of Business. The language of instruction is English. The one-year English Preparatory Program is held at K\u00fc\u00e7\u00fckyal\u0131 campus and undergraduate education is given at S\u00fctl\u00fcce campus.<\/p>\n<p>Our Department of International Trade was established to provide students with the knowledge and skills necessary to succeed in the global marketplace. As international trade plays an increasingly important role in shaping economies and fostering cross-border cooperation, students in our program are becoming more prominent in the global trade environment.<\/p>\n<p>Our curriculum is designed in 100% English to provide a comprehensive understanding of international trade policies, economic theories and the dynamics of global markets. It offers a variety of courses covering key areas such as international trade law, trade finance, global supply chain management and foreign trade management. In both theory and practical application, our students are encouraged to participate in real-world case studies, internships and international exchange programs. In this way, it is possible for them to develop their horizons and grow as individuals with the characteristics required by the global economy by cooperating with different cultures.<\/p>\n<p>The faculty members teaching in the Department of International Trade are well-known academics and experienced professionals with deep expertise in the global economy, foreign trade practices and international market strategies. Our department maintains strong links with leading firms, government agencies and international organizations, providing students with important networking opportunities and career paths in both the public and private sectors.<\/p>\n<p>Whether you aspire to become a professional specializing in foreign trade or a global entrepreneur, our department has the experience to support your academic and professional development. Join us and be part of a dynamic learning environment that fosters innovation, critical thinking and a global perspective on trade.<\/p>\n<p>Assoc. Prof. Dr. Cihat K\u00d6KSAL<\/p>\n<p>Head of Department<\/p>\n","protected":false},"excerpt":{"rendered":"<p>International Trade is a four-year undergraduate program within the Faculty of Business. The language of instruction is English. The one-year English Preparatory Program is held at K\u00fc\u00e7\u00fckyal\u0131 campus and undergraduate education is given at S\u00fctl\u00fcce campus. Our Department of International Trade was established to provide students with the knowledge and skills necessary to succeed in [&hellip;]<\/p>\n","protected":false},"author":215,"featured_media":0,"parent":0,"menu_order":0,"comment_status":"closed","ping_status":"closed","template":"genel_sayfa.php","meta":{"footnotes":""},"yoast_head":"<!-- This site is optimized with the Yoast SEO Premium plugin v22.1 (Yoast SEO v22.1) - https:\/\/yoast.com\/wordpress\/plugins\/seo\/ -->\n<title>Introduction - Uluslararas\u0131 Ticaret<\/title>\n<meta name=\"robots\" content=\"index, follow, max-snippet:-1, max-image-preview:large, max-video-preview:-1\" \/>\n<link rel=\"canonical\" href=\"https:\/\/ticaret.edu.tr\/uluslararasi-ticaret\/en\/introduction\/\" \/>\n<meta property=\"og:locale\" content=\"tr_TR\" \/>\n<meta property=\"og:type\" content=\"article\" \/>\n<meta property=\"og:title\" content=\"Introduction\" \/>\n<meta property=\"og:description\" content=\"International Trade is a four-year undergraduate program within the Faculty of Business. The language of instruction is English. The one-year English Preparatory Program is held at K\u00fc\u00e7\u00fckyal\u0131 campus and undergraduate education is given at S\u00fctl\u00fcce campus. Our Department of International Trade was established to provide students with the knowledge and skills necessary to succeed in [&hellip;]\" \/>\n<meta property=\"og:url\" content=\"https:\/\/ticaret.edu.tr\/uluslararasi-ticaret\/en\/introduction\/\" \/>\n<meta property=\"og:site_name\" content=\"Uluslararas\u0131 Ticaret\" \/>\n<meta property=\"article:publisher\" content=\"https:\/\/www.facebook.com\/ticaretedutr\" \/>\n<meta property=\"article:modified_time\" content=\"2025-07-11T07:53:17+00:00\" \/>\n<meta property=\"og:image\" content=\"http:\/\/ticaret.edu.tr\/uluslararasi-ticaret\/wp-content\/uploads\/sites\/18\/2021\/11\/web_logo-01.jpg\" \/>\n\t<meta property=\"og:image:width\" content=\"1250\" \/>\n\t<meta property=\"og:image:height\" content=\"833\" \/>\n\t<meta property=\"og:image:type\" content=\"image\/jpeg\" \/>\n<meta name=\"twitter:card\" content=\"summary_large_image\" \/>\n<meta name=\"twitter:site\" content=\"@ticaretedutr\" \/>\n<meta name=\"twitter:label1\" content=\"Tahmini okuma s\u00fcresi\" \/>\n\t<meta name=\"twitter:data1\" content=\"2 dakika\" \/>\n<script type=\"application\/ld+json\" class=\"yoast-schema-graph\">{\"@context\":\"https:\/\/schema.org\",\"@graph\":[{\"@type\":\"WebPage\",\"@id\":\"https:\/\/ticaret.edu.tr\/uluslararasi-ticaret\/en\/introduction\/\",\"url\":\"https:\/\/ticaret.edu.tr\/uluslararasi-ticaret\/en\/introduction\/\",\"name\":\"Introduction - Uluslararas\u0131 Ticaret\",\"isPartOf\":{\"@id\":\"https:\/\/ticaret.edu.tr\/uluslararasi-ticaret\/#website\"},\"datePublished\":\"2025-01-26T13:18:58+00:00\",\"dateModified\":\"2025-07-11T07:53:17+00:00\",\"breadcrumb\":{\"@id\":\"https:\/\/ticaret.edu.tr\/uluslararasi-ticaret\/en\/introduction\/#breadcrumb\"},\"inLanguage\":\"tr\",\"potentialAction\":[{\"@type\":\"ReadAction\",\"target\":[\"https:\/\/ticaret.edu.tr\/uluslararasi-ticaret\/en\/introduction\/\"]}]},{\"@type\":\"BreadcrumbList\",\"@id\":\"https:\/\/ticaret.edu.tr\/uluslararasi-ticaret\/en\/introduction\/#breadcrumb\",\"itemListElement\":[{\"@type\":\"ListItem\",\"position\":1,\"name\":\"Ana sayfa\",\"item\":\"https:\/\/ticaret.edu.tr\/uluslararasi-ticaret\/\"},{\"@type\":\"ListItem\",\"position\":2,\"name\":\"Introduction\"}]},{\"@type\":\"WebSite\",\"@id\":\"https:\/\/ticaret.edu.tr\/uluslararasi-ticaret\/#website\",\"url\":\"https:\/\/ticaret.edu.tr\/uluslararasi-ticaret\/\",\"name\":\"Uluslararas\u0131 Ticaret\",\"description\":\"\",\"potentialAction\":[{\"@type\":\"SearchAction\",\"target\":{\"@type\":\"EntryPoint\",\"urlTemplate\":\"https:\/\/ticaret.edu.tr\/uluslararasi-ticaret\/?s={search_term_string}\"},\"query-input\":\"required name=search_term_string\"}],\"inLanguage\":\"tr\"}]}<\/script>\n<!-- \/ Yoast SEO Premium plugin. -->","yoast_head_json":{"title":"Introduction - Uluslararas\u0131 Ticaret","robots":{"index":"index","follow":"follow","max-snippet":"max-snippet:-1","max-image-preview":"max-image-preview:large","max-video-preview":"max-video-preview:-1"},"canonical":"https:\/\/ticaret.edu.tr\/uluslararasi-ticaret\/en\/introduction\/","og_locale":"tr_TR","og_type":"article","og_title":"Introduction","og_description":"International Trade is a four-year undergraduate program within the Faculty of Business. The language of instruction is English. The one-year English Preparatory Program is held at K\u00fc\u00e7\u00fckyal\u0131 campus and undergraduate education is given at S\u00fctl\u00fcce campus. Our Department of International Trade was established to provide students with the knowledge and skills necessary to succeed in [&hellip;]","og_url":"https:\/\/ticaret.edu.tr\/uluslararasi-ticaret\/en\/introduction\/","og_site_name":"Uluslararas\u0131 Ticaret","article_publisher":"https:\/\/www.facebook.com\/ticaretedutr","article_modified_time":"2025-07-11T07:53:17+00:00","og_image":[{"width":1250,"height":833,"url":"http:\/\/ticaret.edu.tr\/uluslararasi-ticaret\/wp-content\/uploads\/sites\/18\/2021\/11\/web_logo-01.jpg","type":"image\/jpeg"}],"twitter_card":"summary_large_image","twitter_site":"@ticaretedutr","twitter_misc":{"Tahmini okuma s\u00fcresi":"2 dakika"},"schema":{"@context":"https:\/\/schema.org","@graph":[{"@type":"WebPage","@id":"https:\/\/ticaret.edu.tr\/uluslararasi-ticaret\/en\/introduction\/","url":"https:\/\/ticaret.edu.tr\/uluslararasi-ticaret\/en\/introduction\/","name":"Introduction - Uluslararas\u0131 Ticaret","isPartOf":{"@id":"https:\/\/ticaret.edu.tr\/uluslararasi-ticaret\/#website"},"datePublished":"2025-01-26T13:18:58+00:00","dateModified":"2025-07-11T07:53:17+00:00","breadcrumb":{"@id":"https:\/\/ticaret.edu.tr\/uluslararasi-ticaret\/en\/introduction\/#breadcrumb"},"inLanguage":"tr","potentialAction":[{"@type":"ReadAction","target":["https:\/\/ticaret.edu.tr\/uluslararasi-ticaret\/en\/introduction\/"]}]},{"@type":"BreadcrumbList","@id":"https:\/\/ticaret.edu.tr\/uluslararasi-ticaret\/en\/introduction\/#breadcrumb","itemListElement":[{"@type":"ListItem","position":1,"name":"Ana sayfa","item":"https:\/\/ticaret.edu.tr\/uluslararasi-ticaret\/"},{"@type":"ListItem","position":2,"name":"Introduction"}]},{"@type":"WebSite","@id":"https:\/\/ticaret.edu.tr\/uluslararasi-ticaret\/#website","url":"https:\/\/ticaret.edu.tr\/uluslararasi-ticaret\/","name":"Uluslararas\u0131 Ticaret","description":"","potentialAction":[{"@type":"SearchAction","target":{"@type":"EntryPoint","urlTemplate":"https:\/\/ticaret.edu.tr\/uluslararasi-ticaret\/?s={search_term_string}"},"query-input":"required name=search_term_string"}],"inLanguage":"tr"}]}},"lang":"en","translations":{"en":1335,"tr":1334},"pll_sync_post":[],"_links":{"self":[{"href":"http:\/\/ticaret.edu.tr\/uluslararasi-ticaret\/wp-json\/wp\/v2\/pages\/1335"}],"collection":[{"href":"http:\/\/ticaret.edu.tr\/uluslararasi-ticaret\/wp-json\/wp\/v2\/pages"}],"about":[{"href":"http:\/\/ticaret.edu.tr\/uluslararasi-ticaret\/wp-json\/wp\/v2\/types\/page"}],"author":[{"embeddable":true,"href":"http:\/\/ticaret.edu.tr\/uluslararasi-ticaret\/wp-json\/wp\/v2\/users\/215"}],"replies":[{"embeddable":true,"href":"http:\/\/ticaret.edu.tr\/uluslararasi-ticaret\/wp-json\/wp\/v2\/comments?post=1335"}],"version-history":[{"count":2,"href":"http:\/\/ticaret.edu.tr\/uluslararasi-ticaret\/wp-json\/wp\/v2\/pages\/1335\/revisions"}],"predecessor-version":[{"id":2030,"href":"http:\/\/ticaret.edu.tr\/uluslararasi-ticaret\/wp-json\/wp\/v2\/pages\/1335\/revisions\/2030"}],"wp:attachment":[{"href":"http:\/\/ticaret.edu.tr\/uluslararasi-ticaret\/wp-json\/wp\/v2\/media?parent=1335"}],"curies":[{"name":"wp","href":"https:\/\/api.w.org\/{rel}","templated":true}]}}