{"id":1412,"date":"2025-01-26T18:25:01","date_gmt":"2025-01-26T15:25:01","guid":{"rendered":"https:\/\/ticaret.edu.tr\/uluslararasi-ticaret\/?page_id=1412"},"modified":"2025-10-17T13:00:25","modified_gmt":"2025-10-17T10:00:25","slug":"lisans-genel-bilgi","status":"publish","type":"page","link":"http:\/\/ticaret.edu.tr\/uluslararasi-ticaret\/lisans-genel-bilgi\/","title":{"rendered":"Genel Bilgi"},"content":{"rendered":"<p>\u00dcniversitemizde ilk a\u00e7\u0131lan \u0130\u015fletme Fak\u00fcltesi b\u00f6l\u00fcmlerinden olan ve daha \u00f6nce \u0130ngilizce Destekli olarak m\u00fcfredat\u0131 olu\u015fturulmu\u015f b\u00f6l\u00fcm\u00fcm\u00fcz, 2022 y\u0131l\u0131 itibariyle %100 \u0130ngilizce m\u00fcfredatla e\u011fitim vermeye ba\u015flam\u0131\u015ft\u0131r. Kurulu\u015fundan bu yana s\u00fcrekli geli\u015fim ve yenilik\u00e7i e\u011fitim anlay\u0131\u015f\u0131n\u0131 benimseyen b\u00f6l\u00fcm\u00fcm\u00fcz, \u00f6\u011frencilere \u00e7a\u011fda\u015f bir \u00f6\u011frenim ortam\u0131 sunmaktad\u0131r.<\/p>\n<p>B\u00f6l\u00fcm\u00fcm\u00fcz\u00fcn e\u011fitim s\u00fcresi 4 y\u0131ld\u0131r. \u00d6\u011frencilerimizin mezun olabilmeleri i\u00e7in m\u00fcfredatta yer alan t\u00fcm dersleri ba\u015far\u0131yla ge\u00e7erek toplam 240 AKTS\u2019yi tamamlamalar\u0131 gerekmektedir. Program\u0131n e\u011fitim dili \u0130ngilizcedir.<\/p>\n<p>B\u00f6l\u00fcm\u00fczde \u00e7a\u011fda\u015f gereksinimleri kar\u015f\u0131layacak zorunlu ve se\u00e7meli dersler, yabanc\u0131 dil dersleri ve iste\u011fe ba\u011fl\u0131 staj yer almaktad\u0131r. Uluslararas\u0131 Ticaret B\u00f6l\u00fcm\u00fc ba\u015fta uluslararas\u0131 ekonomi olmak \u00fczere i\u015fletme, finans, hukuk, siyaset gibi bir\u00e7ok farkl\u0131 alanda uzmanla\u015fma imkan\u0131 sa\u011flayan m\u00fcfredat program\u0131na sahiptir. Birinci s\u0131n\u0131f m\u00fcfredat\u0131nda a\u011f\u0131rl\u0131kl\u0131 olarak \u0130\u015fletme Fak\u00fcltesi\u2019nin di\u011fer b\u00f6l\u00fcmlerinde de yer alan 14 adet temel zorunlu ders bulunmaktad\u0131r. \u0130kinci s\u0131n\u0131ftan itibaren m\u00fcfredatta Uluslararas\u0131 Ticaret b\u00f6l\u00fcm\u00fcn\u00fcn alan dersleriyle birlikte destekleyici se\u00e7meli derslere yer verilmi\u015ftir.<\/p>\n<p>B\u00f6l\u00fcm Neden Tercih Edilmeli?<\/p>\n<ul>\n<li><b>K\u00fcresel<\/b> <b>Kariyer<\/b> <b>\u0130mkanlar\u0131<\/b>: Uluslararas\u0131 ticaret mezunlar\u0131, ithalat-ihracat firmalar\u0131ndan uluslararas\u0131 lojistik ve finans \u015firketlerine kadar geni\u015f bir yelpazede i\u015f bulma \u015fans\u0131na sahiptir.<\/li>\n<li><b> Geni\u015f<\/b> <b>Bilgi<\/b> <b>Alan\u0131<\/b>: B\u00f6l\u00fcm m\u00fcfredat\u0131, ekonomi, i\u015fletme, finans, hukuk ve siyaset gibi farkl\u0131 alanlarda uzmanla\u015fma imkan\u0131 sa\u011flar. B\u00f6ylece \u00f6\u011frenciler, i\u015f d\u00fcnyas\u0131nda \u00e7e\u015fitli rollerde g\u00f6rev alabilecek donan\u0131ma sahip olur.<\/li>\n<li><b> Dil<\/b> <b>ve<\/b> <b>K\u00fclt\u00fcrel<\/b> <b>\u00c7e\u015fitlilik<\/b>: E\u011fitim dili \u0130ngilizce olan bu b\u00f6l\u00fcm, \u00f6\u011frencilere k\u00fcresel rekabette ihtiya\u00e7 duyabilecekleri donan\u0131mlar\u0131 kazand\u0131r\u0131r.<\/li>\n<li><b> Erasmus<\/b> <b>ve<\/b> <b>Yurt<\/b> <b>D\u0131\u015f\u0131<\/b> <b>F\u0131rsatlar\u0131<\/b>: Erasmus gibi \u00f6\u011frenci de\u011fi\u015fim programlar\u0131 ile \u00f6\u011frenciler, farkl\u0131 \u00fclkelerde e\u011fitim g\u00f6rerek uluslararas\u0131 deneyim kazanabilir, d\u00fcnya g\u00f6r\u00fc\u015flerini geni\u015fletebilir.<\/li>\n<li><b> Giri\u015fimcilik<\/b> <b>ve<\/b> <b>\u0130\u015f<\/b> <b>D\u00fcnyas\u0131<\/b> <b>\u0130li\u015fkileri<\/b>: B\u00f6l\u00fcm, \u00f6\u011frencilere giri\u015fimcilik k\u00fclt\u00fcr\u00fc kazand\u0131rarak, kendi i\u015flerini kurma veya mevcut i\u015fletmelerde y\u00f6netici olarak g\u00f6rev alma imkan\u0131 sunar. Ayr\u0131ca i\u015f d\u00fcnyas\u0131yla kurulan yak\u0131n ili\u015fkiler (\u00f6zellikle \u0130TO) ve staj imkanlar\u0131, mezunlar\u0131n i\u015f hayat\u0131na g\u00fc\u00e7l\u00fc bir ad\u0131m atmas\u0131n\u0131 sa\u011flar.<\/li>\n<li><b> G\u00fcncel<\/b> <b>ve<\/b> <b>Dinamik<\/b> <b>E\u011fitim<\/b>: B\u00f6l\u00fcm\u00fcn m\u00fcfredat\u0131 her y\u0131l sekt\u00f6r temsilcilerinin g\u00f6r\u00fc\u015fleri do\u011frultusunda g\u00fcncellenir, bu da \u00f6\u011frencilerin i\u015f d\u00fcnyas\u0131n\u0131n ihtiya\u00e7lar\u0131na uygun bilgi ve beceriler kazanmas\u0131n\u0131 sa\u011flar.<\/li>\n<\/ul>\n<p><b>Uluslararas\u0131<\/b> <b>Ticaret<\/b> <b>mezunu<\/b>, ithalat ve ihracat s\u00fcre\u00e7lerini y\u00f6neterek, ticaret d\u00fczenlemelerine uygunlu\u011fu sa\u011flayarak ve tedarik zincirlerini optimize ederek i\u015fletmelerin k\u00fcresel pazarlarda hareket etmesine yard\u0131mc\u0131 olur. B\u00f6l\u00fcm\u00a0 mezunlar\u0131,\u00a0 kazand\u0131klar\u0131\u00a0 giri\u015fimcilik\u00a0 k\u00fclt\u00fcr\u00fc\u00a0 sayesinde\u00a0 mezuniyetleri\u00a0 sonras\u0131nda uluslararas\u0131 ticaret alan\u0131nda y\u00f6netim kademelerinde g\u00f6rev alabilmekte, d\u0131\u015f ticaret firmalar\u0131nda, uluslararas\u0131 finans \u015firketlerinde, uluslararas\u0131 lojistik i\u015fletmelerinde ve uluslararas\u0131 faaliyeti olan her \u00f6l\u00e7ekteki ulusal ve uluslararas\u0131 kurulu\u015flarda ithalat-ihracat uzman\u0131, g\u00fcmr\u00fck uzman\u0131, d\u0131\u015f ticaret uzman\u0131, d\u0131\u015f ticaret y\u00f6neticisi ya da y\u00f6netici aday\u0131 olarak \u00e7al\u0131\u015fabilmektedirler.<\/p>\n","protected":false},"excerpt":{"rendered":"<p>\u00dcniversitemizde ilk a\u00e7\u0131lan \u0130\u015fletme Fak\u00fcltesi b\u00f6l\u00fcmlerinden olan ve daha \u00f6nce \u0130ngilizce Destekli olarak m\u00fcfredat\u0131 olu\u015fturulmu\u015f b\u00f6l\u00fcm\u00fcm\u00fcz, 2022 y\u0131l\u0131 itibariyle %100 \u0130ngilizce m\u00fcfredatla e\u011fitim vermeye ba\u015flam\u0131\u015ft\u0131r. Kurulu\u015fundan bu yana s\u00fcrekli geli\u015fim ve yenilik\u00e7i e\u011fitim anlay\u0131\u015f\u0131n\u0131 benimseyen b\u00f6l\u00fcm\u00fcm\u00fcz, \u00f6\u011frencilere \u00e7a\u011fda\u015f bir \u00f6\u011frenim ortam\u0131 sunmaktad\u0131r. B\u00f6l\u00fcm\u00fcm\u00fcz\u00fcn e\u011fitim s\u00fcresi 4 y\u0131ld\u0131r. \u00d6\u011frencilerimizin mezun olabilmeleri i\u00e7in m\u00fcfredatta yer alan t\u00fcm [&hellip;]<\/p>\n","protected":false},"author":215,"featured_media":0,"parent":0,"menu_order":0,"comment_status":"closed","ping_status":"closed","template":"genel_sayfa.php","meta":{"footnotes":""},"yoast_head":"<!-- This site is optimized with the Yoast SEO Premium plugin v22.1 (Yoast SEO v22.1) - https:\/\/yoast.com\/wordpress\/plugins\/seo\/ -->\n<title>Genel Bilgi - Uluslararas\u0131 Ticaret<\/title>\n<meta name=\"robots\" content=\"index, follow, max-snippet:-1, max-image-preview:large, max-video-preview:-1\" \/>\n<link rel=\"canonical\" href=\"http:\/\/ticaret.edu.tr\/uluslararasi-ticaret\/lisans-genel-bilgi\/\" \/>\n<meta property=\"og:locale\" content=\"tr_TR\" \/>\n<meta property=\"og:type\" content=\"article\" \/>\n<meta property=\"og:title\" content=\"Genel Bilgi\" \/>\n<meta property=\"og:description\" content=\"\u00dcniversitemizde ilk a\u00e7\u0131lan \u0130\u015fletme Fak\u00fcltesi b\u00f6l\u00fcmlerinden olan ve daha \u00f6nce \u0130ngilizce Destekli olarak m\u00fcfredat\u0131 olu\u015fturulmu\u015f b\u00f6l\u00fcm\u00fcm\u00fcz, 2022 y\u0131l\u0131 itibariyle %100 \u0130ngilizce m\u00fcfredatla e\u011fitim vermeye ba\u015flam\u0131\u015ft\u0131r. Kurulu\u015fundan bu yana s\u00fcrekli geli\u015fim ve yenilik\u00e7i e\u011fitim anlay\u0131\u015f\u0131n\u0131 benimseyen b\u00f6l\u00fcm\u00fcm\u00fcz, \u00f6\u011frencilere \u00e7a\u011fda\u015f bir \u00f6\u011frenim ortam\u0131 sunmaktad\u0131r. B\u00f6l\u00fcm\u00fcm\u00fcz\u00fcn e\u011fitim s\u00fcresi 4 y\u0131ld\u0131r. \u00d6\u011frencilerimizin mezun olabilmeleri i\u00e7in m\u00fcfredatta yer alan t\u00fcm [&hellip;]\" \/>\n<meta property=\"og:url\" content=\"http:\/\/ticaret.edu.tr\/uluslararasi-ticaret\/lisans-genel-bilgi\/\" \/>\n<meta property=\"og:site_name\" content=\"Uluslararas\u0131 Ticaret\" \/>\n<meta property=\"article:publisher\" content=\"https:\/\/www.facebook.com\/ticaretedutr\" \/>\n<meta property=\"article:modified_time\" content=\"2025-10-17T10:00:25+00:00\" \/>\n<meta property=\"og:image\" content=\"http:\/\/ticaret.edu.tr\/uluslararasi-ticaret\/wp-content\/uploads\/sites\/18\/2021\/11\/web_logo-01.jpg\" \/>\n\t<meta property=\"og:image:width\" content=\"1250\" \/>\n\t<meta property=\"og:image:height\" content=\"833\" \/>\n\t<meta property=\"og:image:type\" content=\"image\/jpeg\" \/>\n<meta name=\"twitter:card\" content=\"summary_large_image\" \/>\n<meta name=\"twitter:site\" content=\"@ticaretedutr\" \/>\n<meta name=\"twitter:label1\" content=\"Tahmini okuma s\u00fcresi\" \/>\n\t<meta name=\"twitter:data1\" content=\"3 dakika\" \/>\n<script type=\"application\/ld+json\" class=\"yoast-schema-graph\">{\"@context\":\"https:\/\/schema.org\",\"@graph\":[{\"@type\":\"WebPage\",\"@id\":\"http:\/\/ticaret.edu.tr\/uluslararasi-ticaret\/lisans-genel-bilgi\/\",\"url\":\"http:\/\/ticaret.edu.tr\/uluslararasi-ticaret\/lisans-genel-bilgi\/\",\"name\":\"Genel Bilgi - Uluslararas\u0131 Ticaret\",\"isPartOf\":{\"@id\":\"https:\/\/ticaret.edu.tr\/uluslararasi-ticaret\/#website\"},\"datePublished\":\"2025-01-26T15:25:01+00:00\",\"dateModified\":\"2025-10-17T10:00:25+00:00\",\"breadcrumb\":{\"@id\":\"http:\/\/ticaret.edu.tr\/uluslararasi-ticaret\/lisans-genel-bilgi\/#breadcrumb\"},\"inLanguage\":\"tr\",\"potentialAction\":[{\"@type\":\"ReadAction\",\"target\":[\"http:\/\/ticaret.edu.tr\/uluslararasi-ticaret\/lisans-genel-bilgi\/\"]}]},{\"@type\":\"BreadcrumbList\",\"@id\":\"http:\/\/ticaret.edu.tr\/uluslararasi-ticaret\/lisans-genel-bilgi\/#breadcrumb\",\"itemListElement\":[{\"@type\":\"ListItem\",\"position\":1,\"name\":\"Ana sayfa\",\"item\":\"https:\/\/ticaret.edu.tr\/uluslararasi-ticaret\/\"},{\"@type\":\"ListItem\",\"position\":2,\"name\":\"Genel Bilgi\"}]},{\"@type\":\"WebSite\",\"@id\":\"https:\/\/ticaret.edu.tr\/uluslararasi-ticaret\/#website\",\"url\":\"https:\/\/ticaret.edu.tr\/uluslararasi-ticaret\/\",\"name\":\"Uluslararas\u0131 Ticaret\",\"description\":\"\",\"potentialAction\":[{\"@type\":\"SearchAction\",\"target\":{\"@type\":\"EntryPoint\",\"urlTemplate\":\"https:\/\/ticaret.edu.tr\/uluslararasi-ticaret\/?s={search_term_string}\"},\"query-input\":\"required name=search_term_string\"}],\"inLanguage\":\"tr\"}]}<\/script>\n<!-- \/ Yoast SEO Premium plugin. -->","yoast_head_json":{"title":"Genel Bilgi - Uluslararas\u0131 Ticaret","robots":{"index":"index","follow":"follow","max-snippet":"max-snippet:-1","max-image-preview":"max-image-preview:large","max-video-preview":"max-video-preview:-1"},"canonical":"http:\/\/ticaret.edu.tr\/uluslararasi-ticaret\/lisans-genel-bilgi\/","og_locale":"tr_TR","og_type":"article","og_title":"Genel Bilgi","og_description":"\u00dcniversitemizde ilk a\u00e7\u0131lan \u0130\u015fletme Fak\u00fcltesi b\u00f6l\u00fcmlerinden olan ve daha \u00f6nce \u0130ngilizce Destekli olarak m\u00fcfredat\u0131 olu\u015fturulmu\u015f b\u00f6l\u00fcm\u00fcm\u00fcz, 2022 y\u0131l\u0131 itibariyle %100 \u0130ngilizce m\u00fcfredatla e\u011fitim vermeye ba\u015flam\u0131\u015ft\u0131r. Kurulu\u015fundan bu yana s\u00fcrekli geli\u015fim ve yenilik\u00e7i e\u011fitim anlay\u0131\u015f\u0131n\u0131 benimseyen b\u00f6l\u00fcm\u00fcm\u00fcz, \u00f6\u011frencilere \u00e7a\u011fda\u015f bir \u00f6\u011frenim ortam\u0131 sunmaktad\u0131r. B\u00f6l\u00fcm\u00fcm\u00fcz\u00fcn e\u011fitim s\u00fcresi 4 y\u0131ld\u0131r. \u00d6\u011frencilerimizin mezun olabilmeleri i\u00e7in m\u00fcfredatta yer alan t\u00fcm [&hellip;]","og_url":"http:\/\/ticaret.edu.tr\/uluslararasi-ticaret\/lisans-genel-bilgi\/","og_site_name":"Uluslararas\u0131 Ticaret","article_publisher":"https:\/\/www.facebook.com\/ticaretedutr","article_modified_time":"2025-10-17T10:00:25+00:00","og_image":[{"width":1250,"height":833,"url":"http:\/\/ticaret.edu.tr\/uluslararasi-ticaret\/wp-content\/uploads\/sites\/18\/2021\/11\/web_logo-01.jpg","type":"image\/jpeg"}],"twitter_card":"summary_large_image","twitter_site":"@ticaretedutr","twitter_misc":{"Tahmini okuma s\u00fcresi":"3 dakika"},"schema":{"@context":"https:\/\/schema.org","@graph":[{"@type":"WebPage","@id":"http:\/\/ticaret.edu.tr\/uluslararasi-ticaret\/lisans-genel-bilgi\/","url":"http:\/\/ticaret.edu.tr\/uluslararasi-ticaret\/lisans-genel-bilgi\/","name":"Genel Bilgi - Uluslararas\u0131 Ticaret","isPartOf":{"@id":"https:\/\/ticaret.edu.tr\/uluslararasi-ticaret\/#website"},"datePublished":"2025-01-26T15:25:01+00:00","dateModified":"2025-10-17T10:00:25+00:00","breadcrumb":{"@id":"http:\/\/ticaret.edu.tr\/uluslararasi-ticaret\/lisans-genel-bilgi\/#breadcrumb"},"inLanguage":"tr","potentialAction":[{"@type":"ReadAction","target":["http:\/\/ticaret.edu.tr\/uluslararasi-ticaret\/lisans-genel-bilgi\/"]}]},{"@type":"BreadcrumbList","@id":"http:\/\/ticaret.edu.tr\/uluslararasi-ticaret\/lisans-genel-bilgi\/#breadcrumb","itemListElement":[{"@type":"ListItem","position":1,"name":"Ana sayfa","item":"https:\/\/ticaret.edu.tr\/uluslararasi-ticaret\/"},{"@type":"ListItem","position":2,"name":"Genel Bilgi"}]},{"@type":"WebSite","@id":"https:\/\/ticaret.edu.tr\/uluslararasi-ticaret\/#website","url":"https:\/\/ticaret.edu.tr\/uluslararasi-ticaret\/","name":"Uluslararas\u0131 Ticaret","description":"","potentialAction":[{"@type":"SearchAction","target":{"@type":"EntryPoint","urlTemplate":"https:\/\/ticaret.edu.tr\/uluslararasi-ticaret\/?s={search_term_string}"},"query-input":"required name=search_term_string"}],"inLanguage":"tr"}]}},"lang":"tr","translations":{"en":1414,"tr":1412},"pll_sync_post":[],"_links":{"self":[{"href":"http:\/\/ticaret.edu.tr\/uluslararasi-ticaret\/wp-json\/wp\/v2\/pages\/1412"}],"collection":[{"href":"http:\/\/ticaret.edu.tr\/uluslararasi-ticaret\/wp-json\/wp\/v2\/pages"}],"about":[{"href":"http:\/\/ticaret.edu.tr\/uluslararasi-ticaret\/wp-json\/wp\/v2\/types\/page"}],"author":[{"embeddable":true,"href":"http:\/\/ticaret.edu.tr\/uluslararasi-ticaret\/wp-json\/wp\/v2\/users\/215"}],"replies":[{"embeddable":true,"href":"http:\/\/ticaret.edu.tr\/uluslararasi-ticaret\/wp-json\/wp\/v2\/comments?post=1412"}],"version-history":[{"count":3,"href":"http:\/\/ticaret.edu.tr\/uluslararasi-ticaret\/wp-json\/wp\/v2\/pages\/1412\/revisions"}],"predecessor-version":[{"id":2081,"href":"http:\/\/ticaret.edu.tr\/uluslararasi-ticaret\/wp-json\/wp\/v2\/pages\/1412\/revisions\/2081"}],"wp:attachment":[{"href":"http:\/\/ticaret.edu.tr\/uluslararasi-ticaret\/wp-json\/wp\/v2\/media?parent=1412"}],"curies":[{"name":"wp","href":"https:\/\/api.w.org\/{rel}","templated":true}]}}