{"id":1540,"date":"2025-01-27T00:05:15","date_gmt":"2025-01-26T21:05:15","guid":{"rendered":"https:\/\/ticaret.edu.tr\/uluslararasi-ticaret\/?page_id=1540"},"modified":"2026-02-11T14:25:53","modified_gmt":"2026-02-11T11:25:53","slug":"ders-icerikleri","status":"publish","type":"page","link":"http:\/\/ticaret.edu.tr\/uluslararasi-ticaret\/ders-icerikleri\/","title":{"rendered":"Ders \u0130\u00e7erikleri"},"content":{"rendered":"<p>A\u015fa\u011f\u0131daki ba\u011flant\u0131lardan 2018 y\u0131l\u0131 sonras\u0131 ders i\u00e7eriklerine ula\u015fabilirsiniz.<\/p>\n<h5><a href=\"http:\/\/ticaret.edu.tr\/uluslararasi-ticaret\/wp-content\/uploads\/sites\/18\/2021\/11\/2018-2019-Uluslararasi-Ticaret-Tr-Ders-Icerigi.pdf\">2018-2019 Uluslararas\u0131 Ticaret (Tr) Ders \u0130\u00e7eri\u011fi<\/a><\/h5>\n<h5><a href=\"http:\/\/ticaret.edu.tr\/uluslararasi-ticaret\/wp-content\/uploads\/sites\/18\/2021\/11\/2018-2019-Uluslararasi-Ticaret-Ing-Ders-Icerigi_compressed.pdf\">2018-2019 Uluslararas\u0131 Ticaret (\u0130ng) Ders \u0130\u00e7eri\u011fi<\/a><\/h5>\n<h5><a href=\"http:\/\/ticaret.edu.tr\/uluslararasi-ticaret\/wp-content\/uploads\/sites\/18\/2021\/11\/2019-2020-Uluslararasi-Ticaret-30-Ing-Ders-Icerigi_compressed.pdf\">2019-2020 Uluslararas\u0131 Ticaret (%30 \u0130ng) Ders \u0130\u00e7eri\u011fi<\/a><\/h5>\n<h5><a href=\"http:\/\/ticaret.edu.tr\/uluslararasi-ticaret\/wp-content\/uploads\/sites\/18\/2021\/11\/2020-2021-Uluslararasi-Ticaret-Bolumu-30-Ing-Ders-Icerigi_compressed.pdf\">2020-2021 Uluslararas\u0131 Ticaret B\u00f6l\u00fcm\u00fc (%30 \u0130ng) Ders \u0130\u00e7eri\u011fi<\/a><\/h5>\n<h5><a href=\"http:\/\/ticaret.edu.tr\/uluslararasi-ticaret\/wp-content\/uploads\/sites\/18\/2021\/11\/2021-2022-Uluslararasi-Ticaret-Bolumu-30-Ing-Ders-Icerigi_compressed.pdf\">2021-2022 Uluslararas\u0131 Ticaret B\u00f6l\u00fcm\u00fc (%30 \u0130ng) Ders \u0130\u00e7eri\u011fi<\/a><\/h5>\n<h5><a href=\"http:\/\/ticaret.edu.tr\/uluslararasi-ticaret\/wp-content\/uploads\/sites\/18\/2025\/07\/2024-2025-Uluslararasi-Ticaret-Ingilizce-Ders-Icerikleri.pdf\">2024-2025 Uluslararas\u0131 Ticaret (\u0130ngilizce) Ders \u0130\u00e7erikleri<\/a><\/h5>\n<h5><a href=\"http:\/\/ticaret.edu.tr\/uluslararasi-ticaret\/wp-content\/uploads\/sites\/18\/2025\/07\/2024-2025-Uluslararasi-Ticaret-30-Ingilizce-Ders-Icerikleri-2.pdf\">2024-2025 Uluslararas\u0131 Ticaret (%30 \u0130ngilizce) Ders \u0130\u00e7erikleri<\/a><\/h5>\n<h4><a href=\"http:\/\/ticaret.edu.tr\/uluslararasi-ticaret\/wp-content\/uploads\/sites\/18\/2026\/02\/ULT-30-Ingilizce-Ders-Icerigi-Muhurlu-Imzali.pdf\">2025-2026 Uluslararas\u0131 Ticaret (%30 \u0130ngilizce) Ders \u0130\u00e7erikleri<\/a><\/h4>\n<h4><a href=\"http:\/\/ticaret.edu.tr\/uluslararasi-ticaret\/wp-content\/uploads\/sites\/18\/2026\/02\/ULT-100-ingilizce-Ders-Icerigi-Muhurlu-Imzali.pdf\">2025-2026 Uluslararas\u0131 Ticaret (\u0130ngilizce) Ders \u0130\u00e7erikleri<\/a><\/h4>\n","protected":false},"excerpt":{"rendered":"<p>A\u015fa\u011f\u0131daki ba\u011flant\u0131lardan 2018 y\u0131l\u0131 sonras\u0131 ders i\u00e7eriklerine ula\u015fabilirsiniz. 2018-2019 Uluslararas\u0131 Ticaret (Tr) Ders \u0130\u00e7eri\u011fi 2018-2019 Uluslararas\u0131 Ticaret (\u0130ng) Ders \u0130\u00e7eri\u011fi 2019-2020 Uluslararas\u0131 Ticaret (%30 \u0130ng) Ders \u0130\u00e7eri\u011fi 2020-2021 Uluslararas\u0131 Ticaret B\u00f6l\u00fcm\u00fc (%30 \u0130ng) Ders \u0130\u00e7eri\u011fi 2021-2022 Uluslararas\u0131 Ticaret B\u00f6l\u00fcm\u00fc (%30 \u0130ng) Ders \u0130\u00e7eri\u011fi 2024-2025 Uluslararas\u0131 Ticaret (\u0130ngilizce) Ders \u0130\u00e7erikleri 2024-2025 Uluslararas\u0131 Ticaret (%30 \u0130ngilizce) Ders [&hellip;]<\/p>\n","protected":false},"author":215,"featured_media":0,"parent":0,"menu_order":0,"comment_status":"closed","ping_status":"closed","template":"genel_sayfa.php","meta":{"footnotes":""},"yoast_head":"<!-- This site is optimized with the Yoast SEO Premium plugin v22.1 (Yoast SEO v22.1) - https:\/\/yoast.com\/wordpress\/plugins\/seo\/ -->\n<title>Ders \u0130\u00e7erikleri - Uluslararas\u0131 Ticaret<\/title>\n<meta name=\"robots\" content=\"index, follow, max-snippet:-1, max-image-preview:large, max-video-preview:-1\" \/>\n<link rel=\"canonical\" href=\"http:\/\/ticaret.edu.tr\/uluslararasi-ticaret\/ders-icerikleri\/\" \/>\n<meta property=\"og:locale\" content=\"tr_TR\" \/>\n<meta property=\"og:type\" content=\"article\" \/>\n<meta property=\"og:title\" content=\"Ders \u0130\u00e7erikleri\" \/>\n<meta property=\"og:description\" content=\"A\u015fa\u011f\u0131daki ba\u011flant\u0131lardan 2018 y\u0131l\u0131 sonras\u0131 ders i\u00e7eriklerine ula\u015fabilirsiniz. 2018-2019 Uluslararas\u0131 Ticaret (Tr) Ders \u0130\u00e7eri\u011fi 2018-2019 Uluslararas\u0131 Ticaret (\u0130ng) Ders \u0130\u00e7eri\u011fi 2019-2020 Uluslararas\u0131 Ticaret (%30 \u0130ng) Ders \u0130\u00e7eri\u011fi 2020-2021 Uluslararas\u0131 Ticaret B\u00f6l\u00fcm\u00fc (%30 \u0130ng) Ders \u0130\u00e7eri\u011fi 2021-2022 Uluslararas\u0131 Ticaret B\u00f6l\u00fcm\u00fc (%30 \u0130ng) Ders \u0130\u00e7eri\u011fi 2024-2025 Uluslararas\u0131 Ticaret (\u0130ngilizce) Ders \u0130\u00e7erikleri 2024-2025 Uluslararas\u0131 Ticaret (%30 \u0130ngilizce) Ders [&hellip;]\" \/>\n<meta property=\"og:url\" content=\"http:\/\/ticaret.edu.tr\/uluslararasi-ticaret\/ders-icerikleri\/\" \/>\n<meta property=\"og:site_name\" content=\"Uluslararas\u0131 Ticaret\" \/>\n<meta property=\"article:publisher\" content=\"https:\/\/www.facebook.com\/ticaretedutr\" \/>\n<meta property=\"article:modified_time\" content=\"2026-02-11T11:25:53+00:00\" \/>\n<meta property=\"og:image\" content=\"http:\/\/ticaret.edu.tr\/uluslararasi-ticaret\/wp-content\/uploads\/sites\/18\/2021\/11\/web_logo-01.jpg\" \/>\n\t<meta property=\"og:image:width\" content=\"1250\" \/>\n\t<meta property=\"og:image:height\" content=\"833\" \/>\n\t<meta property=\"og:image:type\" content=\"image\/jpeg\" \/>\n<meta name=\"twitter:card\" content=\"summary_large_image\" \/>\n<meta name=\"twitter:site\" content=\"@ticaretedutr\" \/>\n<meta name=\"twitter:label1\" content=\"Tahmini okuma s\u00fcresi\" \/>\n\t<meta name=\"twitter:data1\" content=\"1 dakika\" \/>\n<script type=\"application\/ld+json\" class=\"yoast-schema-graph\">{\"@context\":\"https:\/\/schema.org\",\"@graph\":[{\"@type\":\"WebPage\",\"@id\":\"http:\/\/ticaret.edu.tr\/uluslararasi-ticaret\/ders-icerikleri\/\",\"url\":\"http:\/\/ticaret.edu.tr\/uluslararasi-ticaret\/ders-icerikleri\/\",\"name\":\"Ders \u0130\u00e7erikleri - Uluslararas\u0131 Ticaret\",\"isPartOf\":{\"@id\":\"https:\/\/ticaret.edu.tr\/uluslararasi-ticaret\/#website\"},\"datePublished\":\"2025-01-26T21:05:15+00:00\",\"dateModified\":\"2026-02-11T11:25:53+00:00\",\"breadcrumb\":{\"@id\":\"http:\/\/ticaret.edu.tr\/uluslararasi-ticaret\/ders-icerikleri\/#breadcrumb\"},\"inLanguage\":\"tr\",\"potentialAction\":[{\"@type\":\"ReadAction\",\"target\":[\"http:\/\/ticaret.edu.tr\/uluslararasi-ticaret\/ders-icerikleri\/\"]}]},{\"@type\":\"BreadcrumbList\",\"@id\":\"http:\/\/ticaret.edu.tr\/uluslararasi-ticaret\/ders-icerikleri\/#breadcrumb\",\"itemListElement\":[{\"@type\":\"ListItem\",\"position\":1,\"name\":\"Ana sayfa\",\"item\":\"https:\/\/ticaret.edu.tr\/uluslararasi-ticaret\/\"},{\"@type\":\"ListItem\",\"position\":2,\"name\":\"Ders \u0130\u00e7erikleri\"}]},{\"@type\":\"WebSite\",\"@id\":\"https:\/\/ticaret.edu.tr\/uluslararasi-ticaret\/#website\",\"url\":\"https:\/\/ticaret.edu.tr\/uluslararasi-ticaret\/\",\"name\":\"Uluslararas\u0131 Ticaret\",\"description\":\"\",\"potentialAction\":[{\"@type\":\"SearchAction\",\"target\":{\"@type\":\"EntryPoint\",\"urlTemplate\":\"https:\/\/ticaret.edu.tr\/uluslararasi-ticaret\/?s={search_term_string}\"},\"query-input\":\"required name=search_term_string\"}],\"inLanguage\":\"tr\"}]}<\/script>\n<!-- \/ Yoast SEO Premium plugin. -->","yoast_head_json":{"title":"Ders \u0130\u00e7erikleri - Uluslararas\u0131 Ticaret","robots":{"index":"index","follow":"follow","max-snippet":"max-snippet:-1","max-image-preview":"max-image-preview:large","max-video-preview":"max-video-preview:-1"},"canonical":"http:\/\/ticaret.edu.tr\/uluslararasi-ticaret\/ders-icerikleri\/","og_locale":"tr_TR","og_type":"article","og_title":"Ders \u0130\u00e7erikleri","og_description":"A\u015fa\u011f\u0131daki ba\u011flant\u0131lardan 2018 y\u0131l\u0131 sonras\u0131 ders i\u00e7eriklerine ula\u015fabilirsiniz. 2018-2019 Uluslararas\u0131 Ticaret (Tr) Ders \u0130\u00e7eri\u011fi 2018-2019 Uluslararas\u0131 Ticaret (\u0130ng) Ders \u0130\u00e7eri\u011fi 2019-2020 Uluslararas\u0131 Ticaret (%30 \u0130ng) Ders \u0130\u00e7eri\u011fi 2020-2021 Uluslararas\u0131 Ticaret B\u00f6l\u00fcm\u00fc (%30 \u0130ng) Ders \u0130\u00e7eri\u011fi 2021-2022 Uluslararas\u0131 Ticaret B\u00f6l\u00fcm\u00fc (%30 \u0130ng) Ders \u0130\u00e7eri\u011fi 2024-2025 Uluslararas\u0131 Ticaret (\u0130ngilizce) Ders \u0130\u00e7erikleri 2024-2025 Uluslararas\u0131 Ticaret (%30 \u0130ngilizce) Ders [&hellip;]","og_url":"http:\/\/ticaret.edu.tr\/uluslararasi-ticaret\/ders-icerikleri\/","og_site_name":"Uluslararas\u0131 Ticaret","article_publisher":"https:\/\/www.facebook.com\/ticaretedutr","article_modified_time":"2026-02-11T11:25:53+00:00","og_image":[{"width":1250,"height":833,"url":"http:\/\/ticaret.edu.tr\/uluslararasi-ticaret\/wp-content\/uploads\/sites\/18\/2021\/11\/web_logo-01.jpg","type":"image\/jpeg"}],"twitter_card":"summary_large_image","twitter_site":"@ticaretedutr","twitter_misc":{"Tahmini okuma s\u00fcresi":"1 dakika"},"schema":{"@context":"https:\/\/schema.org","@graph":[{"@type":"WebPage","@id":"http:\/\/ticaret.edu.tr\/uluslararasi-ticaret\/ders-icerikleri\/","url":"http:\/\/ticaret.edu.tr\/uluslararasi-ticaret\/ders-icerikleri\/","name":"Ders \u0130\u00e7erikleri - Uluslararas\u0131 Ticaret","isPartOf":{"@id":"https:\/\/ticaret.edu.tr\/uluslararasi-ticaret\/#website"},"datePublished":"2025-01-26T21:05:15+00:00","dateModified":"2026-02-11T11:25:53+00:00","breadcrumb":{"@id":"http:\/\/ticaret.edu.tr\/uluslararasi-ticaret\/ders-icerikleri\/#breadcrumb"},"inLanguage":"tr","potentialAction":[{"@type":"ReadAction","target":["http:\/\/ticaret.edu.tr\/uluslararasi-ticaret\/ders-icerikleri\/"]}]},{"@type":"BreadcrumbList","@id":"http:\/\/ticaret.edu.tr\/uluslararasi-ticaret\/ders-icerikleri\/#breadcrumb","itemListElement":[{"@type":"ListItem","position":1,"name":"Ana sayfa","item":"https:\/\/ticaret.edu.tr\/uluslararasi-ticaret\/"},{"@type":"ListItem","position":2,"name":"Ders \u0130\u00e7erikleri"}]},{"@type":"WebSite","@id":"https:\/\/ticaret.edu.tr\/uluslararasi-ticaret\/#website","url":"https:\/\/ticaret.edu.tr\/uluslararasi-ticaret\/","name":"Uluslararas\u0131 Ticaret","description":"","potentialAction":[{"@type":"SearchAction","target":{"@type":"EntryPoint","urlTemplate":"https:\/\/ticaret.edu.tr\/uluslararasi-ticaret\/?s={search_term_string}"},"query-input":"required name=search_term_string"}],"inLanguage":"tr"}]}},"lang":"tr","translations":{"en":1542,"tr":1540},"pll_sync_post":[],"_links":{"self":[{"href":"http:\/\/ticaret.edu.tr\/uluslararasi-ticaret\/wp-json\/wp\/v2\/pages\/1540"}],"collection":[{"href":"http:\/\/ticaret.edu.tr\/uluslararasi-ticaret\/wp-json\/wp\/v2\/pages"}],"about":[{"href":"http:\/\/ticaret.edu.tr\/uluslararasi-ticaret\/wp-json\/wp\/v2\/types\/page"}],"author":[{"embeddable":true,"href":"http:\/\/ticaret.edu.tr\/uluslararasi-ticaret\/wp-json\/wp\/v2\/users\/215"}],"replies":[{"embeddable":true,"href":"http:\/\/ticaret.edu.tr\/uluslararasi-ticaret\/wp-json\/wp\/v2\/comments?post=1540"}],"version-history":[{"count":7,"href":"http:\/\/ticaret.edu.tr\/uluslararasi-ticaret\/wp-json\/wp\/v2\/pages\/1540\/revisions"}],"predecessor-version":[{"id":2196,"href":"http:\/\/ticaret.edu.tr\/uluslararasi-ticaret\/wp-json\/wp\/v2\/pages\/1540\/revisions\/2196"}],"wp:attachment":[{"href":"http:\/\/ticaret.edu.tr\/uluslararasi-ticaret\/wp-json\/wp\/v2\/media?parent=1540"}],"curies":[{"name":"wp","href":"https:\/\/api.w.org\/{rel}","templated":true}]}}