{"id":1651,"date":"2025-01-27T10:06:36","date_gmt":"2025-01-27T07:06:36","guid":{"rendered":"https:\/\/ticaret.edu.tr\/uluslararasi-ticaret\/?page_id=1651"},"modified":"2025-10-17T15:07:31","modified_gmt":"2025-10-17T12:07:31","slug":"projects-incentives","status":"publish","type":"page","link":"http:\/\/ticaret.edu.tr\/uluslararasi-ticaret\/en\/projects-incentives\/","title":{"rendered":"Projects \/ Incentives"},"content":{"rendered":"<h2><b><strong>T\u00dcB\u0130TAK B\u0130DEB Support<\/strong><\/b><\/h2>\n<p>For Undergraduate Students:<\/p>\n<p><a href=\"https:\/\/www.tubitak.gov.tr\/tr\/burslar\/lisans\/burs-programlari\/icerik-2205-lisans-burs-programi\">2205 \u2013 Undergraduate Scholarship Program<\/a><\/p>\n<p><a href=\"https:\/\/www.tubitak.gov.tr\/tr\/burslar\/lisans\/burs-programlari\/icerik-2247-c-stajyer-arastirmaci-burs-programi-star\">2247 \u2013 C STAR-Intern Researcher Scholarship Programme<\/a><\/p>\n<p>For Graduate Students:<\/p>\n<p><a href=\"https:\/\/www.tubitak.gov.tr\/tr\/burslar\/lisansustu\/egitim-burs-programlari\/icerik-2210-yurt-ici-yuksek-lisans-burs-programlari\">2210 \u2013 MSc\/MA Scholarship Programs<\/a><\/p>\n<p><a href=\"https:\/\/www.tubitak.gov.tr\/tr\/burslar\/lisansustu\/egitim-burs-programlari\/icerik-2211-yurt-ici-doktora-burs-programlari\">2211 \u2013 National PhD Scholarship Programs<\/a><\/p>\n<p><a href=\"https:\/\/www.tubitak.gov.tr\/tr\/burslar\/lisansustu\/egitim-burs-programlari\/icerik-2213-a-yurt-disi-doktora-burs-programi\">2213 \u2013 A Overseas Graduate Scholarship Program (Only PhD.)<\/a><\/p>\n<p>For Postdoctoral Researchers:<\/p>\n<p><a href=\"https:\/\/tubitak.gov.tr\/tr\/burslar\/doktora-sonrasi\/arastirma-burs-programlari\/icerik-2218-yurt-ici-doktora-sonrasi-arastirma-burs-programi\">2218 \u2013 National Postdoctoral Research Fellowship Program<\/a><\/p>\n<p><a href=\"https:\/\/www.tubitak.gov.tr\/tr\/burslar\/doktora-sonrasi\/arastirma-burs-programlari\/icerik-2219-yurt-disi-doktora-sonrasi-arastirma-burs-programi\">2219 \u2013 International Postdoctoral Research Fellowship Program for Turkish Citizens<\/a><\/p>\n<h2><\/h2>\n<h2><strong>T\u00dcB\u0130TAK Project Support<\/strong><\/h2>\n<p>For Undergraduate Students:<\/p>\n<p><a href=\"https:\/\/www.tubitak.gov.tr\/tr\/burslar\/lisans\/burs-programlari\/icerik-2209-a-universite-ogrencileri-arastirma-projeleri-destekleme-programi\">2209-A \u2013 Research Project Support Programme for Undergraduate Students<\/a><\/p>\n<p><a href=\"https:\/\/www.tubitak.gov.tr\/tr\/burslar\/lisans\/burs-programlari\/icerik-2209-b-universite-ogrencileri-sanayiye-yonelik-arastirma-projeleri-destegi-programi\">2209-B \u2013 Industry Oriented Research Project Support Programme for Undergraduate Students<\/a><\/p>\n<p>For Graduate Students:<\/p>\n<p><a href=\"https:\/\/www.tubitak.gov.tr\/tr\/destekler\/akademik\/ulusal-destek-programlari\/icerik-1002-hizli-destek-programi\">1002- A Short term Support Module<\/a><\/p>\n<p><a href=\"https:\/\/www.tubitak.gov.tr\/tr\/burslar\/lisansustu\/arastirma-burs-programlari\/icerik-2214-a-yurt-disi-doktora-sirasi-arastirma-burs-programi\">2214-A \u2013 International Research Fellowship Programme for PhD Students<\/a><\/p>\n<p><a href=\"https:\/\/www.tubitak.gov.tr\/tr\/duyuru\/2214b-yurt-disi-musterek-doktora-burs-programi-0\">2214-B \u2013 Overseas Joint Doctoral Fellowship Program<\/a><\/p>\n<p>For Foreign Students<\/p>\n<p><a href=\"https:\/\/www.tubitak.gov.tr\/tr\/burslar\/yabancilara-yonelik\/arastirma-burs-programlari\/icerik-2216-uluslararasi-arastirmacilar-icin-arastirma-burs-programi\">2216 \u2013 Research Fellowship Programme for International Researchers<\/a><\/p>\n","protected":false},"excerpt":{"rendered":"<p>T\u00dcB\u0130TAK B\u0130DEB Support For Undergraduate Students: 2205 \u2013 Undergraduate Scholarship Program 2247 \u2013 C STAR-Intern Researcher Scholarship Programme For Graduate Students: 2210 \u2013 MSc\/MA Scholarship Programs 2211 \u2013 National PhD Scholarship Programs 2213 \u2013 A Overseas Graduate Scholarship Program (Only PhD.) For Postdoctoral Researchers: 2218 \u2013 National Postdoctoral Research Fellowship Program 2219 \u2013 International Postdoctoral [&hellip;]<\/p>\n","protected":false},"author":215,"featured_media":0,"parent":0,"menu_order":0,"comment_status":"closed","ping_status":"closed","template":"genel_sayfa.php","meta":{"footnotes":""},"yoast_head":"<!-- This site is optimized with the Yoast SEO Premium plugin v22.1 (Yoast SEO v22.1) - https:\/\/yoast.com\/wordpress\/plugins\/seo\/ -->\n<title>Projects \/ Incentives - Uluslararas\u0131 Ticaret<\/title>\n<meta name=\"robots\" content=\"index, follow, max-snippet:-1, max-image-preview:large, max-video-preview:-1\" \/>\n<link rel=\"canonical\" href=\"https:\/\/ticaret.edu.tr\/uluslararasi-ticaret\/en\/projects-incentives\/\" \/>\n<meta property=\"og:locale\" content=\"tr_TR\" \/>\n<meta property=\"og:type\" content=\"article\" \/>\n<meta property=\"og:title\" content=\"Projects \/ Incentives\" \/>\n<meta property=\"og:description\" content=\"T\u00dcB\u0130TAK B\u0130DEB Support For Undergraduate Students: 2205 \u2013 Undergraduate Scholarship Program 2247 \u2013 C STAR-Intern Researcher Scholarship Programme For Graduate Students: 2210 \u2013 MSc\/MA Scholarship Programs 2211 \u2013 National PhD Scholarship Programs 2213 \u2013 A Overseas Graduate Scholarship Program (Only PhD.) For Postdoctoral Researchers: 2218 \u2013 National Postdoctoral Research Fellowship Program 2219 \u2013 International Postdoctoral [&hellip;]\" \/>\n<meta property=\"og:url\" content=\"https:\/\/ticaret.edu.tr\/uluslararasi-ticaret\/en\/projects-incentives\/\" \/>\n<meta property=\"og:site_name\" content=\"Uluslararas\u0131 Ticaret\" \/>\n<meta property=\"article:publisher\" content=\"https:\/\/www.facebook.com\/ticaretedutr\" \/>\n<meta property=\"article:modified_time\" content=\"2025-10-17T12:07:31+00:00\" \/>\n<meta property=\"og:image\" content=\"http:\/\/ticaret.edu.tr\/uluslararasi-ticaret\/wp-content\/uploads\/sites\/18\/2021\/11\/web_logo-01.jpg\" \/>\n\t<meta property=\"og:image:width\" content=\"1250\" \/>\n\t<meta property=\"og:image:height\" content=\"833\" \/>\n\t<meta property=\"og:image:type\" content=\"image\/jpeg\" \/>\n<meta name=\"twitter:card\" content=\"summary_large_image\" \/>\n<meta name=\"twitter:site\" content=\"@ticaretedutr\" \/>\n<meta name=\"twitter:label1\" content=\"Tahmini okuma s\u00fcresi\" \/>\n\t<meta name=\"twitter:data1\" content=\"1 dakika\" \/>\n<script type=\"application\/ld+json\" class=\"yoast-schema-graph\">{\"@context\":\"https:\/\/schema.org\",\"@graph\":[{\"@type\":\"WebPage\",\"@id\":\"https:\/\/ticaret.edu.tr\/uluslararasi-ticaret\/en\/projects-incentives\/\",\"url\":\"https:\/\/ticaret.edu.tr\/uluslararasi-ticaret\/en\/projects-incentives\/\",\"name\":\"Projects \/ Incentives - Uluslararas\u0131 Ticaret\",\"isPartOf\":{\"@id\":\"https:\/\/ticaret.edu.tr\/uluslararasi-ticaret\/#website\"},\"datePublished\":\"2025-01-27T07:06:36+00:00\",\"dateModified\":\"2025-10-17T12:07:31+00:00\",\"breadcrumb\":{\"@id\":\"https:\/\/ticaret.edu.tr\/uluslararasi-ticaret\/en\/projects-incentives\/#breadcrumb\"},\"inLanguage\":\"tr\",\"potentialAction\":[{\"@type\":\"ReadAction\",\"target\":[\"https:\/\/ticaret.edu.tr\/uluslararasi-ticaret\/en\/projects-incentives\/\"]}]},{\"@type\":\"BreadcrumbList\",\"@id\":\"https:\/\/ticaret.edu.tr\/uluslararasi-ticaret\/en\/projects-incentives\/#breadcrumb\",\"itemListElement\":[{\"@type\":\"ListItem\",\"position\":1,\"name\":\"Ana sayfa\",\"item\":\"https:\/\/ticaret.edu.tr\/uluslararasi-ticaret\/\"},{\"@type\":\"ListItem\",\"position\":2,\"name\":\"Projects \/ Incentives\"}]},{\"@type\":\"WebSite\",\"@id\":\"https:\/\/ticaret.edu.tr\/uluslararasi-ticaret\/#website\",\"url\":\"https:\/\/ticaret.edu.tr\/uluslararasi-ticaret\/\",\"name\":\"Uluslararas\u0131 Ticaret\",\"description\":\"\",\"potentialAction\":[{\"@type\":\"SearchAction\",\"target\":{\"@type\":\"EntryPoint\",\"urlTemplate\":\"https:\/\/ticaret.edu.tr\/uluslararasi-ticaret\/?s={search_term_string}\"},\"query-input\":\"required name=search_term_string\"}],\"inLanguage\":\"tr\"}]}<\/script>\n<!-- \/ Yoast SEO Premium plugin. -->","yoast_head_json":{"title":"Projects \/ Incentives - Uluslararas\u0131 Ticaret","robots":{"index":"index","follow":"follow","max-snippet":"max-snippet:-1","max-image-preview":"max-image-preview:large","max-video-preview":"max-video-preview:-1"},"canonical":"https:\/\/ticaret.edu.tr\/uluslararasi-ticaret\/en\/projects-incentives\/","og_locale":"tr_TR","og_type":"article","og_title":"Projects \/ Incentives","og_description":"T\u00dcB\u0130TAK B\u0130DEB Support For Undergraduate Students: 2205 \u2013 Undergraduate Scholarship Program 2247 \u2013 C STAR-Intern Researcher Scholarship Programme For Graduate Students: 2210 \u2013 MSc\/MA Scholarship Programs 2211 \u2013 National PhD Scholarship Programs 2213 \u2013 A Overseas Graduate Scholarship Program (Only PhD.) For Postdoctoral Researchers: 2218 \u2013 National Postdoctoral Research Fellowship Program 2219 \u2013 International Postdoctoral [&hellip;]","og_url":"https:\/\/ticaret.edu.tr\/uluslararasi-ticaret\/en\/projects-incentives\/","og_site_name":"Uluslararas\u0131 Ticaret","article_publisher":"https:\/\/www.facebook.com\/ticaretedutr","article_modified_time":"2025-10-17T12:07:31+00:00","og_image":[{"width":1250,"height":833,"url":"http:\/\/ticaret.edu.tr\/uluslararasi-ticaret\/wp-content\/uploads\/sites\/18\/2021\/11\/web_logo-01.jpg","type":"image\/jpeg"}],"twitter_card":"summary_large_image","twitter_site":"@ticaretedutr","twitter_misc":{"Tahmini okuma s\u00fcresi":"1 dakika"},"schema":{"@context":"https:\/\/schema.org","@graph":[{"@type":"WebPage","@id":"https:\/\/ticaret.edu.tr\/uluslararasi-ticaret\/en\/projects-incentives\/","url":"https:\/\/ticaret.edu.tr\/uluslararasi-ticaret\/en\/projects-incentives\/","name":"Projects \/ Incentives - Uluslararas\u0131 Ticaret","isPartOf":{"@id":"https:\/\/ticaret.edu.tr\/uluslararasi-ticaret\/#website"},"datePublished":"2025-01-27T07:06:36+00:00","dateModified":"2025-10-17T12:07:31+00:00","breadcrumb":{"@id":"https:\/\/ticaret.edu.tr\/uluslararasi-ticaret\/en\/projects-incentives\/#breadcrumb"},"inLanguage":"tr","potentialAction":[{"@type":"ReadAction","target":["https:\/\/ticaret.edu.tr\/uluslararasi-ticaret\/en\/projects-incentives\/"]}]},{"@type":"BreadcrumbList","@id":"https:\/\/ticaret.edu.tr\/uluslararasi-ticaret\/en\/projects-incentives\/#breadcrumb","itemListElement":[{"@type":"ListItem","position":1,"name":"Ana sayfa","item":"https:\/\/ticaret.edu.tr\/uluslararasi-ticaret\/"},{"@type":"ListItem","position":2,"name":"Projects \/ Incentives"}]},{"@type":"WebSite","@id":"https:\/\/ticaret.edu.tr\/uluslararasi-ticaret\/#website","url":"https:\/\/ticaret.edu.tr\/uluslararasi-ticaret\/","name":"Uluslararas\u0131 Ticaret","description":"","potentialAction":[{"@type":"SearchAction","target":{"@type":"EntryPoint","urlTemplate":"https:\/\/ticaret.edu.tr\/uluslararasi-ticaret\/?s={search_term_string}"},"query-input":"required name=search_term_string"}],"inLanguage":"tr"}]}},"lang":"en","translations":{"en":1651,"tr":1649},"pll_sync_post":[],"_links":{"self":[{"href":"http:\/\/ticaret.edu.tr\/uluslararasi-ticaret\/wp-json\/wp\/v2\/pages\/1651"}],"collection":[{"href":"http:\/\/ticaret.edu.tr\/uluslararasi-ticaret\/wp-json\/wp\/v2\/pages"}],"about":[{"href":"http:\/\/ticaret.edu.tr\/uluslararasi-ticaret\/wp-json\/wp\/v2\/types\/page"}],"author":[{"embeddable":true,"href":"http:\/\/ticaret.edu.tr\/uluslararasi-ticaret\/wp-json\/wp\/v2\/users\/215"}],"replies":[{"embeddable":true,"href":"http:\/\/ticaret.edu.tr\/uluslararasi-ticaret\/wp-json\/wp\/v2\/comments?post=1651"}],"version-history":[{"count":4,"href":"http:\/\/ticaret.edu.tr\/uluslararasi-ticaret\/wp-json\/wp\/v2\/pages\/1651\/revisions"}],"predecessor-version":[{"id":2103,"href":"http:\/\/ticaret.edu.tr\/uluslararasi-ticaret\/wp-json\/wp\/v2\/pages\/1651\/revisions\/2103"}],"wp:attachment":[{"href":"http:\/\/ticaret.edu.tr\/uluslararasi-ticaret\/wp-json\/wp\/v2\/media?parent=1651"}],"curies":[{"name":"wp","href":"https:\/\/api.w.org\/{rel}","templated":true}]}}