{"id":155,"date":"2025-01-26T20:41:38","date_gmt":"2025-01-26T17:41:38","guid":{"rendered":"https:\/\/ticaret.edu.tr\/yazilim-muhendisligi-ingilizce\/?page_id=155"},"modified":"2025-09-25T11:57:31","modified_gmt":"2025-09-25T08:57:31","slug":"bolum-kurul-ve-komisyonlari","status":"publish","type":"page","link":"http:\/\/ticaret.edu.tr\/yazilim-muhendisligi-ingilizce\/bolum-kurul-ve-komisyonlari\/","title":{"rendered":"B\u00f6l\u00fcm Kurul ve Komisyonlar\u0131"},"content":{"rendered":"<p><strong>B\u00f6l\u00fcm Staj Komisyonu<\/strong><\/p>\n<p>Prof. Dr. Do\u011fan KAYA (Ba\u015fkan)<br \/>\nDr. \u00d6\u011fr. \u00dcyesi Fatma Nur AKI (\u00dcye)<br \/>\nDo\u00e7.Dr. Metin Turan (\u00dcye)<\/p>\n<p><strong>B\u00f6l\u00fcm \u0130ntibak Komisyonu<\/strong><\/p>\n<p>Prof. Dr. Do\u011fan KAYA (Ba\u015fkan)<br \/>\nDo\u00e7.Dr. Metin Turan (\u00dcye)<br \/>\nDr. \u00d6\u011fr. \u00dcyesi Fatma Nur AKI (\u00dcye)<\/p>\n<p><strong>B\u00f6l\u00fcm \u00c7ift Anadal ve Yandal Komisyonu<\/strong><\/p>\n<p>Prof. Dr. Do\u011fan KAYA (Ba\u015fkan)<br \/>\nDo\u00e7. Dr. Metin TURAN (\u00dcye)<br \/>\nDr. \u00d6\u011fr. \u00dcyesi Fatma Nur AKI (\u00dcye)<\/p>\n<p><strong>B\u00f6l\u00fcm Akreditasyon Komisyonu<\/strong><\/p>\n<p>Prof. Dr. Do\u011fan KAYA (Ba\u015fkan)<br \/>\nDo\u00e7.Dr. Metin Turan (\u00dcye)<br \/>\nDr. \u00d6\u011fr. \u00dcyesi \u0130lker K\u00d6SE (\u00dcye)<\/p>\n<p><strong>B\u00f6l\u00fcm Kalite Komisyonu<\/strong><\/p>\n<p>Prof. Dr. Do\u011fan KAYA (Ba\u015fkan)<br \/>\nDo\u00e7. Dr. Metin TURAN (\u00dcye)<br \/>\nDr. \u00d6\u011fr. \u00dcyesi \u0130lker K\u00d6SE (\u00dcye)<br \/>\nDr. \u00d6\u011fr. \u00dcyesi Fatma Nur AKI (\u00dcye)<\/p>\n<p><strong>B\u00f6l\u00fcm M\u00fcfredat Komisyonu<\/strong><\/p>\n<p>Prof. Dr. Do\u011fan KAYA (Ba\u015fkan)<br \/>\nDo\u00e7. Dr. Metin TURAN (\u00dcye)<br \/>\nDr. \u00d6\u011fr. \u00dcyesi \u0130lker K\u00d6SE (\u00dcye)<\/p>\n<p><strong>B\u00f6l\u00fcm Erasmus\/Orhun De\u011fi\u015fim Programlar\u0131 Komisyonu<\/strong><\/p>\n<p>Prof. Dr. Do\u011fan KAYA (Ba\u015fkan)<br \/>\nDo\u00e7.Dr. Metin Turan (\u00dcye)<br \/>\nDr. \u00d6\u011fr. \u00dcyesi Fatma Nur AKI (\u00dcye)<\/p>\n<p><strong>B\u00f6l\u00fcm \u00d6l\u00e7me ve De\u011ferlendirme Komisyonu<\/strong><\/p>\n<p>Prof. Dr. Do\u011fan KAYA (Ba\u015fkan)<br \/>\nDr. \u00d6\u011fr. \u00dcyesi \u0130lker K\u00d6SE (\u00dcye)<br \/>\nDo\u00e7. Dr. Metin TURAN (\u00dcye)<\/p>\n<p><strong>B\u00f6l\u00fcm Yatay\/Dikey Ge\u00e7i\u015f Komisyonu<\/strong><\/p>\n<p>Prof. Dr. Do\u011fan KAYA (Ba\u015fkan)<br \/>\nDo\u00e7.Dr. Metin Turan (\u00dcye)<br \/>\nDr. \u00d6\u011fr. \u00dcyesi Fatma Nur AKI (\u00dcye)<\/p>\n<p><strong>Kurul, Komisyon \u0130\u00e7\/D\u0131\u015f Payda\u015flar\u0131<\/strong><\/p>\n<p>Prof. Dr. Do\u011fan KAYA\u00a0 \u00a0 \u00a0 \u00a0 \u00a0 \u00a0 \u00a0 \u00a0 \u00a0 \u00a0 \u00a0 \u00a0 \u00a0 \u00a0 \u00a0 \u00a0 \u00a0 \u00a0 \u00a0 \u00a0 \u0130stanbul Ticaret \u00dcniversitesi Yaz\u0131l\u0131m M\u00fch. B\u00f6l. Ba\u015f.<br \/>\nProf. Dr. Onur Osman\u00a0 \u00a0 \u00a0 \u00a0 \u00a0 \u00a0 \u00a0 \u00a0 \u00a0 \u00a0 \u00a0 \u00a0 \u00a0 \u00a0 \u00a0 \u00a0 \u00a0 \u00a0 \u00a0 \u00a0 \u00a0Topkap\u0131 \u00dcn. M\u00fch. Fak. Dekan<br \/>\nProf. Dr. Saadettin AKSOY\u00a0 \u00a0 \u00a0 \u00a0 \u00a0 \u00a0 \u00a0 \u00a0 \u00a0 \u00a0 \u00a0 \u00a0 \u00a0 \u00a0 \u00a0 \u00a0 \u0130stanbul Ticaret \u00dcniversitesi Bil. M\u00fch. B\u00f6l\u00fcm Ba\u015fkan\u0131<br \/>\nDr. \u00d6\u011fr. \u00dcyesi Sevcan KAHRAMAN\u00a0 \u00a0 \u00a0 \u00a0 \u00a0 \u00a0 \u00a0 \u00a0 \u0130stanbul Ticaret \u00dcniversitesi Bil. M\u00fch. B\u00f6l\u00fcm\u00fc<br \/>\nDo\u00e7. Dr. Buket DO\u011eAN\u00a0 \u00a0 \u00a0 \u00a0 \u00a0 \u00a0 \u00a0 \u00a0 \u00a0 \u00a0 \u00a0 \u00a0 \u00a0 \u00a0 \u00a0 \u00a0 \u00a0 \u00a0 \u00a0MARMARA \u00dcN\u0130VERS\u0130TES\u0130 Bilgisayar M\u00fchendisli\u011fi B\u00f6l\u00fcm\u00fc<br \/>\nDo\u00e7. Dr. \u00d6nder DEM\u0130R\u00a0 \u00a0 \u00a0 \u00a0 \u00a0 \u00a0 \u00a0 \u00a0 \u00a0 \u00a0 \u00a0 \u00a0 \u00a0 \u00a0 \u00a0 \u00a0 \u00a0 \u00a0 \u00a0MARMARA \u00dcN\u0130VERS\u0130TES\u0130 Bilgisayar M\u00fchendisli\u011fi B\u00f6l\u00fcm\u00fc<br \/>\nFatih Muratan YILMAZ\u00a0 \u00a0 \u00a0 \u00a0 \u00a0 \u00a0 \u00a0 \u00a0 \u00a0 \u00a0 \u00a0 \u00a0 \u00a0 \u00a0 \u00a0 \u00a0 \u00a0 \u00a0 \u00a0S\u0130EMENS (B\u0130LG\u0130SAYAR L\u0130DER M\u00fchendis)<br \/>\nNizami Olcay \u00d6ZYILMAZ\u00a0 \u00a0 \u00a0 \u00a0 \u00a0 \u00a0 \u00a0 \u00a0 \u00a0 \u00a0 \u00a0 \u00a0 \u00a0 \u00a0 \u00a0 \u00a0 \u00a0Bili\u015fim Sekt\u00f6r\u00fc \u00d6zel Giri\u015fimci<br \/>\nHakan \u0130NCEO\u011eLU\u00a0 \u00a0 \u00a0 \u00a0 \u00a0 \u00a0 \u00a0 \u00a0 \u00a0 \u00a0 \u00a0 \u00a0 \u00a0 \u00a0 \u00a0 \u00a0 \u00a0 \u00a0 \u00a0 \u00a0 \u00a0 \u00a0 YAZ Bili\u015fim Genel M\u00fcd\u00fcr<br \/>\nM. Kaan \u0130LTER\u00a0 \u00a0 \u00a0 \u00a0 \u00a0 \u00a0 \u00a0 \u00a0 \u00a0 \u00a0 \u00a0 \u00a0 \u00a0 \u00a0 \u00a0 \u00a0 \u00a0 \u00a0 \u00a0 \u00a0 \u00a0 \u00a0 \u00a0 \u00a0 \u00a0 RSU Bili\u015fim Kurucu ortak<\/p>\n","protected":false},"excerpt":{"rendered":"<p>B\u00f6l\u00fcm Staj Komisyonu Prof. Dr. Do\u011fan KAYA (Ba\u015fkan) Dr. \u00d6\u011fr. \u00dcyesi Fatma Nur AKI (\u00dcye) Do\u00e7.Dr. Metin Turan (\u00dcye) B\u00f6l\u00fcm \u0130ntibak Komisyonu Prof. Dr. Do\u011fan KAYA (Ba\u015fkan) Do\u00e7.Dr. Metin Turan (\u00dcye) Dr. \u00d6\u011fr. \u00dcyesi Fatma Nur AKI (\u00dcye) B\u00f6l\u00fcm \u00c7ift Anadal ve Yandal Komisyonu Prof. Dr. Do\u011fan KAYA (Ba\u015fkan) Do\u00e7. Dr. Metin TURAN (\u00dcye) Dr. [&hellip;]<\/p>\n","protected":false},"author":226,"featured_media":0,"parent":0,"menu_order":0,"comment_status":"closed","ping_status":"closed","template":"genel_sayfa.php","meta":{"footnotes":""},"yoast_head":"<!-- This site is optimized with the Yoast SEO Premium plugin v22.1 (Yoast SEO v22.1) - https:\/\/yoast.com\/wordpress\/plugins\/seo\/ -->\n<title>B\u00f6l\u00fcm Kurul ve Komisyonlar\u0131 - Yaz\u0131l\u0131m M\u00fchendisli\u011fi (\u0130ngilizce)<\/title>\n<meta name=\"robots\" content=\"index, follow, max-snippet:-1, max-image-preview:large, max-video-preview:-1\" \/>\n<link rel=\"canonical\" href=\"https:\/\/ticaret.edu.tr\/yazilim-muhendisligi-ingilizce\/bolum-kurul-ve-komisyonlari\/\" \/>\n<meta property=\"og:locale\" content=\"tr_TR\" \/>\n<meta property=\"og:type\" content=\"article\" \/>\n<meta property=\"og:title\" content=\"B\u00f6l\u00fcm Kurul ve Komisyonlar\u0131\" \/>\n<meta property=\"og:description\" content=\"B\u00f6l\u00fcm Staj Komisyonu Prof. Dr. Do\u011fan KAYA (Ba\u015fkan) Dr. \u00d6\u011fr. \u00dcyesi Fatma Nur AKI (\u00dcye) Do\u00e7.Dr. Metin Turan (\u00dcye) B\u00f6l\u00fcm \u0130ntibak Komisyonu Prof. Dr. Do\u011fan KAYA (Ba\u015fkan) Do\u00e7.Dr. Metin Turan (\u00dcye) Dr. \u00d6\u011fr. \u00dcyesi Fatma Nur AKI (\u00dcye) B\u00f6l\u00fcm \u00c7ift Anadal ve Yandal Komisyonu Prof. Dr. Do\u011fan KAYA (Ba\u015fkan) Do\u00e7. Dr. Metin TURAN (\u00dcye) Dr. [&hellip;]\" \/>\n<meta property=\"og:url\" content=\"https:\/\/ticaret.edu.tr\/yazilim-muhendisligi-ingilizce\/bolum-kurul-ve-komisyonlari\/\" \/>\n<meta property=\"og:site_name\" content=\"Yaz\u0131l\u0131m M\u00fchendisli\u011fi (\u0130ngilizce)\" \/>\n<meta property=\"article:publisher\" content=\"https:\/\/www.facebook.com\/ticaretedutr\" \/>\n<meta property=\"article:modified_time\" content=\"2025-09-25T08:57:31+00:00\" \/>\n<meta name=\"twitter:card\" content=\"summary_large_image\" \/>\n<meta name=\"twitter:site\" content=\"@ticaretedutr\" \/>\n<meta name=\"twitter:label1\" content=\"Tahmini okuma s\u00fcresi\" \/>\n\t<meta name=\"twitter:data1\" content=\"2 dakika\" \/>\n<script type=\"application\/ld+json\" class=\"yoast-schema-graph\">{\"@context\":\"https:\/\/schema.org\",\"@graph\":[{\"@type\":\"WebPage\",\"@id\":\"https:\/\/ticaret.edu.tr\/yazilim-muhendisligi-ingilizce\/bolum-kurul-ve-komisyonlari\/\",\"url\":\"https:\/\/ticaret.edu.tr\/yazilim-muhendisligi-ingilizce\/bolum-kurul-ve-komisyonlari\/\",\"name\":\"B\u00f6l\u00fcm Kurul ve Komisyonlar\u0131 - Yaz\u0131l\u0131m M\u00fchendisli\u011fi (\u0130ngilizce)\",\"isPartOf\":{\"@id\":\"https:\/\/ticaret.edu.tr\/yazilim-muhendisligi-ingilizce\/#website\"},\"datePublished\":\"2025-01-26T17:41:38+00:00\",\"dateModified\":\"2025-09-25T08:57:31+00:00\",\"breadcrumb\":{\"@id\":\"https:\/\/ticaret.edu.tr\/yazilim-muhendisligi-ingilizce\/bolum-kurul-ve-komisyonlari\/#breadcrumb\"},\"inLanguage\":\"tr\",\"potentialAction\":[{\"@type\":\"ReadAction\",\"target\":[\"https:\/\/ticaret.edu.tr\/yazilim-muhendisligi-ingilizce\/bolum-kurul-ve-komisyonlari\/\"]}]},{\"@type\":\"BreadcrumbList\",\"@id\":\"https:\/\/ticaret.edu.tr\/yazilim-muhendisligi-ingilizce\/bolum-kurul-ve-komisyonlari\/#breadcrumb\",\"itemListElement\":[{\"@type\":\"ListItem\",\"position\":1,\"name\":\"Ana sayfa\",\"item\":\"https:\/\/ticaret.edu.tr\/yazilim-muhendisligi-ingilizce\/\"},{\"@type\":\"ListItem\",\"position\":2,\"name\":\"B\u00f6l\u00fcm Kurul ve Komisyonlar\u0131\"}]},{\"@type\":\"WebSite\",\"@id\":\"https:\/\/ticaret.edu.tr\/yazilim-muhendisligi-ingilizce\/#website\",\"url\":\"https:\/\/ticaret.edu.tr\/yazilim-muhendisligi-ingilizce\/\",\"name\":\"Yaz\u0131l\u0131m M\u00fchendisli\u011fi (\u0130ngilizce)\",\"description\":\"\",\"publisher\":{\"@id\":\"https:\/\/ticaret.edu.tr\/yazilim-muhendisligi-ingilizce\/#organization\"},\"potentialAction\":[{\"@type\":\"SearchAction\",\"target\":{\"@type\":\"EntryPoint\",\"urlTemplate\":\"https:\/\/ticaret.edu.tr\/yazilim-muhendisligi-ingilizce\/?s={search_term_string}\"},\"query-input\":\"required name=search_term_string\"}],\"inLanguage\":\"tr\"},{\"@type\":\"Organization\",\"@id\":\"https:\/\/ticaret.edu.tr\/yazilim-muhendisligi-ingilizce\/#organization\",\"name\":\"\u0130stanbul Ticaret \u00dcniversitesi\",\"url\":\"https:\/\/ticaret.edu.tr\/yazilim-muhendisligi-ingilizce\/\",\"logo\":{\"@type\":\"ImageObject\",\"inLanguage\":\"tr\",\"@id\":\"https:\/\/ticaret.edu.tr\/yazilim-muhendisligi-ingilizce\/#\/schema\/logo\/image\/\",\"url\":\"https:\/\/ticaret.edu.tr\/wp-content\/uploads\/2021\/11\/logo22.png\",\"contentUrl\":\"https:\/\/ticaret.edu.tr\/wp-content\/uploads\/2021\/11\/logo22.png\",\"width\":172,\"height\":112,\"caption\":\"\u0130stanbul Ticaret \u00dcniversitesi\"},\"image\":{\"@id\":\"https:\/\/ticaret.edu.tr\/yazilim-muhendisligi-ingilizce\/#\/schema\/logo\/image\/\"},\"sameAs\":[\"https:\/\/www.facebook.com\/ticaretedutr\",\"https:\/\/twitter.com\/ticaretedutr\"]}]}<\/script>\n<!-- \/ Yoast SEO Premium plugin. -->","yoast_head_json":{"title":"B\u00f6l\u00fcm Kurul ve Komisyonlar\u0131 - Yaz\u0131l\u0131m M\u00fchendisli\u011fi (\u0130ngilizce)","robots":{"index":"index","follow":"follow","max-snippet":"max-snippet:-1","max-image-preview":"max-image-preview:large","max-video-preview":"max-video-preview:-1"},"canonical":"https:\/\/ticaret.edu.tr\/yazilim-muhendisligi-ingilizce\/bolum-kurul-ve-komisyonlari\/","og_locale":"tr_TR","og_type":"article","og_title":"B\u00f6l\u00fcm Kurul ve Komisyonlar\u0131","og_description":"B\u00f6l\u00fcm Staj Komisyonu Prof. Dr. Do\u011fan KAYA (Ba\u015fkan) Dr. \u00d6\u011fr. \u00dcyesi Fatma Nur AKI (\u00dcye) Do\u00e7.Dr. Metin Turan (\u00dcye) B\u00f6l\u00fcm \u0130ntibak Komisyonu Prof. Dr. Do\u011fan KAYA (Ba\u015fkan) Do\u00e7.Dr. Metin Turan (\u00dcye) Dr. \u00d6\u011fr. \u00dcyesi Fatma Nur AKI (\u00dcye) B\u00f6l\u00fcm \u00c7ift Anadal ve Yandal Komisyonu Prof. Dr. Do\u011fan KAYA (Ba\u015fkan) Do\u00e7. Dr. Metin TURAN (\u00dcye) Dr. [&hellip;]","og_url":"https:\/\/ticaret.edu.tr\/yazilim-muhendisligi-ingilizce\/bolum-kurul-ve-komisyonlari\/","og_site_name":"Yaz\u0131l\u0131m M\u00fchendisli\u011fi (\u0130ngilizce)","article_publisher":"https:\/\/www.facebook.com\/ticaretedutr","article_modified_time":"2025-09-25T08:57:31+00:00","twitter_card":"summary_large_image","twitter_site":"@ticaretedutr","twitter_misc":{"Tahmini okuma s\u00fcresi":"2 dakika"},"schema":{"@context":"https:\/\/schema.org","@graph":[{"@type":"WebPage","@id":"https:\/\/ticaret.edu.tr\/yazilim-muhendisligi-ingilizce\/bolum-kurul-ve-komisyonlari\/","url":"https:\/\/ticaret.edu.tr\/yazilim-muhendisligi-ingilizce\/bolum-kurul-ve-komisyonlari\/","name":"B\u00f6l\u00fcm Kurul ve Komisyonlar\u0131 - Yaz\u0131l\u0131m M\u00fchendisli\u011fi (\u0130ngilizce)","isPartOf":{"@id":"https:\/\/ticaret.edu.tr\/yazilim-muhendisligi-ingilizce\/#website"},"datePublished":"2025-01-26T17:41:38+00:00","dateModified":"2025-09-25T08:57:31+00:00","breadcrumb":{"@id":"https:\/\/ticaret.edu.tr\/yazilim-muhendisligi-ingilizce\/bolum-kurul-ve-komisyonlari\/#breadcrumb"},"inLanguage":"tr","potentialAction":[{"@type":"ReadAction","target":["https:\/\/ticaret.edu.tr\/yazilim-muhendisligi-ingilizce\/bolum-kurul-ve-komisyonlari\/"]}]},{"@type":"BreadcrumbList","@id":"https:\/\/ticaret.edu.tr\/yazilim-muhendisligi-ingilizce\/bolum-kurul-ve-komisyonlari\/#breadcrumb","itemListElement":[{"@type":"ListItem","position":1,"name":"Ana sayfa","item":"https:\/\/ticaret.edu.tr\/yazilim-muhendisligi-ingilizce\/"},{"@type":"ListItem","position":2,"name":"B\u00f6l\u00fcm Kurul ve Komisyonlar\u0131"}]},{"@type":"WebSite","@id":"https:\/\/ticaret.edu.tr\/yazilim-muhendisligi-ingilizce\/#website","url":"https:\/\/ticaret.edu.tr\/yazilim-muhendisligi-ingilizce\/","name":"Yaz\u0131l\u0131m M\u00fchendisli\u011fi (\u0130ngilizce)","description":"","publisher":{"@id":"https:\/\/ticaret.edu.tr\/yazilim-muhendisligi-ingilizce\/#organization"},"potentialAction":[{"@type":"SearchAction","target":{"@type":"EntryPoint","urlTemplate":"https:\/\/ticaret.edu.tr\/yazilim-muhendisligi-ingilizce\/?s={search_term_string}"},"query-input":"required name=search_term_string"}],"inLanguage":"tr"},{"@type":"Organization","@id":"https:\/\/ticaret.edu.tr\/yazilim-muhendisligi-ingilizce\/#organization","name":"\u0130stanbul Ticaret \u00dcniversitesi","url":"https:\/\/ticaret.edu.tr\/yazilim-muhendisligi-ingilizce\/","logo":{"@type":"ImageObject","inLanguage":"tr","@id":"https:\/\/ticaret.edu.tr\/yazilim-muhendisligi-ingilizce\/#\/schema\/logo\/image\/","url":"https:\/\/ticaret.edu.tr\/wp-content\/uploads\/2021\/11\/logo22.png","contentUrl":"https:\/\/ticaret.edu.tr\/wp-content\/uploads\/2021\/11\/logo22.png","width":172,"height":112,"caption":"\u0130stanbul Ticaret \u00dcniversitesi"},"image":{"@id":"https:\/\/ticaret.edu.tr\/yazilim-muhendisligi-ingilizce\/#\/schema\/logo\/image\/"},"sameAs":["https:\/\/www.facebook.com\/ticaretedutr","https:\/\/twitter.com\/ticaretedutr"]}]}},"lang":"tr","translations":{"tr":155,"en":375},"pll_sync_post":[],"_links":{"self":[{"href":"http:\/\/ticaret.edu.tr\/yazilim-muhendisligi-ingilizce\/wp-json\/wp\/v2\/pages\/155"}],"collection":[{"href":"http:\/\/ticaret.edu.tr\/yazilim-muhendisligi-ingilizce\/wp-json\/wp\/v2\/pages"}],"about":[{"href":"http:\/\/ticaret.edu.tr\/yazilim-muhendisligi-ingilizce\/wp-json\/wp\/v2\/types\/page"}],"author":[{"embeddable":true,"href":"http:\/\/ticaret.edu.tr\/yazilim-muhendisligi-ingilizce\/wp-json\/wp\/v2\/users\/226"}],"replies":[{"embeddable":true,"href":"http:\/\/ticaret.edu.tr\/yazilim-muhendisligi-ingilizce\/wp-json\/wp\/v2\/comments?post=155"}],"version-history":[{"count":7,"href":"http:\/\/ticaret.edu.tr\/yazilim-muhendisligi-ingilizce\/wp-json\/wp\/v2\/pages\/155\/revisions"}],"predecessor-version":[{"id":683,"href":"http:\/\/ticaret.edu.tr\/yazilim-muhendisligi-ingilizce\/wp-json\/wp\/v2\/pages\/155\/revisions\/683"}],"wp:attachment":[{"href":"http:\/\/ticaret.edu.tr\/yazilim-muhendisligi-ingilizce\/wp-json\/wp\/v2\/media?parent=155"}],"curies":[{"name":"wp","href":"https:\/\/api.w.org\/{rel}","templated":true}]}}