{"id":183,"date":"2025-01-26T20:44:58","date_gmt":"2025-01-26T17:44:58","guid":{"rendered":"https:\/\/ticaret.edu.tr\/yazilim-muhendisligi-ingilizce\/?page_id=183"},"modified":"2025-11-19T11:00:40","modified_gmt":"2025-11-19T08:00:40","slug":"program-egitim-amaclari","status":"publish","type":"page","link":"http:\/\/ticaret.edu.tr\/yazilim-muhendisligi-ingilizce\/program-egitim-amaclari\/","title":{"rendered":"Program E\u011fitim Ama\u00e7lar\u0131"},"content":{"rendered":"<p><strong>\u00a0<\/strong><\/p>\n<p><strong>PEA 1 \u2013 Mesleki Yetkinlik ve S\u00fcrekli Geli\u015fim<\/strong><\/p>\n<p>Mezunlar\u0131m\u0131z, yaz\u0131l\u0131m m\u00fchendisli\u011fi ilkelerini kullanarak end\u00fcstride, Ar-Ge birimlerinde veya giri\u015fimcilik ekosisteminde etkin bi\u00e7imde \u00e7al\u0131\u015fabilen; teknolojik geli\u015fmeleri takip eden ve mesleki yetkinli\u011fini ya\u015fam boyu \u00f6\u011frenme anlay\u0131\u015f\u0131yla s\u00fcrekli geli\u015ftiren profesyoneller olacakt\u0131r.<\/p>\n<p><strong>PEA 2 \u2013 Disiplinleraras\u0131 \u0130\u015fbirli\u011fi ve Tak\u0131m \u00c7al\u0131\u015fmas\u0131<\/strong><\/p>\n<p>Mezunlar\u0131m\u0131z, farkl\u0131 disiplinlerden uzmanlarla birlikte \u00e7al\u0131\u015fabilen, tak\u0131m \u00e7al\u0131\u015fmas\u0131na uyum sa\u011flayabilen, etkili ileti\u015fim kurabilen ve proje s\u00fcre\u00e7lerini profesyonel \u015fekilde y\u00fcr\u00fctebilen m\u00fchendisler olacakt\u0131r.<\/p>\n<p><strong>PEA 3 \u2013 Etik, Toplumsal Sorumluluk ve M\u00fchendislik Eti\u011fi<\/strong><\/p>\n<p>Mezunlar\u0131m\u0131z, m\u00fchendislik uygulamalar\u0131nda etik kurallar\u0131 g\u00f6zeten; toplumsal, \u00e7evresel ve hukuki etkileri dikkate alan; s\u00fcrd\u00fcr\u00fclebilir ve sorumlu \u00e7\u00f6z\u00fcmler \u00fcretebilen bireyler olacakt\u0131r.<\/p>\n<p><strong>PEA 4 \u2013 Yenilik\u00e7ilik ve Liderlik<\/strong><\/p>\n<p>Mezunlar\u0131m\u0131z, yenilik\u00e7i d\u00fc\u015f\u00fcnme becerisi geli\u015ftirmi\u015f; analitik ve ele\u015ftirel d\u00fc\u015f\u00fcnme yoluyla problemlere yarat\u0131c\u0131 \u00e7\u00f6z\u00fcmler \u00fcretebilen; gerekti\u011finde proje, ekip veya \u00fcr\u00fcn geli\u015ftirme s\u00fcre\u00e7lerinde liderlik rol\u00fc \u00fcstlenebilen m\u00fchendisler olacakt\u0131r.<\/p>\n","protected":false},"excerpt":{"rendered":"<p>\u00a0 PEA 1 \u2013 Mesleki Yetkinlik ve S\u00fcrekli Geli\u015fim Mezunlar\u0131m\u0131z, yaz\u0131l\u0131m m\u00fchendisli\u011fi ilkelerini kullanarak end\u00fcstride, Ar-Ge birimlerinde veya giri\u015fimcilik ekosisteminde etkin bi\u00e7imde \u00e7al\u0131\u015fabilen; teknolojik geli\u015fmeleri takip eden ve mesleki yetkinli\u011fini ya\u015fam boyu \u00f6\u011frenme anlay\u0131\u015f\u0131yla s\u00fcrekli geli\u015ftiren profesyoneller olacakt\u0131r. PEA 2 \u2013 Disiplinleraras\u0131 \u0130\u015fbirli\u011fi ve Tak\u0131m \u00c7al\u0131\u015fmas\u0131 Mezunlar\u0131m\u0131z, farkl\u0131 disiplinlerden uzmanlarla birlikte \u00e7al\u0131\u015fabilen, tak\u0131m \u00e7al\u0131\u015fmas\u0131na uyum [&hellip;]<\/p>\n","protected":false},"author":226,"featured_media":0,"parent":0,"menu_order":0,"comment_status":"closed","ping_status":"closed","template":"genel_sayfa.php","meta":{"footnotes":""},"yoast_head":"<!-- This site is optimized with the Yoast SEO Premium plugin v22.1 (Yoast SEO v22.1) - https:\/\/yoast.com\/wordpress\/plugins\/seo\/ -->\n<title>Program E\u011fitim Ama\u00e7lar\u0131 - Yaz\u0131l\u0131m M\u00fchendisli\u011fi (\u0130ngilizce)<\/title>\n<meta name=\"robots\" content=\"index, follow, max-snippet:-1, max-image-preview:large, max-video-preview:-1\" \/>\n<link rel=\"canonical\" href=\"http:\/\/ticaret.edu.tr\/yazilim-muhendisligi-ingilizce\/program-egitim-amaclari\/\" \/>\n<meta property=\"og:locale\" content=\"tr_TR\" \/>\n<meta property=\"og:type\" content=\"article\" \/>\n<meta property=\"og:title\" content=\"Program E\u011fitim Ama\u00e7lar\u0131\" \/>\n<meta property=\"og:description\" content=\"\u00a0 PEA 1 \u2013 Mesleki Yetkinlik ve S\u00fcrekli Geli\u015fim Mezunlar\u0131m\u0131z, yaz\u0131l\u0131m m\u00fchendisli\u011fi ilkelerini kullanarak end\u00fcstride, Ar-Ge birimlerinde veya giri\u015fimcilik ekosisteminde etkin bi\u00e7imde \u00e7al\u0131\u015fabilen; teknolojik geli\u015fmeleri takip eden ve mesleki yetkinli\u011fini ya\u015fam boyu \u00f6\u011frenme anlay\u0131\u015f\u0131yla s\u00fcrekli geli\u015ftiren profesyoneller olacakt\u0131r. PEA 2 \u2013 Disiplinleraras\u0131 \u0130\u015fbirli\u011fi ve Tak\u0131m \u00c7al\u0131\u015fmas\u0131 Mezunlar\u0131m\u0131z, farkl\u0131 disiplinlerden uzmanlarla birlikte \u00e7al\u0131\u015fabilen, tak\u0131m \u00e7al\u0131\u015fmas\u0131na uyum [&hellip;]\" \/>\n<meta property=\"og:url\" content=\"http:\/\/ticaret.edu.tr\/yazilim-muhendisligi-ingilizce\/program-egitim-amaclari\/\" \/>\n<meta property=\"og:site_name\" content=\"Yaz\u0131l\u0131m M\u00fchendisli\u011fi (\u0130ngilizce)\" \/>\n<meta property=\"article:publisher\" content=\"https:\/\/www.facebook.com\/ticaretedutr\" \/>\n<meta property=\"article:modified_time\" content=\"2025-11-19T08:00:40+00:00\" \/>\n<meta name=\"twitter:card\" content=\"summary_large_image\" \/>\n<meta name=\"twitter:site\" content=\"@ticaretedutr\" \/>\n<meta name=\"twitter:label1\" content=\"Tahmini okuma s\u00fcresi\" \/>\n\t<meta name=\"twitter:data1\" content=\"1 dakika\" \/>\n<script type=\"application\/ld+json\" class=\"yoast-schema-graph\">{\"@context\":\"https:\/\/schema.org\",\"@graph\":[{\"@type\":\"WebPage\",\"@id\":\"http:\/\/ticaret.edu.tr\/yazilim-muhendisligi-ingilizce\/program-egitim-amaclari\/\",\"url\":\"http:\/\/ticaret.edu.tr\/yazilim-muhendisligi-ingilizce\/program-egitim-amaclari\/\",\"name\":\"Program E\u011fitim Ama\u00e7lar\u0131 - Yaz\u0131l\u0131m M\u00fchendisli\u011fi (\u0130ngilizce)\",\"isPartOf\":{\"@id\":\"https:\/\/ticaret.edu.tr\/yazilim-muhendisligi-ingilizce\/#website\"},\"datePublished\":\"2025-01-26T17:44:58+00:00\",\"dateModified\":\"2025-11-19T08:00:40+00:00\",\"breadcrumb\":{\"@id\":\"http:\/\/ticaret.edu.tr\/yazilim-muhendisligi-ingilizce\/program-egitim-amaclari\/#breadcrumb\"},\"inLanguage\":\"tr\",\"potentialAction\":[{\"@type\":\"ReadAction\",\"target\":[\"http:\/\/ticaret.edu.tr\/yazilim-muhendisligi-ingilizce\/program-egitim-amaclari\/\"]}]},{\"@type\":\"BreadcrumbList\",\"@id\":\"http:\/\/ticaret.edu.tr\/yazilim-muhendisligi-ingilizce\/program-egitim-amaclari\/#breadcrumb\",\"itemListElement\":[{\"@type\":\"ListItem\",\"position\":1,\"name\":\"Ana sayfa\",\"item\":\"https:\/\/ticaret.edu.tr\/yazilim-muhendisligi-ingilizce\/\"},{\"@type\":\"ListItem\",\"position\":2,\"name\":\"Program E\u011fitim Ama\u00e7lar\u0131\"}]},{\"@type\":\"WebSite\",\"@id\":\"https:\/\/ticaret.edu.tr\/yazilim-muhendisligi-ingilizce\/#website\",\"url\":\"https:\/\/ticaret.edu.tr\/yazilim-muhendisligi-ingilizce\/\",\"name\":\"Yaz\u0131l\u0131m M\u00fchendisli\u011fi (\u0130ngilizce)\",\"description\":\"\",\"publisher\":{\"@id\":\"https:\/\/ticaret.edu.tr\/yazilim-muhendisligi-ingilizce\/#organization\"},\"potentialAction\":[{\"@type\":\"SearchAction\",\"target\":{\"@type\":\"EntryPoint\",\"urlTemplate\":\"https:\/\/ticaret.edu.tr\/yazilim-muhendisligi-ingilizce\/?s={search_term_string}\"},\"query-input\":\"required name=search_term_string\"}],\"inLanguage\":\"tr\"},{\"@type\":\"Organization\",\"@id\":\"https:\/\/ticaret.edu.tr\/yazilim-muhendisligi-ingilizce\/#organization\",\"name\":\"\u0130stanbul Ticaret \u00dcniversitesi\",\"url\":\"https:\/\/ticaret.edu.tr\/yazilim-muhendisligi-ingilizce\/\",\"logo\":{\"@type\":\"ImageObject\",\"inLanguage\":\"tr\",\"@id\":\"https:\/\/ticaret.edu.tr\/yazilim-muhendisligi-ingilizce\/#\/schema\/logo\/image\/\",\"url\":\"https:\/\/ticaret.edu.tr\/wp-content\/uploads\/2021\/11\/logo22.png\",\"contentUrl\":\"https:\/\/ticaret.edu.tr\/wp-content\/uploads\/2021\/11\/logo22.png\",\"width\":172,\"height\":112,\"caption\":\"\u0130stanbul Ticaret \u00dcniversitesi\"},\"image\":{\"@id\":\"https:\/\/ticaret.edu.tr\/yazilim-muhendisligi-ingilizce\/#\/schema\/logo\/image\/\"},\"sameAs\":[\"https:\/\/www.facebook.com\/ticaretedutr\",\"https:\/\/twitter.com\/ticaretedutr\"]}]}<\/script>\n<!-- \/ Yoast SEO Premium plugin. -->","yoast_head_json":{"title":"Program E\u011fitim Ama\u00e7lar\u0131 - Yaz\u0131l\u0131m M\u00fchendisli\u011fi (\u0130ngilizce)","robots":{"index":"index","follow":"follow","max-snippet":"max-snippet:-1","max-image-preview":"max-image-preview:large","max-video-preview":"max-video-preview:-1"},"canonical":"http:\/\/ticaret.edu.tr\/yazilim-muhendisligi-ingilizce\/program-egitim-amaclari\/","og_locale":"tr_TR","og_type":"article","og_title":"Program E\u011fitim Ama\u00e7lar\u0131","og_description":"\u00a0 PEA 1 \u2013 Mesleki Yetkinlik ve S\u00fcrekli Geli\u015fim Mezunlar\u0131m\u0131z, yaz\u0131l\u0131m m\u00fchendisli\u011fi ilkelerini kullanarak end\u00fcstride, Ar-Ge birimlerinde veya giri\u015fimcilik ekosisteminde etkin bi\u00e7imde \u00e7al\u0131\u015fabilen; teknolojik geli\u015fmeleri takip eden ve mesleki yetkinli\u011fini ya\u015fam boyu \u00f6\u011frenme anlay\u0131\u015f\u0131yla s\u00fcrekli geli\u015ftiren profesyoneller olacakt\u0131r. PEA 2 \u2013 Disiplinleraras\u0131 \u0130\u015fbirli\u011fi ve Tak\u0131m \u00c7al\u0131\u015fmas\u0131 Mezunlar\u0131m\u0131z, farkl\u0131 disiplinlerden uzmanlarla birlikte \u00e7al\u0131\u015fabilen, tak\u0131m \u00e7al\u0131\u015fmas\u0131na uyum [&hellip;]","og_url":"http:\/\/ticaret.edu.tr\/yazilim-muhendisligi-ingilizce\/program-egitim-amaclari\/","og_site_name":"Yaz\u0131l\u0131m M\u00fchendisli\u011fi (\u0130ngilizce)","article_publisher":"https:\/\/www.facebook.com\/ticaretedutr","article_modified_time":"2025-11-19T08:00:40+00:00","twitter_card":"summary_large_image","twitter_site":"@ticaretedutr","twitter_misc":{"Tahmini okuma s\u00fcresi":"1 dakika"},"schema":{"@context":"https:\/\/schema.org","@graph":[{"@type":"WebPage","@id":"http:\/\/ticaret.edu.tr\/yazilim-muhendisligi-ingilizce\/program-egitim-amaclari\/","url":"http:\/\/ticaret.edu.tr\/yazilim-muhendisligi-ingilizce\/program-egitim-amaclari\/","name":"Program E\u011fitim Ama\u00e7lar\u0131 - Yaz\u0131l\u0131m M\u00fchendisli\u011fi (\u0130ngilizce)","isPartOf":{"@id":"https:\/\/ticaret.edu.tr\/yazilim-muhendisligi-ingilizce\/#website"},"datePublished":"2025-01-26T17:44:58+00:00","dateModified":"2025-11-19T08:00:40+00:00","breadcrumb":{"@id":"http:\/\/ticaret.edu.tr\/yazilim-muhendisligi-ingilizce\/program-egitim-amaclari\/#breadcrumb"},"inLanguage":"tr","potentialAction":[{"@type":"ReadAction","target":["http:\/\/ticaret.edu.tr\/yazilim-muhendisligi-ingilizce\/program-egitim-amaclari\/"]}]},{"@type":"BreadcrumbList","@id":"http:\/\/ticaret.edu.tr\/yazilim-muhendisligi-ingilizce\/program-egitim-amaclari\/#breadcrumb","itemListElement":[{"@type":"ListItem","position":1,"name":"Ana sayfa","item":"https:\/\/ticaret.edu.tr\/yazilim-muhendisligi-ingilizce\/"},{"@type":"ListItem","position":2,"name":"Program E\u011fitim Ama\u00e7lar\u0131"}]},{"@type":"WebSite","@id":"https:\/\/ticaret.edu.tr\/yazilim-muhendisligi-ingilizce\/#website","url":"https:\/\/ticaret.edu.tr\/yazilim-muhendisligi-ingilizce\/","name":"Yaz\u0131l\u0131m M\u00fchendisli\u011fi (\u0130ngilizce)","description":"","publisher":{"@id":"https:\/\/ticaret.edu.tr\/yazilim-muhendisligi-ingilizce\/#organization"},"potentialAction":[{"@type":"SearchAction","target":{"@type":"EntryPoint","urlTemplate":"https:\/\/ticaret.edu.tr\/yazilim-muhendisligi-ingilizce\/?s={search_term_string}"},"query-input":"required name=search_term_string"}],"inLanguage":"tr"},{"@type":"Organization","@id":"https:\/\/ticaret.edu.tr\/yazilim-muhendisligi-ingilizce\/#organization","name":"\u0130stanbul Ticaret \u00dcniversitesi","url":"https:\/\/ticaret.edu.tr\/yazilim-muhendisligi-ingilizce\/","logo":{"@type":"ImageObject","inLanguage":"tr","@id":"https:\/\/ticaret.edu.tr\/yazilim-muhendisligi-ingilizce\/#\/schema\/logo\/image\/","url":"https:\/\/ticaret.edu.tr\/wp-content\/uploads\/2021\/11\/logo22.png","contentUrl":"https:\/\/ticaret.edu.tr\/wp-content\/uploads\/2021\/11\/logo22.png","width":172,"height":112,"caption":"\u0130stanbul Ticaret \u00dcniversitesi"},"image":{"@id":"https:\/\/ticaret.edu.tr\/yazilim-muhendisligi-ingilizce\/#\/schema\/logo\/image\/"},"sameAs":["https:\/\/www.facebook.com\/ticaretedutr","https:\/\/twitter.com\/ticaretedutr"]}]}},"lang":"tr","translations":{"tr":183},"pll_sync_post":[],"_links":{"self":[{"href":"http:\/\/ticaret.edu.tr\/yazilim-muhendisligi-ingilizce\/wp-json\/wp\/v2\/pages\/183"}],"collection":[{"href":"http:\/\/ticaret.edu.tr\/yazilim-muhendisligi-ingilizce\/wp-json\/wp\/v2\/pages"}],"about":[{"href":"http:\/\/ticaret.edu.tr\/yazilim-muhendisligi-ingilizce\/wp-json\/wp\/v2\/types\/page"}],"author":[{"embeddable":true,"href":"http:\/\/ticaret.edu.tr\/yazilim-muhendisligi-ingilizce\/wp-json\/wp\/v2\/users\/226"}],"replies":[{"embeddable":true,"href":"http:\/\/ticaret.edu.tr\/yazilim-muhendisligi-ingilizce\/wp-json\/wp\/v2\/comments?post=183"}],"version-history":[{"count":6,"href":"http:\/\/ticaret.edu.tr\/yazilim-muhendisligi-ingilizce\/wp-json\/wp\/v2\/pages\/183\/revisions"}],"predecessor-version":[{"id":824,"href":"http:\/\/ticaret.edu.tr\/yazilim-muhendisligi-ingilizce\/wp-json\/wp\/v2\/pages\/183\/revisions\/824"}],"wp:attachment":[{"href":"http:\/\/ticaret.edu.tr\/yazilim-muhendisligi-ingilizce\/wp-json\/wp\/v2\/media?parent=183"}],"curies":[{"name":"wp","href":"https:\/\/api.w.org\/{rel}","templated":true}]}}