{"id":186,"date":"2025-01-26T20:45:10","date_gmt":"2025-01-26T17:45:10","guid":{"rendered":"https:\/\/ticaret.edu.tr\/yazilim-muhendisligi-ingilizce\/?page_id=186"},"modified":"2025-11-19T11:02:15","modified_gmt":"2025-11-19T08:02:15","slug":"program-ogretim-ciktilari","status":"publish","type":"page","link":"http:\/\/ticaret.edu.tr\/yazilim-muhendisligi-ingilizce\/program-ogretim-ciktilari\/","title":{"rendered":"Program \u00d6\u011fretim \u00c7\u0131kt\u0131lar\u0131"},"content":{"rendered":"<p>1.a.\u00a0\u00a0\u00a0\u00a0\u00a0\u00a0\u00a0 Matematik, fen bilimleri ve ilgili m\u00fchendislik disiplinine \u00f6zg\u00fc konularda yeterli bilgi birikimi<\/p>\n<p>1.b.\u00a0\u00a0\u00a0\u00a0\u00a0\u00a0\u00a0 Bu alanlardaki kuramsal ve uygulamal\u0131 bilgileri, karma\u015f\u0131k m\u00fchendislik problemlerinde kullanabilme becerisi.<\/p>\n<p>2.a.\u00a0\u00a0\u00a0\u00a0\u00a0\u00a0\u00a0 Karma\u015f\u0131k m\u00fchendislik problemlerini saptama, tan\u0131mlama, form\u00fcle etme ve \u00e7\u00f6zme becerisi<\/p>\n<p>2.b.\u00a0\u00a0\u00a0\u00a0\u00a0\u00a0\u00a0 Bu ama\u00e7la uygun analiz ve modelleme y\u00f6ntemlerini se\u00e7me ve uygulama becerisi.<\/p>\n<p>3.a.\u00a0\u00a0\u00a0\u00a0\u00a0\u00a0\u00a0 Karma\u015f\u0131k bir sistemi, s\u00fcreci, cihaz\u0131 veya \u00fcr\u00fcn\u00fc ger\u00e7ek\u00e7i k\u0131s\u0131tlar ve ko\u015fullar alt\u0131nda, belirli gereksinimleri kar\u015f\u0131layacak \u015fekilde tasarlama becerisi<\/p>\n<p>3.b.\u00a0\u00a0\u00a0\u00a0\u00a0\u00a0\u00a0 Bu ama\u00e7la modern tasar\u0131m y\u00f6ntemlerini uygulama becerisi.<\/p>\n<p>4.a.\u00a0\u00a0\u00a0\u00a0\u00a0\u00a0\u00a0 M\u00fchendislik uygulamalar\u0131nda kar\u015f\u0131la\u015f\u0131lan karma\u015f\u0131k problemlerin analizi ve \u00e7\u00f6z\u00fcm\u00fc i\u00e7in gerekli olan modern teknik ve ara\u00e7lar\u0131 geli\u015ftirme, se\u00e7me ve kullanma becerisi<\/p>\n<p>4.b.\u00a0\u00a0\u00a0\u00a0\u00a0\u00a0\u00a0 Bili\u015fim teknolojilerini etkin bir \u015fekilde kullanma becerisi.<\/p>\n<p>5.\u00a0 \u00a0 \u00a0 \u00a0 \u00a0 \u00a0Karma\u015f\u0131k m\u00fchendislik problemlerinin veya disipline \u00f6zg\u00fc ara\u015ft\u0131rma konular\u0131n\u0131n incelenmesi i\u00e7in deney tasarlama, deney yapma, veri toplama, sonu\u00e7lar\u0131 analiz etme ve yorumlama becerisi.<\/p>\n<p>6.a.\u00a0\u00a0\u00a0\u00a0\u00a0\u00a0\u00a0 Disiplin i\u00e7i ve \u00e7ok disiplinli tak\u0131mlarda etkin bi\u00e7imde \u00e7al\u0131\u015fabilme becerisi<\/p>\n<p>6.b.\u00a0\u00a0\u00a0\u00a0\u00a0\u00a0\u00a0 Bireysel \u00e7al\u0131\u015fma becerisi.<\/p>\n<p>7.a.\u00a0\u00a0\u00a0\u00a0\u00a0\u00a0\u00a0 T\u00fcrk\u00e7e s\u00f6zl\u00fc ve yaz\u0131l\u0131 etkin ileti\u015fim kurma becerisi<\/p>\n<p>7.b.\u00a0\u00a0\u00a0\u00a0\u00a0\u00a0\u00a0 En az bir yabanc\u0131 dil bilgisi<\/p>\n<p>7.c.\u00a0\u00a0\u00a0\u00a0\u00a0\u00a0\u00a0\u00a0 Etkin rapor yazma ve yaz\u0131l\u0131 raporlar\u0131 anlama, tasar\u0131m ve \u00fcretim raporlar\u0131 haz\u0131rlayabilme, etkin sunum yapabilme, a\u00e7\u0131k ve anla\u015f\u0131l\u0131r talimat verme ve alma becerisi.<\/p>\n<p>8.a.\u00a0\u00a0\u00a0\u00a0\u00a0\u00a0\u00a0 Ya\u015fam boyu \u00f6\u011frenmenin gereklili\u011fi bilinci<\/p>\n<p>8.b.\u00a0\u00a0\u00a0\u00a0\u00a0\u00a0\u00a0 Bilgiye eri\u015febilme, bilim ve teknolojideki geli\u015fmeleri izleme ve kendini s\u00fcrekli yenileme becerisi.<\/p>\n<p>9.a.\u00a0\u00a0\u00a0\u00a0\u00a0\u00a0\u00a0 Etik ilkelerine uygun davranma, mesleki ve etik sorumluluk bilinci<\/p>\n<p>9.b.\u00a0\u00a0\u00a0\u00a0\u00a0\u00a0\u00a0 M\u00fchendislik uygulamalar\u0131nda kullan\u0131lan standartlar hakk\u0131nda bilgi.<\/p>\n<p>10.a.\u00a0\u00a0\u00a0\u00a0\u00a0 Proje y\u00f6netimi, risk y\u00f6netimi ve de\u011fi\u015fiklik y\u00f6netimi gibi, i\u015f hayat\u0131ndaki uygulamalar hakk\u0131nda bilgi<\/p>\n<p>10.b.\u00a0\u00a0\u00a0\u00a0\u00a0 Giri\u015fimcilik, yenilik\u00e7ilik hakk\u0131nda fark\u0131ndal\u0131k<\/p>\n<p>10.c.\u00a0\u00a0\u00a0\u00a0\u00a0 S\u00fcrd\u00fcr\u00fclebilir kalk\u0131nma hakk\u0131nda bilgi.<\/p>\n<p>11.a.\u00a0\u00a0\u00a0\u00a0\u00a0 M\u00fchendislik uygulamalar\u0131n\u0131n evrensel ve toplumsal boyutlarda sa\u011fl\u0131k, \u00e7evre ve g\u00fcvenlik \u00fczerindeki etkileri ve \u00e7a\u011f\u0131n m\u00fchendislik alan\u0131na yans\u0131yan sorunlar\u0131 hakk\u0131nda bilgi<\/p>\n<p>11.b.\u00a0\u00a0\u00a0\u00a0\u00a0 M\u00fchendislik \u00e7\u00f6z\u00fcmlerinin hukuksal sonu\u00e7lar\u0131 konusunda fark\u0131ndal\u0131k.<\/p>\n","protected":false},"excerpt":{"rendered":"<p>1.a.\u00a0\u00a0\u00a0\u00a0\u00a0\u00a0\u00a0 Matematik, fen bilimleri ve ilgili m\u00fchendislik disiplinine \u00f6zg\u00fc konularda yeterli bilgi birikimi 1.b.\u00a0\u00a0\u00a0\u00a0\u00a0\u00a0\u00a0 Bu alanlardaki kuramsal ve uygulamal\u0131 bilgileri, karma\u015f\u0131k m\u00fchendislik problemlerinde kullanabilme becerisi. 2.a.\u00a0\u00a0\u00a0\u00a0\u00a0\u00a0\u00a0 Karma\u015f\u0131k m\u00fchendislik problemlerini saptama, tan\u0131mlama, form\u00fcle etme ve \u00e7\u00f6zme becerisi 2.b.\u00a0\u00a0\u00a0\u00a0\u00a0\u00a0\u00a0 Bu ama\u00e7la uygun analiz ve modelleme y\u00f6ntemlerini se\u00e7me ve uygulama becerisi. 3.a.\u00a0\u00a0\u00a0\u00a0\u00a0\u00a0\u00a0 Karma\u015f\u0131k bir sistemi, s\u00fcreci, cihaz\u0131 veya [&hellip;]<\/p>\n","protected":false},"author":226,"featured_media":0,"parent":0,"menu_order":0,"comment_status":"closed","ping_status":"closed","template":"genel_sayfa.php","meta":{"footnotes":""},"yoast_head":"<!-- This site is optimized with the Yoast SEO Premium plugin v22.1 (Yoast SEO v22.1) - https:\/\/yoast.com\/wordpress\/plugins\/seo\/ -->\n<title>Program \u00d6\u011fretim \u00c7\u0131kt\u0131lar\u0131 - Yaz\u0131l\u0131m M\u00fchendisli\u011fi (\u0130ngilizce)<\/title>\n<meta name=\"robots\" content=\"index, follow, max-snippet:-1, max-image-preview:large, max-video-preview:-1\" \/>\n<link rel=\"canonical\" href=\"http:\/\/ticaret.edu.tr\/yazilim-muhendisligi-ingilizce\/program-ogretim-ciktilari\/\" \/>\n<meta property=\"og:locale\" content=\"tr_TR\" \/>\n<meta property=\"og:type\" content=\"article\" \/>\n<meta property=\"og:title\" content=\"Program \u00d6\u011fretim \u00c7\u0131kt\u0131lar\u0131\" \/>\n<meta property=\"og:description\" content=\"1.a.\u00a0\u00a0\u00a0\u00a0\u00a0\u00a0\u00a0 Matematik, fen bilimleri ve ilgili m\u00fchendislik disiplinine \u00f6zg\u00fc konularda yeterli bilgi birikimi 1.b.\u00a0\u00a0\u00a0\u00a0\u00a0\u00a0\u00a0 Bu alanlardaki kuramsal ve uygulamal\u0131 bilgileri, karma\u015f\u0131k m\u00fchendislik problemlerinde kullanabilme becerisi. 2.a.\u00a0\u00a0\u00a0\u00a0\u00a0\u00a0\u00a0 Karma\u015f\u0131k m\u00fchendislik problemlerini saptama, tan\u0131mlama, form\u00fcle etme ve \u00e7\u00f6zme becerisi 2.b.\u00a0\u00a0\u00a0\u00a0\u00a0\u00a0\u00a0 Bu ama\u00e7la uygun analiz ve modelleme y\u00f6ntemlerini se\u00e7me ve uygulama becerisi. 3.a.\u00a0\u00a0\u00a0\u00a0\u00a0\u00a0\u00a0 Karma\u015f\u0131k bir sistemi, s\u00fcreci, cihaz\u0131 veya [&hellip;]\" \/>\n<meta property=\"og:url\" content=\"http:\/\/ticaret.edu.tr\/yazilim-muhendisligi-ingilizce\/program-ogretim-ciktilari\/\" \/>\n<meta property=\"og:site_name\" content=\"Yaz\u0131l\u0131m M\u00fchendisli\u011fi (\u0130ngilizce)\" \/>\n<meta property=\"article:publisher\" content=\"https:\/\/www.facebook.com\/ticaretedutr\" \/>\n<meta property=\"article:modified_time\" content=\"2025-11-19T08:02:15+00:00\" \/>\n<meta name=\"twitter:card\" content=\"summary_large_image\" \/>\n<meta name=\"twitter:site\" content=\"@ticaretedutr\" \/>\n<meta name=\"twitter:label1\" content=\"Tahmini okuma s\u00fcresi\" \/>\n\t<meta name=\"twitter:data1\" content=\"2 dakika\" \/>\n<script type=\"application\/ld+json\" class=\"yoast-schema-graph\">{\"@context\":\"https:\/\/schema.org\",\"@graph\":[{\"@type\":\"WebPage\",\"@id\":\"http:\/\/ticaret.edu.tr\/yazilim-muhendisligi-ingilizce\/program-ogretim-ciktilari\/\",\"url\":\"http:\/\/ticaret.edu.tr\/yazilim-muhendisligi-ingilizce\/program-ogretim-ciktilari\/\",\"name\":\"Program \u00d6\u011fretim \u00c7\u0131kt\u0131lar\u0131 - Yaz\u0131l\u0131m M\u00fchendisli\u011fi (\u0130ngilizce)\",\"isPartOf\":{\"@id\":\"https:\/\/ticaret.edu.tr\/yazilim-muhendisligi-ingilizce\/#website\"},\"datePublished\":\"2025-01-26T17:45:10+00:00\",\"dateModified\":\"2025-11-19T08:02:15+00:00\",\"breadcrumb\":{\"@id\":\"http:\/\/ticaret.edu.tr\/yazilim-muhendisligi-ingilizce\/program-ogretim-ciktilari\/#breadcrumb\"},\"inLanguage\":\"tr\",\"potentialAction\":[{\"@type\":\"ReadAction\",\"target\":[\"http:\/\/ticaret.edu.tr\/yazilim-muhendisligi-ingilizce\/program-ogretim-ciktilari\/\"]}]},{\"@type\":\"BreadcrumbList\",\"@id\":\"http:\/\/ticaret.edu.tr\/yazilim-muhendisligi-ingilizce\/program-ogretim-ciktilari\/#breadcrumb\",\"itemListElement\":[{\"@type\":\"ListItem\",\"position\":1,\"name\":\"Ana sayfa\",\"item\":\"https:\/\/ticaret.edu.tr\/yazilim-muhendisligi-ingilizce\/\"},{\"@type\":\"ListItem\",\"position\":2,\"name\":\"Program \u00d6\u011fretim \u00c7\u0131kt\u0131lar\u0131\"}]},{\"@type\":\"WebSite\",\"@id\":\"https:\/\/ticaret.edu.tr\/yazilim-muhendisligi-ingilizce\/#website\",\"url\":\"https:\/\/ticaret.edu.tr\/yazilim-muhendisligi-ingilizce\/\",\"name\":\"Yaz\u0131l\u0131m M\u00fchendisli\u011fi (\u0130ngilizce)\",\"description\":\"\",\"publisher\":{\"@id\":\"https:\/\/ticaret.edu.tr\/yazilim-muhendisligi-ingilizce\/#organization\"},\"potentialAction\":[{\"@type\":\"SearchAction\",\"target\":{\"@type\":\"EntryPoint\",\"urlTemplate\":\"https:\/\/ticaret.edu.tr\/yazilim-muhendisligi-ingilizce\/?s={search_term_string}\"},\"query-input\":\"required name=search_term_string\"}],\"inLanguage\":\"tr\"},{\"@type\":\"Organization\",\"@id\":\"https:\/\/ticaret.edu.tr\/yazilim-muhendisligi-ingilizce\/#organization\",\"name\":\"\u0130stanbul Ticaret \u00dcniversitesi\",\"url\":\"https:\/\/ticaret.edu.tr\/yazilim-muhendisligi-ingilizce\/\",\"logo\":{\"@type\":\"ImageObject\",\"inLanguage\":\"tr\",\"@id\":\"https:\/\/ticaret.edu.tr\/yazilim-muhendisligi-ingilizce\/#\/schema\/logo\/image\/\",\"url\":\"https:\/\/ticaret.edu.tr\/wp-content\/uploads\/2021\/11\/logo22.png\",\"contentUrl\":\"https:\/\/ticaret.edu.tr\/wp-content\/uploads\/2021\/11\/logo22.png\",\"width\":172,\"height\":112,\"caption\":\"\u0130stanbul Ticaret \u00dcniversitesi\"},\"image\":{\"@id\":\"https:\/\/ticaret.edu.tr\/yazilim-muhendisligi-ingilizce\/#\/schema\/logo\/image\/\"},\"sameAs\":[\"https:\/\/www.facebook.com\/ticaretedutr\",\"https:\/\/twitter.com\/ticaretedutr\"]}]}<\/script>\n<!-- \/ Yoast SEO Premium plugin. -->","yoast_head_json":{"title":"Program \u00d6\u011fretim \u00c7\u0131kt\u0131lar\u0131 - Yaz\u0131l\u0131m M\u00fchendisli\u011fi (\u0130ngilizce)","robots":{"index":"index","follow":"follow","max-snippet":"max-snippet:-1","max-image-preview":"max-image-preview:large","max-video-preview":"max-video-preview:-1"},"canonical":"http:\/\/ticaret.edu.tr\/yazilim-muhendisligi-ingilizce\/program-ogretim-ciktilari\/","og_locale":"tr_TR","og_type":"article","og_title":"Program \u00d6\u011fretim \u00c7\u0131kt\u0131lar\u0131","og_description":"1.a.\u00a0\u00a0\u00a0\u00a0\u00a0\u00a0\u00a0 Matematik, fen bilimleri ve ilgili m\u00fchendislik disiplinine \u00f6zg\u00fc konularda yeterli bilgi birikimi 1.b.\u00a0\u00a0\u00a0\u00a0\u00a0\u00a0\u00a0 Bu alanlardaki kuramsal ve uygulamal\u0131 bilgileri, karma\u015f\u0131k m\u00fchendislik problemlerinde kullanabilme becerisi. 2.a.\u00a0\u00a0\u00a0\u00a0\u00a0\u00a0\u00a0 Karma\u015f\u0131k m\u00fchendislik problemlerini saptama, tan\u0131mlama, form\u00fcle etme ve \u00e7\u00f6zme becerisi 2.b.\u00a0\u00a0\u00a0\u00a0\u00a0\u00a0\u00a0 Bu ama\u00e7la uygun analiz ve modelleme y\u00f6ntemlerini se\u00e7me ve uygulama becerisi. 3.a.\u00a0\u00a0\u00a0\u00a0\u00a0\u00a0\u00a0 Karma\u015f\u0131k bir sistemi, s\u00fcreci, cihaz\u0131 veya [&hellip;]","og_url":"http:\/\/ticaret.edu.tr\/yazilim-muhendisligi-ingilizce\/program-ogretim-ciktilari\/","og_site_name":"Yaz\u0131l\u0131m M\u00fchendisli\u011fi (\u0130ngilizce)","article_publisher":"https:\/\/www.facebook.com\/ticaretedutr","article_modified_time":"2025-11-19T08:02:15+00:00","twitter_card":"summary_large_image","twitter_site":"@ticaretedutr","twitter_misc":{"Tahmini okuma s\u00fcresi":"2 dakika"},"schema":{"@context":"https:\/\/schema.org","@graph":[{"@type":"WebPage","@id":"http:\/\/ticaret.edu.tr\/yazilim-muhendisligi-ingilizce\/program-ogretim-ciktilari\/","url":"http:\/\/ticaret.edu.tr\/yazilim-muhendisligi-ingilizce\/program-ogretim-ciktilari\/","name":"Program \u00d6\u011fretim \u00c7\u0131kt\u0131lar\u0131 - Yaz\u0131l\u0131m M\u00fchendisli\u011fi (\u0130ngilizce)","isPartOf":{"@id":"https:\/\/ticaret.edu.tr\/yazilim-muhendisligi-ingilizce\/#website"},"datePublished":"2025-01-26T17:45:10+00:00","dateModified":"2025-11-19T08:02:15+00:00","breadcrumb":{"@id":"http:\/\/ticaret.edu.tr\/yazilim-muhendisligi-ingilizce\/program-ogretim-ciktilari\/#breadcrumb"},"inLanguage":"tr","potentialAction":[{"@type":"ReadAction","target":["http:\/\/ticaret.edu.tr\/yazilim-muhendisligi-ingilizce\/program-ogretim-ciktilari\/"]}]},{"@type":"BreadcrumbList","@id":"http:\/\/ticaret.edu.tr\/yazilim-muhendisligi-ingilizce\/program-ogretim-ciktilari\/#breadcrumb","itemListElement":[{"@type":"ListItem","position":1,"name":"Ana sayfa","item":"https:\/\/ticaret.edu.tr\/yazilim-muhendisligi-ingilizce\/"},{"@type":"ListItem","position":2,"name":"Program \u00d6\u011fretim \u00c7\u0131kt\u0131lar\u0131"}]},{"@type":"WebSite","@id":"https:\/\/ticaret.edu.tr\/yazilim-muhendisligi-ingilizce\/#website","url":"https:\/\/ticaret.edu.tr\/yazilim-muhendisligi-ingilizce\/","name":"Yaz\u0131l\u0131m M\u00fchendisli\u011fi (\u0130ngilizce)","description":"","publisher":{"@id":"https:\/\/ticaret.edu.tr\/yazilim-muhendisligi-ingilizce\/#organization"},"potentialAction":[{"@type":"SearchAction","target":{"@type":"EntryPoint","urlTemplate":"https:\/\/ticaret.edu.tr\/yazilim-muhendisligi-ingilizce\/?s={search_term_string}"},"query-input":"required name=search_term_string"}],"inLanguage":"tr"},{"@type":"Organization","@id":"https:\/\/ticaret.edu.tr\/yazilim-muhendisligi-ingilizce\/#organization","name":"\u0130stanbul Ticaret \u00dcniversitesi","url":"https:\/\/ticaret.edu.tr\/yazilim-muhendisligi-ingilizce\/","logo":{"@type":"ImageObject","inLanguage":"tr","@id":"https:\/\/ticaret.edu.tr\/yazilim-muhendisligi-ingilizce\/#\/schema\/logo\/image\/","url":"https:\/\/ticaret.edu.tr\/wp-content\/uploads\/2021\/11\/logo22.png","contentUrl":"https:\/\/ticaret.edu.tr\/wp-content\/uploads\/2021\/11\/logo22.png","width":172,"height":112,"caption":"\u0130stanbul Ticaret \u00dcniversitesi"},"image":{"@id":"https:\/\/ticaret.edu.tr\/yazilim-muhendisligi-ingilizce\/#\/schema\/logo\/image\/"},"sameAs":["https:\/\/www.facebook.com\/ticaretedutr","https:\/\/twitter.com\/ticaretedutr"]}]}},"lang":"tr","translations":{"tr":186,"en":399},"pll_sync_post":[],"_links":{"self":[{"href":"http:\/\/ticaret.edu.tr\/yazilim-muhendisligi-ingilizce\/wp-json\/wp\/v2\/pages\/186"}],"collection":[{"href":"http:\/\/ticaret.edu.tr\/yazilim-muhendisligi-ingilizce\/wp-json\/wp\/v2\/pages"}],"about":[{"href":"http:\/\/ticaret.edu.tr\/yazilim-muhendisligi-ingilizce\/wp-json\/wp\/v2\/types\/page"}],"author":[{"embeddable":true,"href":"http:\/\/ticaret.edu.tr\/yazilim-muhendisligi-ingilizce\/wp-json\/wp\/v2\/users\/226"}],"replies":[{"embeddable":true,"href":"http:\/\/ticaret.edu.tr\/yazilim-muhendisligi-ingilizce\/wp-json\/wp\/v2\/comments?post=186"}],"version-history":[{"count":3,"href":"http:\/\/ticaret.edu.tr\/yazilim-muhendisligi-ingilizce\/wp-json\/wp\/v2\/pages\/186\/revisions"}],"predecessor-version":[{"id":826,"href":"http:\/\/ticaret.edu.tr\/yazilim-muhendisligi-ingilizce\/wp-json\/wp\/v2\/pages\/186\/revisions\/826"}],"wp:attachment":[{"href":"http:\/\/ticaret.edu.tr\/yazilim-muhendisligi-ingilizce\/wp-json\/wp\/v2\/media?parent=186"}],"curies":[{"name":"wp","href":"https:\/\/api.w.org\/{rel}","templated":true}]}}