{"id":240,"date":"2025-01-26T20:50:23","date_gmt":"2025-01-26T17:50:23","guid":{"rendered":"https:\/\/ticaret.edu.tr\/yazilim-muhendisligi-ingilizce\/?page_id=240"},"modified":"2026-01-07T18:30:06","modified_gmt":"2026-01-07T15:30:06","slug":"tasarim-projesi-bitirme-projesi","status":"publish","type":"page","link":"http:\/\/ticaret.edu.tr\/yazilim-muhendisligi-ingilizce\/tasarim-projesi-bitirme-projesi\/","title":{"rendered":"Tasar\u0131m Projesi \/ Bitirme Projesi"},"content":{"rendered":"<p>Bili\u015fim Tasar\u0131m Projesi ve Bitirme Projesi Ak\u0131\u015f \u015eemas\u0131 i\u00e7in\u00a0<a href=\"https:\/\/ticaret.edu.tr\/bilgisayar-muhendisligi\/wp-content\/uploads\/sites\/19\/2025\/04\/bitirme_projesi_akis_semasi_bil.pdf\" target=\"_blank\" rel=\"noopener\">T\u0131klay\u0131n\u0131z.<\/a><\/p>\n<p><a href=\"https:\/\/ticaret.edu.tr\/bilgisayar-muhendisligi\/wp-content\/uploads\/sites\/19\/2020\/05\/bitprojekilavuz.pdf\" target=\"_blank\" rel=\"noopener\"><strong>Bitirme Projesi Yaz\u0131m\u0131 Hakk\u0131nda<\/strong><\/a><\/p>\n<p><a href=\"http:\/\/ticaret.edu.tr\/mekatronik-muhendisligi\/wp-content\/uploads\/sites\/22\/2025\/03\/Lisans-Bitime-Projesi-Yonergesi.pdf\">Lisans Bitirme Projesi Y\u00f6nergesi<\/a><\/p>\n<p>\u00d6rnek Bitirme Projesi Tezi \u015eablonu i\u00e7in\u00a0<a href=\"https:\/\/ticaret.edu.tr\/elektrik-elektronik-muhendisligi\/tasarim-projesi-bitirme-projesi\/eng402-graduation_project_report_template_v-1-0-2\/\" rel=\"attachment wp-att-1915\">T\u0131klay\u0131n\u0131z.<\/a><\/p>\n<p>Bitirme Projesi De\u011ferlendirmeleri A\u015fa\u011f\u0131daki Formda Yer Alan \u00d6l\u00e7\u00fctlere G\u00f6re Yap\u0131lmaktad\u0131r.<\/p>\n<p><a href=\"http:\/\/ticaret.edu.tr\/yazilim-muhendisligi-ingilizce\/wp-content\/uploads\/sites\/78\/2026\/01\/ENG402_EvaluationForm_Final-2.docx\"><strong>Bitirme Projesi De\u011ferlendirme Formu<\/strong><\/a><\/p>\n","protected":false},"excerpt":{"rendered":"<p>Bili\u015fim Tasar\u0131m Projesi ve Bitirme Projesi Ak\u0131\u015f \u015eemas\u0131 i\u00e7in\u00a0T\u0131klay\u0131n\u0131z. Bitirme Projesi Yaz\u0131m\u0131 Hakk\u0131nda Lisans Bitirme Projesi Y\u00f6nergesi \u00d6rnek Bitirme Projesi Tezi \u015eablonu i\u00e7in\u00a0T\u0131klay\u0131n\u0131z. Bitirme Projesi De\u011ferlendirmeleri A\u015fa\u011f\u0131daki Formda Yer Alan \u00d6l\u00e7\u00fctlere G\u00f6re Yap\u0131lmaktad\u0131r. Bitirme Projesi De\u011ferlendirme Formu<\/p>\n","protected":false},"author":226,"featured_media":0,"parent":0,"menu_order":0,"comment_status":"closed","ping_status":"closed","template":"genel_sayfa.php","meta":{"footnotes":""},"yoast_head":"<!-- This site is optimized with the Yoast SEO Premium plugin v22.1 (Yoast SEO v22.1) - https:\/\/yoast.com\/wordpress\/plugins\/seo\/ -->\n<title>Tasar\u0131m Projesi \/ Bitirme Projesi - Yaz\u0131l\u0131m M\u00fchendisli\u011fi (\u0130ngilizce)<\/title>\n<meta name=\"robots\" content=\"index, follow, max-snippet:-1, max-image-preview:large, max-video-preview:-1\" \/>\n<link rel=\"canonical\" href=\"http:\/\/ticaret.edu.tr\/yazilim-muhendisligi-ingilizce\/tasarim-projesi-bitirme-projesi\/\" \/>\n<meta property=\"og:locale\" content=\"tr_TR\" \/>\n<meta property=\"og:type\" content=\"article\" \/>\n<meta property=\"og:title\" content=\"Tasar\u0131m Projesi \/ Bitirme Projesi\" \/>\n<meta property=\"og:description\" content=\"Bili\u015fim Tasar\u0131m Projesi ve Bitirme Projesi Ak\u0131\u015f \u015eemas\u0131 i\u00e7in\u00a0T\u0131klay\u0131n\u0131z. Bitirme Projesi Yaz\u0131m\u0131 Hakk\u0131nda Lisans Bitirme Projesi Y\u00f6nergesi \u00d6rnek Bitirme Projesi Tezi \u015eablonu i\u00e7in\u00a0T\u0131klay\u0131n\u0131z. Bitirme Projesi De\u011ferlendirmeleri A\u015fa\u011f\u0131daki Formda Yer Alan \u00d6l\u00e7\u00fctlere G\u00f6re Yap\u0131lmaktad\u0131r. Bitirme Projesi De\u011ferlendirme Formu\" \/>\n<meta property=\"og:url\" content=\"http:\/\/ticaret.edu.tr\/yazilim-muhendisligi-ingilizce\/tasarim-projesi-bitirme-projesi\/\" \/>\n<meta property=\"og:site_name\" content=\"Yaz\u0131l\u0131m M\u00fchendisli\u011fi (\u0130ngilizce)\" \/>\n<meta property=\"article:publisher\" content=\"https:\/\/www.facebook.com\/ticaretedutr\" \/>\n<meta property=\"article:modified_time\" content=\"2026-01-07T15:30:06+00:00\" \/>\n<meta name=\"twitter:card\" content=\"summary_large_image\" \/>\n<meta name=\"twitter:site\" content=\"@ticaretedutr\" \/>\n<meta name=\"twitter:label1\" content=\"Tahmini okuma s\u00fcresi\" \/>\n\t<meta name=\"twitter:data1\" content=\"1 dakika\" \/>\n<script type=\"application\/ld+json\" class=\"yoast-schema-graph\">{\"@context\":\"https:\/\/schema.org\",\"@graph\":[{\"@type\":\"WebPage\",\"@id\":\"http:\/\/ticaret.edu.tr\/yazilim-muhendisligi-ingilizce\/tasarim-projesi-bitirme-projesi\/\",\"url\":\"http:\/\/ticaret.edu.tr\/yazilim-muhendisligi-ingilizce\/tasarim-projesi-bitirme-projesi\/\",\"name\":\"Tasar\u0131m Projesi \/ Bitirme Projesi - Yaz\u0131l\u0131m M\u00fchendisli\u011fi (\u0130ngilizce)\",\"isPartOf\":{\"@id\":\"https:\/\/ticaret.edu.tr\/yazilim-muhendisligi-ingilizce\/#website\"},\"datePublished\":\"2025-01-26T17:50:23+00:00\",\"dateModified\":\"2026-01-07T15:30:06+00:00\",\"breadcrumb\":{\"@id\":\"http:\/\/ticaret.edu.tr\/yazilim-muhendisligi-ingilizce\/tasarim-projesi-bitirme-projesi\/#breadcrumb\"},\"inLanguage\":\"tr\",\"potentialAction\":[{\"@type\":\"ReadAction\",\"target\":[\"http:\/\/ticaret.edu.tr\/yazilim-muhendisligi-ingilizce\/tasarim-projesi-bitirme-projesi\/\"]}]},{\"@type\":\"BreadcrumbList\",\"@id\":\"http:\/\/ticaret.edu.tr\/yazilim-muhendisligi-ingilizce\/tasarim-projesi-bitirme-projesi\/#breadcrumb\",\"itemListElement\":[{\"@type\":\"ListItem\",\"position\":1,\"name\":\"Ana sayfa\",\"item\":\"https:\/\/ticaret.edu.tr\/yazilim-muhendisligi-ingilizce\/\"},{\"@type\":\"ListItem\",\"position\":2,\"name\":\"Tasar\u0131m Projesi \/ Bitirme Projesi\"}]},{\"@type\":\"WebSite\",\"@id\":\"https:\/\/ticaret.edu.tr\/yazilim-muhendisligi-ingilizce\/#website\",\"url\":\"https:\/\/ticaret.edu.tr\/yazilim-muhendisligi-ingilizce\/\",\"name\":\"Yaz\u0131l\u0131m M\u00fchendisli\u011fi (\u0130ngilizce)\",\"description\":\"\",\"publisher\":{\"@id\":\"https:\/\/ticaret.edu.tr\/yazilim-muhendisligi-ingilizce\/#organization\"},\"potentialAction\":[{\"@type\":\"SearchAction\",\"target\":{\"@type\":\"EntryPoint\",\"urlTemplate\":\"https:\/\/ticaret.edu.tr\/yazilim-muhendisligi-ingilizce\/?s={search_term_string}\"},\"query-input\":\"required name=search_term_string\"}],\"inLanguage\":\"tr\"},{\"@type\":\"Organization\",\"@id\":\"https:\/\/ticaret.edu.tr\/yazilim-muhendisligi-ingilizce\/#organization\",\"name\":\"\u0130stanbul Ticaret \u00dcniversitesi\",\"url\":\"https:\/\/ticaret.edu.tr\/yazilim-muhendisligi-ingilizce\/\",\"logo\":{\"@type\":\"ImageObject\",\"inLanguage\":\"tr\",\"@id\":\"https:\/\/ticaret.edu.tr\/yazilim-muhendisligi-ingilizce\/#\/schema\/logo\/image\/\",\"url\":\"https:\/\/ticaret.edu.tr\/wp-content\/uploads\/2021\/11\/logo22.png\",\"contentUrl\":\"https:\/\/ticaret.edu.tr\/wp-content\/uploads\/2021\/11\/logo22.png\",\"width\":172,\"height\":112,\"caption\":\"\u0130stanbul Ticaret \u00dcniversitesi\"},\"image\":{\"@id\":\"https:\/\/ticaret.edu.tr\/yazilim-muhendisligi-ingilizce\/#\/schema\/logo\/image\/\"},\"sameAs\":[\"https:\/\/www.facebook.com\/ticaretedutr\",\"https:\/\/twitter.com\/ticaretedutr\"]}]}<\/script>\n<!-- \/ Yoast SEO Premium plugin. -->","yoast_head_json":{"title":"Tasar\u0131m Projesi \/ Bitirme Projesi - Yaz\u0131l\u0131m M\u00fchendisli\u011fi (\u0130ngilizce)","robots":{"index":"index","follow":"follow","max-snippet":"max-snippet:-1","max-image-preview":"max-image-preview:large","max-video-preview":"max-video-preview:-1"},"canonical":"http:\/\/ticaret.edu.tr\/yazilim-muhendisligi-ingilizce\/tasarim-projesi-bitirme-projesi\/","og_locale":"tr_TR","og_type":"article","og_title":"Tasar\u0131m Projesi \/ Bitirme Projesi","og_description":"Bili\u015fim Tasar\u0131m Projesi ve Bitirme Projesi Ak\u0131\u015f \u015eemas\u0131 i\u00e7in\u00a0T\u0131klay\u0131n\u0131z. Bitirme Projesi Yaz\u0131m\u0131 Hakk\u0131nda Lisans Bitirme Projesi Y\u00f6nergesi \u00d6rnek Bitirme Projesi Tezi \u015eablonu i\u00e7in\u00a0T\u0131klay\u0131n\u0131z. Bitirme Projesi De\u011ferlendirmeleri A\u015fa\u011f\u0131daki Formda Yer Alan \u00d6l\u00e7\u00fctlere G\u00f6re Yap\u0131lmaktad\u0131r. Bitirme Projesi De\u011ferlendirme Formu","og_url":"http:\/\/ticaret.edu.tr\/yazilim-muhendisligi-ingilizce\/tasarim-projesi-bitirme-projesi\/","og_site_name":"Yaz\u0131l\u0131m M\u00fchendisli\u011fi (\u0130ngilizce)","article_publisher":"https:\/\/www.facebook.com\/ticaretedutr","article_modified_time":"2026-01-07T15:30:06+00:00","twitter_card":"summary_large_image","twitter_site":"@ticaretedutr","twitter_misc":{"Tahmini okuma s\u00fcresi":"1 dakika"},"schema":{"@context":"https:\/\/schema.org","@graph":[{"@type":"WebPage","@id":"http:\/\/ticaret.edu.tr\/yazilim-muhendisligi-ingilizce\/tasarim-projesi-bitirme-projesi\/","url":"http:\/\/ticaret.edu.tr\/yazilim-muhendisligi-ingilizce\/tasarim-projesi-bitirme-projesi\/","name":"Tasar\u0131m Projesi \/ Bitirme Projesi - Yaz\u0131l\u0131m M\u00fchendisli\u011fi (\u0130ngilizce)","isPartOf":{"@id":"https:\/\/ticaret.edu.tr\/yazilim-muhendisligi-ingilizce\/#website"},"datePublished":"2025-01-26T17:50:23+00:00","dateModified":"2026-01-07T15:30:06+00:00","breadcrumb":{"@id":"http:\/\/ticaret.edu.tr\/yazilim-muhendisligi-ingilizce\/tasarim-projesi-bitirme-projesi\/#breadcrumb"},"inLanguage":"tr","potentialAction":[{"@type":"ReadAction","target":["http:\/\/ticaret.edu.tr\/yazilim-muhendisligi-ingilizce\/tasarim-projesi-bitirme-projesi\/"]}]},{"@type":"BreadcrumbList","@id":"http:\/\/ticaret.edu.tr\/yazilim-muhendisligi-ingilizce\/tasarim-projesi-bitirme-projesi\/#breadcrumb","itemListElement":[{"@type":"ListItem","position":1,"name":"Ana sayfa","item":"https:\/\/ticaret.edu.tr\/yazilim-muhendisligi-ingilizce\/"},{"@type":"ListItem","position":2,"name":"Tasar\u0131m Projesi \/ Bitirme Projesi"}]},{"@type":"WebSite","@id":"https:\/\/ticaret.edu.tr\/yazilim-muhendisligi-ingilizce\/#website","url":"https:\/\/ticaret.edu.tr\/yazilim-muhendisligi-ingilizce\/","name":"Yaz\u0131l\u0131m M\u00fchendisli\u011fi (\u0130ngilizce)","description":"","publisher":{"@id":"https:\/\/ticaret.edu.tr\/yazilim-muhendisligi-ingilizce\/#organization"},"potentialAction":[{"@type":"SearchAction","target":{"@type":"EntryPoint","urlTemplate":"https:\/\/ticaret.edu.tr\/yazilim-muhendisligi-ingilizce\/?s={search_term_string}"},"query-input":"required name=search_term_string"}],"inLanguage":"tr"},{"@type":"Organization","@id":"https:\/\/ticaret.edu.tr\/yazilim-muhendisligi-ingilizce\/#organization","name":"\u0130stanbul Ticaret \u00dcniversitesi","url":"https:\/\/ticaret.edu.tr\/yazilim-muhendisligi-ingilizce\/","logo":{"@type":"ImageObject","inLanguage":"tr","@id":"https:\/\/ticaret.edu.tr\/yazilim-muhendisligi-ingilizce\/#\/schema\/logo\/image\/","url":"https:\/\/ticaret.edu.tr\/wp-content\/uploads\/2021\/11\/logo22.png","contentUrl":"https:\/\/ticaret.edu.tr\/wp-content\/uploads\/2021\/11\/logo22.png","width":172,"height":112,"caption":"\u0130stanbul Ticaret \u00dcniversitesi"},"image":{"@id":"https:\/\/ticaret.edu.tr\/yazilim-muhendisligi-ingilizce\/#\/schema\/logo\/image\/"},"sameAs":["https:\/\/www.facebook.com\/ticaretedutr","https:\/\/twitter.com\/ticaretedutr"]}]}},"lang":"tr","translations":{"en":455,"tr":240},"pll_sync_post":[],"_links":{"self":[{"href":"http:\/\/ticaret.edu.tr\/yazilim-muhendisligi-ingilizce\/wp-json\/wp\/v2\/pages\/240"}],"collection":[{"href":"http:\/\/ticaret.edu.tr\/yazilim-muhendisligi-ingilizce\/wp-json\/wp\/v2\/pages"}],"about":[{"href":"http:\/\/ticaret.edu.tr\/yazilim-muhendisligi-ingilizce\/wp-json\/wp\/v2\/types\/page"}],"author":[{"embeddable":true,"href":"http:\/\/ticaret.edu.tr\/yazilim-muhendisligi-ingilizce\/wp-json\/wp\/v2\/users\/226"}],"replies":[{"embeddable":true,"href":"http:\/\/ticaret.edu.tr\/yazilim-muhendisligi-ingilizce\/wp-json\/wp\/v2\/comments?post=240"}],"version-history":[{"count":12,"href":"http:\/\/ticaret.edu.tr\/yazilim-muhendisligi-ingilizce\/wp-json\/wp\/v2\/pages\/240\/revisions"}],"predecessor-version":[{"id":871,"href":"http:\/\/ticaret.edu.tr\/yazilim-muhendisligi-ingilizce\/wp-json\/wp\/v2\/pages\/240\/revisions\/871"}],"wp:attachment":[{"href":"http:\/\/ticaret.edu.tr\/yazilim-muhendisligi-ingilizce\/wp-json\/wp\/v2\/media?parent=240"}],"curies":[{"name":"wp","href":"https:\/\/api.w.org\/{rel}","templated":true}]}}