{"id":375,"date":"2025-01-27T01:01:40","date_gmt":"2025-01-26T22:01:40","guid":{"rendered":"https:\/\/ticaret.edu.tr\/yazilim-muhendisligi-ingilizce\/?page_id=375"},"modified":"2025-10-02T11:47:02","modified_gmt":"2025-10-02T08:47:02","slug":"department-boards-and-committees","status":"publish","type":"page","link":"http:\/\/ticaret.edu.tr\/yazilim-muhendisligi-ingilizce\/en\/department-boards-and-committees\/","title":{"rendered":"Department Boards and Committees"},"content":{"rendered":"<p><strong>Department Internship Committee<\/strong><\/p>\n<p>Prof. Dr. Do\u011fan KAYA (Head)<br \/>\nDr. \u00d6\u011fr. \u00dcyesi Fatma Nur AKI (Member)<br \/>\nDo\u00e7.Dr. Metin Turan (Member)<\/p>\n<p><strong>Department Adaptation Committee<\/strong><\/p>\n<p>Prof. Dr. Do\u011fan KAYA (Head)<br \/>\nDo\u00e7.Dr. Metin Turan (Member)<br \/>\nDr. \u00d6\u011fr. \u00dcyesi Fatma Nur AKI (Member)<\/p>\n<p><strong>Department Double Major and Minor Committee<\/strong><\/p>\n<p>Prof. Dr. Do\u011fan KAYA (Head)<br \/>\nDo\u00e7. Dr. Metin TURAN (Member)<br \/>\nDr. \u00d6\u011fr. \u00dcyesi Fatma Nur AKI (Member)<\/p>\n<p><strong>Department Accreditation Committee<\/strong><\/p>\n<p>Prof. Dr. Do\u011fan KAYA (Head)<br \/>\nDo\u00e7.Dr. Metin Turan (Member)<br \/>\nDr. \u00d6\u011fr. \u00dcyesi \u0130lker K\u00d6SE (Member)<\/p>\n<p><strong>Department Quality Committee<\/strong><\/p>\n<p>Prof. Dr. Do\u011fan KAYA (Head)<br \/>\nDo\u00e7. Dr. Metin TURAN (Member)<br \/>\nDr. \u00d6\u011fr. \u00dcyesi \u0130lker K\u00d6SE (Member)<br \/>\nDr. \u00d6\u011fr. \u00dcyesi Fatma Nur AKI (Member)<\/p>\n<p><strong>Department Curriculum Committee<\/strong><\/p>\n<p>Prof. Dr. Do\u011fan KAYA (Head)<br \/>\nDo\u00e7. Dr. Metin TURAN (Member)<br \/>\nDr. \u00d6\u011fr. \u00dcyesi \u0130lker K\u00d6SE (Member)<\/p>\n<p><strong>Department Erasmus\/Orhun Exchange Programs Committee<\/strong><\/p>\n<p>Prof. Dr. Do\u011fan KAYA (Head)<br \/>\nDo\u00e7.Dr. Metin Turan (Member)<br \/>\nDr. \u00d6\u011fr. \u00dcyesi Fatma Nur AKI (Member)<\/p>\n<p><strong>Department Assessment and Evaluation Committee<\/strong><\/p>\n<p>Prof. Dr. Do\u011fan KAYA (Head)<br \/>\nDr. \u00d6\u011fr. \u00dcyesi \u0130lker K\u00d6SE (Member)<br \/>\nDo\u00e7. Dr. Metin TURAN (Member)<\/p>\n<p><strong>Department Horizontal\/Vertical Transfer Committee<\/strong><\/p>\n<p>Prof. Dr. Do\u011fan KAYA (Head)<br \/>\nDo\u00e7.Dr. Metin Turan (Member)<br \/>\nDr. \u00d6\u011fr. \u00dcyesi Fatma Nur AKI (Member)<\/p>\n<p><strong>Board, Commission Internal\/External Stakeholders<\/strong><\/p>\n<p>Prof. Dr. Do\u011fan KAYA\u00a0 \u00a0 \u00a0 \u00a0 \u00a0 \u00a0 \u00a0 \u00a0 \u00a0 \u00a0 \u00a0 \u00a0 \u00a0 \u00a0 \u00a0 \u00a0 \u00a0 \u00a0 \u00a0 \u00a0 \u0130stanbul Ticaret University Software Eng. Head of Department<br \/>\nProf. Dr. Onur Osman\u00a0 \u00a0 \u00a0 \u00a0 \u00a0 \u00a0 \u00a0 \u00a0 \u00a0 \u00a0 \u00a0 \u00a0 \u00a0 \u00a0 \u00a0 \u00a0 \u00a0 \u00a0 \u00a0 \u00a0 \u00a0Topkap\u0131 \u00dcn. Eng. Fac. Dean<br \/>\nProf. Dr. Saadettin AKSOY\u00a0 \u00a0 \u00a0 \u00a0 \u00a0 \u00a0 \u00a0 \u00a0 \u00a0 \u00a0 \u00a0 \u00a0 \u00a0 \u00a0 \u00a0 \u00a0 \u0130stanbul Ticaret University Computer Eng. Head of Department<br \/>\nDr. \u00d6\u011fr. \u00dcyesi Sevcan KAHRAMAN\u00a0 \u00a0 \u00a0 \u00a0 \u00a0 \u00a0 \u00a0 \u00a0 \u0130stanbul Ticaret University Computer Eng. Dep. Member<br \/>\nDo\u00e7. Dr. Buket DO\u011eAN\u00a0 \u00a0 \u00a0 \u00a0 \u00a0 \u00a0 \u00a0 \u00a0 \u00a0 \u00a0 \u00a0 \u00a0 \u00a0 \u00a0 \u00a0 \u00a0 \u00a0 \u00a0 \u00a0MARMARA University Computer Engineering Department<br \/>\nDo\u00e7. Dr. \u00d6nder DEM\u0130R\u00a0 \u00a0 \u00a0 \u00a0 \u00a0 \u00a0 \u00a0 \u00a0 \u00a0 \u00a0 \u00a0 \u00a0 \u00a0 \u00a0 \u00a0 \u00a0 \u00a0 \u00a0 \u00a0MARMARA University Computer Engineering Department<br \/>\nFatih Muratan YILMAZ\u00a0 \u00a0 \u00a0 \u00a0 \u00a0 \u00a0 \u00a0 \u00a0 \u00a0 \u00a0 \u00a0 \u00a0 \u00a0 \u00a0 \u00a0 \u00a0 \u00a0 \u00a0 \u00a0S\u0130EMENS (COMPUTER LEADING Engineer)<br \/>\nNizami Olcay \u00d6ZYILMAZ\u00a0 \u00a0 \u00a0 \u00a0 \u00a0 \u00a0 \u00a0 \u00a0 \u00a0 \u00a0 \u00a0 \u00a0 \u00a0 \u00a0 \u00a0 \u00a0 \u00a0Private Entrepreneur in the IT Sector<br \/>\nHakan \u0130NCEO\u011eLU\u00a0 \u00a0 \u00a0 \u00a0 \u00a0 \u00a0 \u00a0 \u00a0 \u00a0 \u00a0 \u00a0 \u00a0 \u00a0 \u00a0 \u00a0 \u00a0 \u00a0 \u00a0 \u00a0 \u00a0 \u00a0 \u00a0 \u00a0YAZ Bilisim General Manager<br \/>\nM. Kaan \u0130LTER\u00a0 \u00a0 \u00a0 \u00a0 \u00a0 \u00a0 \u00a0 \u00a0 \u00a0 \u00a0 \u00a0 \u00a0 \u00a0 \u00a0 \u00a0 \u00a0 \u00a0 \u00a0 \u00a0 \u00a0 \u00a0 \u00a0 \u00a0 \u00a0 \u00a0 \u00a0RSU Bilisim Founding Partner<\/p>\n","protected":false},"excerpt":{"rendered":"<p>Department Internship Committee Prof. Dr. Do\u011fan KAYA (Head) Dr. \u00d6\u011fr. \u00dcyesi Fatma Nur AKI (Member) Do\u00e7.Dr. Metin Turan (Member) Department Adaptation Committee Prof. Dr. Do\u011fan KAYA (Head) Do\u00e7.Dr. Metin Turan (Member) Dr. \u00d6\u011fr. \u00dcyesi Fatma Nur AKI (Member) Department Double Major and Minor Committee Prof. Dr. Do\u011fan KAYA (Head) Do\u00e7. Dr. Metin TURAN (Member) Dr. [&hellip;]<\/p>\n","protected":false},"author":225,"featured_media":0,"parent":0,"menu_order":0,"comment_status":"closed","ping_status":"closed","template":"genel_sayfa.php","meta":{"footnotes":""},"yoast_head":"<!-- This site is optimized with the Yoast SEO Premium plugin v22.1 (Yoast SEO v22.1) - https:\/\/yoast.com\/wordpress\/plugins\/seo\/ -->\n<title>Department Boards and Committees - Yaz\u0131l\u0131m M\u00fchendisli\u011fi (\u0130ngilizce)<\/title>\n<meta name=\"robots\" content=\"index, follow, max-snippet:-1, max-image-preview:large, max-video-preview:-1\" \/>\n<link rel=\"canonical\" href=\"https:\/\/ticaret.edu.tr\/yazilim-muhendisligi-ingilizce\/en\/department-boards-and-committees\/\" \/>\n<meta property=\"og:locale\" content=\"tr_TR\" \/>\n<meta property=\"og:type\" content=\"article\" \/>\n<meta property=\"og:title\" content=\"Department Boards and Committees\" \/>\n<meta property=\"og:description\" content=\"Department Internship Committee Prof. Dr. Do\u011fan KAYA (Head) Dr. \u00d6\u011fr. \u00dcyesi Fatma Nur AKI (Member) Do\u00e7.Dr. Metin Turan (Member) Department Adaptation Committee Prof. Dr. Do\u011fan KAYA (Head) Do\u00e7.Dr. Metin Turan (Member) Dr. \u00d6\u011fr. \u00dcyesi Fatma Nur AKI (Member) Department Double Major and Minor Committee Prof. Dr. Do\u011fan KAYA (Head) Do\u00e7. Dr. Metin TURAN (Member) Dr. [&hellip;]\" \/>\n<meta property=\"og:url\" content=\"https:\/\/ticaret.edu.tr\/yazilim-muhendisligi-ingilizce\/en\/department-boards-and-committees\/\" \/>\n<meta property=\"og:site_name\" content=\"Yaz\u0131l\u0131m M\u00fchendisli\u011fi (\u0130ngilizce)\" \/>\n<meta property=\"article:publisher\" content=\"https:\/\/www.facebook.com\/ticaretedutr\" \/>\n<meta property=\"article:modified_time\" content=\"2025-10-02T08:47:02+00:00\" \/>\n<meta name=\"twitter:card\" content=\"summary_large_image\" \/>\n<meta name=\"twitter:site\" content=\"@ticaretedutr\" \/>\n<meta name=\"twitter:label1\" content=\"Tahmini okuma s\u00fcresi\" \/>\n\t<meta name=\"twitter:data1\" content=\"2 dakika\" \/>\n<script type=\"application\/ld+json\" class=\"yoast-schema-graph\">{\"@context\":\"https:\/\/schema.org\",\"@graph\":[{\"@type\":\"WebPage\",\"@id\":\"https:\/\/ticaret.edu.tr\/yazilim-muhendisligi-ingilizce\/en\/department-boards-and-committees\/\",\"url\":\"https:\/\/ticaret.edu.tr\/yazilim-muhendisligi-ingilizce\/en\/department-boards-and-committees\/\",\"name\":\"Department Boards and Committees - Yaz\u0131l\u0131m M\u00fchendisli\u011fi (\u0130ngilizce)\",\"isPartOf\":{\"@id\":\"https:\/\/ticaret.edu.tr\/yazilim-muhendisligi-ingilizce\/#website\"},\"datePublished\":\"2025-01-26T22:01:40+00:00\",\"dateModified\":\"2025-10-02T08:47:02+00:00\",\"breadcrumb\":{\"@id\":\"https:\/\/ticaret.edu.tr\/yazilim-muhendisligi-ingilizce\/en\/department-boards-and-committees\/#breadcrumb\"},\"inLanguage\":\"tr\",\"potentialAction\":[{\"@type\":\"ReadAction\",\"target\":[\"https:\/\/ticaret.edu.tr\/yazilim-muhendisligi-ingilizce\/en\/department-boards-and-committees\/\"]}]},{\"@type\":\"BreadcrumbList\",\"@id\":\"https:\/\/ticaret.edu.tr\/yazilim-muhendisligi-ingilizce\/en\/department-boards-and-committees\/#breadcrumb\",\"itemListElement\":[{\"@type\":\"ListItem\",\"position\":1,\"name\":\"Ana sayfa\",\"item\":\"https:\/\/ticaret.edu.tr\/yazilim-muhendisligi-ingilizce\/\"},{\"@type\":\"ListItem\",\"position\":2,\"name\":\"Department Boards and Committees\"}]},{\"@type\":\"WebSite\",\"@id\":\"https:\/\/ticaret.edu.tr\/yazilim-muhendisligi-ingilizce\/#website\",\"url\":\"https:\/\/ticaret.edu.tr\/yazilim-muhendisligi-ingilizce\/\",\"name\":\"Yaz\u0131l\u0131m M\u00fchendisli\u011fi (\u0130ngilizce)\",\"description\":\"\",\"publisher\":{\"@id\":\"https:\/\/ticaret.edu.tr\/yazilim-muhendisligi-ingilizce\/#organization\"},\"potentialAction\":[{\"@type\":\"SearchAction\",\"target\":{\"@type\":\"EntryPoint\",\"urlTemplate\":\"https:\/\/ticaret.edu.tr\/yazilim-muhendisligi-ingilizce\/?s={search_term_string}\"},\"query-input\":\"required name=search_term_string\"}],\"inLanguage\":\"tr\"},{\"@type\":\"Organization\",\"@id\":\"https:\/\/ticaret.edu.tr\/yazilim-muhendisligi-ingilizce\/#organization\",\"name\":\"\u0130stanbul Ticaret \u00dcniversitesi\",\"url\":\"https:\/\/ticaret.edu.tr\/yazilim-muhendisligi-ingilizce\/\",\"logo\":{\"@type\":\"ImageObject\",\"inLanguage\":\"tr\",\"@id\":\"https:\/\/ticaret.edu.tr\/yazilim-muhendisligi-ingilizce\/#\/schema\/logo\/image\/\",\"url\":\"https:\/\/ticaret.edu.tr\/wp-content\/uploads\/2021\/11\/logo22.png\",\"contentUrl\":\"https:\/\/ticaret.edu.tr\/wp-content\/uploads\/2021\/11\/logo22.png\",\"width\":172,\"height\":112,\"caption\":\"\u0130stanbul Ticaret \u00dcniversitesi\"},\"image\":{\"@id\":\"https:\/\/ticaret.edu.tr\/yazilim-muhendisligi-ingilizce\/#\/schema\/logo\/image\/\"},\"sameAs\":[\"https:\/\/www.facebook.com\/ticaretedutr\",\"https:\/\/twitter.com\/ticaretedutr\"]}]}<\/script>\n<!-- \/ Yoast SEO Premium plugin. -->","yoast_head_json":{"title":"Department Boards and Committees - Yaz\u0131l\u0131m M\u00fchendisli\u011fi (\u0130ngilizce)","robots":{"index":"index","follow":"follow","max-snippet":"max-snippet:-1","max-image-preview":"max-image-preview:large","max-video-preview":"max-video-preview:-1"},"canonical":"https:\/\/ticaret.edu.tr\/yazilim-muhendisligi-ingilizce\/en\/department-boards-and-committees\/","og_locale":"tr_TR","og_type":"article","og_title":"Department Boards and Committees","og_description":"Department Internship Committee Prof. Dr. Do\u011fan KAYA (Head) Dr. \u00d6\u011fr. \u00dcyesi Fatma Nur AKI (Member) Do\u00e7.Dr. Metin Turan (Member) Department Adaptation Committee Prof. Dr. Do\u011fan KAYA (Head) Do\u00e7.Dr. Metin Turan (Member) Dr. \u00d6\u011fr. \u00dcyesi Fatma Nur AKI (Member) Department Double Major and Minor Committee Prof. Dr. Do\u011fan KAYA (Head) Do\u00e7. Dr. Metin TURAN (Member) Dr. [&hellip;]","og_url":"https:\/\/ticaret.edu.tr\/yazilim-muhendisligi-ingilizce\/en\/department-boards-and-committees\/","og_site_name":"Yaz\u0131l\u0131m M\u00fchendisli\u011fi (\u0130ngilizce)","article_publisher":"https:\/\/www.facebook.com\/ticaretedutr","article_modified_time":"2025-10-02T08:47:02+00:00","twitter_card":"summary_large_image","twitter_site":"@ticaretedutr","twitter_misc":{"Tahmini okuma s\u00fcresi":"2 dakika"},"schema":{"@context":"https:\/\/schema.org","@graph":[{"@type":"WebPage","@id":"https:\/\/ticaret.edu.tr\/yazilim-muhendisligi-ingilizce\/en\/department-boards-and-committees\/","url":"https:\/\/ticaret.edu.tr\/yazilim-muhendisligi-ingilizce\/en\/department-boards-and-committees\/","name":"Department Boards and Committees - Yaz\u0131l\u0131m M\u00fchendisli\u011fi (\u0130ngilizce)","isPartOf":{"@id":"https:\/\/ticaret.edu.tr\/yazilim-muhendisligi-ingilizce\/#website"},"datePublished":"2025-01-26T22:01:40+00:00","dateModified":"2025-10-02T08:47:02+00:00","breadcrumb":{"@id":"https:\/\/ticaret.edu.tr\/yazilim-muhendisligi-ingilizce\/en\/department-boards-and-committees\/#breadcrumb"},"inLanguage":"tr","potentialAction":[{"@type":"ReadAction","target":["https:\/\/ticaret.edu.tr\/yazilim-muhendisligi-ingilizce\/en\/department-boards-and-committees\/"]}]},{"@type":"BreadcrumbList","@id":"https:\/\/ticaret.edu.tr\/yazilim-muhendisligi-ingilizce\/en\/department-boards-and-committees\/#breadcrumb","itemListElement":[{"@type":"ListItem","position":1,"name":"Ana sayfa","item":"https:\/\/ticaret.edu.tr\/yazilim-muhendisligi-ingilizce\/"},{"@type":"ListItem","position":2,"name":"Department Boards and Committees"}]},{"@type":"WebSite","@id":"https:\/\/ticaret.edu.tr\/yazilim-muhendisligi-ingilizce\/#website","url":"https:\/\/ticaret.edu.tr\/yazilim-muhendisligi-ingilizce\/","name":"Yaz\u0131l\u0131m M\u00fchendisli\u011fi (\u0130ngilizce)","description":"","publisher":{"@id":"https:\/\/ticaret.edu.tr\/yazilim-muhendisligi-ingilizce\/#organization"},"potentialAction":[{"@type":"SearchAction","target":{"@type":"EntryPoint","urlTemplate":"https:\/\/ticaret.edu.tr\/yazilim-muhendisligi-ingilizce\/?s={search_term_string}"},"query-input":"required name=search_term_string"}],"inLanguage":"tr"},{"@type":"Organization","@id":"https:\/\/ticaret.edu.tr\/yazilim-muhendisligi-ingilizce\/#organization","name":"\u0130stanbul Ticaret \u00dcniversitesi","url":"https:\/\/ticaret.edu.tr\/yazilim-muhendisligi-ingilizce\/","logo":{"@type":"ImageObject","inLanguage":"tr","@id":"https:\/\/ticaret.edu.tr\/yazilim-muhendisligi-ingilizce\/#\/schema\/logo\/image\/","url":"https:\/\/ticaret.edu.tr\/wp-content\/uploads\/2021\/11\/logo22.png","contentUrl":"https:\/\/ticaret.edu.tr\/wp-content\/uploads\/2021\/11\/logo22.png","width":172,"height":112,"caption":"\u0130stanbul Ticaret \u00dcniversitesi"},"image":{"@id":"https:\/\/ticaret.edu.tr\/yazilim-muhendisligi-ingilizce\/#\/schema\/logo\/image\/"},"sameAs":["https:\/\/www.facebook.com\/ticaretedutr","https:\/\/twitter.com\/ticaretedutr"]}]}},"lang":"en","translations":{"tr":155,"en":375},"pll_sync_post":[],"_links":{"self":[{"href":"http:\/\/ticaret.edu.tr\/yazilim-muhendisligi-ingilizce\/wp-json\/wp\/v2\/pages\/375"}],"collection":[{"href":"http:\/\/ticaret.edu.tr\/yazilim-muhendisligi-ingilizce\/wp-json\/wp\/v2\/pages"}],"about":[{"href":"http:\/\/ticaret.edu.tr\/yazilim-muhendisligi-ingilizce\/wp-json\/wp\/v2\/types\/page"}],"author":[{"embeddable":true,"href":"http:\/\/ticaret.edu.tr\/yazilim-muhendisligi-ingilizce\/wp-json\/wp\/v2\/users\/225"}],"replies":[{"embeddable":true,"href":"http:\/\/ticaret.edu.tr\/yazilim-muhendisligi-ingilizce\/wp-json\/wp\/v2\/comments?post=375"}],"version-history":[{"count":4,"href":"http:\/\/ticaret.edu.tr\/yazilim-muhendisligi-ingilizce\/wp-json\/wp\/v2\/pages\/375\/revisions"}],"predecessor-version":[{"id":708,"href":"http:\/\/ticaret.edu.tr\/yazilim-muhendisligi-ingilizce\/wp-json\/wp\/v2\/pages\/375\/revisions\/708"}],"wp:attachment":[{"href":"http:\/\/ticaret.edu.tr\/yazilim-muhendisligi-ingilizce\/wp-json\/wp\/v2\/media?parent=375"}],"curies":[{"name":"wp","href":"https:\/\/api.w.org\/{rel}","templated":true}]}}