{"id":797,"date":"2025-01-26T23:48:59","date_gmt":"2025-01-26T20:48:59","guid":{"rendered":"https:\/\/ticaret.edu.tr\/yonetim-bilisim-sistemleri-ingilizce\/?page_id=797"},"modified":"2026-04-29T13:12:53","modified_gmt":"2026-04-29T10:12:53","slug":"akreditasyon","status":"publish","type":"page","link":"http:\/\/ticaret.edu.tr\/yonetim-bilisim-sistemleri-ingilizce\/akreditasyon\/","title":{"rendered":"Akreditasyon"},"content":{"rendered":"<p>Y\u00f6netim Bili\u015fim Sistemleri (\u0130ngilizce) B\u00f6l\u00fcm\u00fc, kalite g\u00fcvencesi ve akreditasyon standartlar\u0131n\u0131 kar\u015f\u0131lamak \u00fczere \u015fu ad\u0131mlar\u0131 izlemektedir:<\/p>\n<p><strong>\u00d6zde\u011ferlendirme Raporu Haz\u0131rlama:<\/strong>\u00a0E\u011fitim-\u00f6\u011fretim program\u0131m\u0131z, ara\u015ft\u0131rma \u00e7\u0131kt\u0131lar\u0131m\u0131z ve idari s\u00fcre\u00e7lerimiz kapsaml\u0131 bir \u00f6zde\u011ferlendirme ile ele al\u0131n\u0131r.<\/p>\n<p><strong>Kalite Komisyonu ve Dan\u0131\u015fma Kurulu:<\/strong>\u00a0B\u00f6l\u00fcm b\u00fcnyesinde bir kalite komisyonu kurulmu\u015ftur; ayr\u0131ca sekt\u00f6r ve akademi temsilcilerinden olu\u015fan bir dan\u0131\u015fma kurulu ile \u00e7al\u0131\u015fmalar\u0131m\u0131z de\u011ferlendirilmektedir.<\/p>\n<p><strong>D\u0131\u015f Denetim \/ Akreditasyon Kurulu\u015fu De\u011ferlendirmesi:<\/strong> \u0130lgili akreditasyon s\u00fcre\u00e7lerine ba\u015fvurulmas\u0131 planland\u0131\u011f\u0131ndan, program\u0131m\u0131z\u0131n ulusal ve uluslararas\u0131 standartlara uygunlu\u011fu g\u00f6z \u00f6n\u00fcnde bulundurulmaktad\u0131r.<\/p>\n<p>Bu s\u00fcre\u00e7ler sayesinde b\u00f6l\u00fcm\u00fcm\u00fcz\u00fcn e\u011fitim kalitesi \u015feffaf ve g\u00fcven verici bir bi\u00e7imde ortaya konmaktad\u0131r.<\/p>\n<p>&nbsp;<\/p>\n<h3><strong>Akreditasyon Komisyonu<\/strong><\/h3>\n<ol>\n<li><a href=\"https:\/\/avesis.ticaret.edu.tr\/uaydin\">Do\u00e7. Dr. Umut AYDIN<\/a><\/li>\n<li><a href=\"https:\/\/avesis.ticaret.edu.tr\/tkaradayi\">Ar\u015f. G\u00f6r. Talha KARADAYI<\/a><\/li>\n<li><a href=\"https:\/\/avesis.ticaret.edu.tr\/nozturk\">Ar\u015f. G\u00f6r. Nesli\u015fah \u00d6ZT\u00dcRK<\/a><\/li>\n<\/ol>\n","protected":false},"excerpt":{"rendered":"<p>Y\u00f6netim Bili\u015fim Sistemleri (\u0130ngilizce) B\u00f6l\u00fcm\u00fc, kalite g\u00fcvencesi ve akreditasyon standartlar\u0131n\u0131 kar\u015f\u0131lamak \u00fczere \u015fu ad\u0131mlar\u0131 izlemektedir: \u00d6zde\u011ferlendirme Raporu Haz\u0131rlama:\u00a0E\u011fitim-\u00f6\u011fretim program\u0131m\u0131z, ara\u015ft\u0131rma \u00e7\u0131kt\u0131lar\u0131m\u0131z ve idari s\u00fcre\u00e7lerimiz kapsaml\u0131 bir \u00f6zde\u011ferlendirme ile ele al\u0131n\u0131r. Kalite Komisyonu ve Dan\u0131\u015fma Kurulu:\u00a0B\u00f6l\u00fcm b\u00fcnyesinde bir kalite komisyonu kurulmu\u015ftur; ayr\u0131ca sekt\u00f6r ve akademi temsilcilerinden olu\u015fan bir dan\u0131\u015fma kurulu ile \u00e7al\u0131\u015fmalar\u0131m\u0131z de\u011ferlendirilmektedir. D\u0131\u015f Denetim \/ [&hellip;]<\/p>\n","protected":false},"author":211,"featured_media":0,"parent":0,"menu_order":0,"comment_status":"closed","ping_status":"closed","template":"genel_sayfa.php","meta":{"footnotes":""},"yoast_head":"<!-- This site is optimized with the Yoast SEO Premium plugin v22.1 (Yoast SEO v22.1) - https:\/\/yoast.com\/wordpress\/plugins\/seo\/ -->\n<title>Akreditasyon - Y\u00f6netim Bili\u015fim Sistemleri (\u0130ngilizce)<\/title>\n<meta name=\"robots\" content=\"index, follow, max-snippet:-1, max-image-preview:large, max-video-preview:-1\" \/>\n<link rel=\"canonical\" href=\"http:\/\/ticaret.edu.tr\/yonetim-bilisim-sistemleri-ingilizce\/akreditasyon\/\" \/>\n<meta property=\"og:locale\" content=\"tr_TR\" \/>\n<meta property=\"og:type\" content=\"article\" \/>\n<meta property=\"og:title\" content=\"Akreditasyon\" \/>\n<meta property=\"og:description\" content=\"Y\u00f6netim Bili\u015fim Sistemleri (\u0130ngilizce) B\u00f6l\u00fcm\u00fc, kalite g\u00fcvencesi ve akreditasyon standartlar\u0131n\u0131 kar\u015f\u0131lamak \u00fczere \u015fu ad\u0131mlar\u0131 izlemektedir: \u00d6zde\u011ferlendirme Raporu Haz\u0131rlama:\u00a0E\u011fitim-\u00f6\u011fretim program\u0131m\u0131z, ara\u015ft\u0131rma \u00e7\u0131kt\u0131lar\u0131m\u0131z ve idari s\u00fcre\u00e7lerimiz kapsaml\u0131 bir \u00f6zde\u011ferlendirme ile ele al\u0131n\u0131r. Kalite Komisyonu ve Dan\u0131\u015fma Kurulu:\u00a0B\u00f6l\u00fcm b\u00fcnyesinde bir kalite komisyonu kurulmu\u015ftur; ayr\u0131ca sekt\u00f6r ve akademi temsilcilerinden olu\u015fan bir dan\u0131\u015fma kurulu ile \u00e7al\u0131\u015fmalar\u0131m\u0131z de\u011ferlendirilmektedir. D\u0131\u015f Denetim \/ [&hellip;]\" \/>\n<meta property=\"og:url\" content=\"http:\/\/ticaret.edu.tr\/yonetim-bilisim-sistemleri-ingilizce\/akreditasyon\/\" \/>\n<meta property=\"og:site_name\" content=\"Y\u00f6netim Bili\u015fim Sistemleri (\u0130ngilizce)\" \/>\n<meta property=\"article:publisher\" content=\"https:\/\/www.facebook.com\/ticaretedutr\" \/>\n<meta property=\"article:modified_time\" content=\"2026-04-29T10:12:53+00:00\" \/>\n<meta name=\"twitter:card\" content=\"summary_large_image\" \/>\n<meta name=\"twitter:site\" content=\"@ticaretedutr\" \/>\n<meta name=\"twitter:label1\" content=\"Tahmini okuma s\u00fcresi\" \/>\n\t<meta name=\"twitter:data1\" content=\"1 dakika\" \/>\n<script type=\"application\/ld+json\" class=\"yoast-schema-graph\">{\"@context\":\"https:\/\/schema.org\",\"@graph\":[{\"@type\":\"WebPage\",\"@id\":\"http:\/\/ticaret.edu.tr\/yonetim-bilisim-sistemleri-ingilizce\/akreditasyon\/\",\"url\":\"http:\/\/ticaret.edu.tr\/yonetim-bilisim-sistemleri-ingilizce\/akreditasyon\/\",\"name\":\"Akreditasyon - Y\u00f6netim Bili\u015fim Sistemleri (\u0130ngilizce)\",\"isPartOf\":{\"@id\":\"http:\/\/ticaret.edu.tr\/yonetim-bilisim-sistemleri-ingilizce\/en\/#website\"},\"datePublished\":\"2025-01-26T20:48:59+00:00\",\"dateModified\":\"2026-04-29T10:12:53+00:00\",\"breadcrumb\":{\"@id\":\"http:\/\/ticaret.edu.tr\/yonetim-bilisim-sistemleri-ingilizce\/akreditasyon\/#breadcrumb\"},\"inLanguage\":\"tr\",\"potentialAction\":[{\"@type\":\"ReadAction\",\"target\":[\"http:\/\/ticaret.edu.tr\/yonetim-bilisim-sistemleri-ingilizce\/akreditasyon\/\"]}]},{\"@type\":\"BreadcrumbList\",\"@id\":\"http:\/\/ticaret.edu.tr\/yonetim-bilisim-sistemleri-ingilizce\/akreditasyon\/#breadcrumb\",\"itemListElement\":[{\"@type\":\"ListItem\",\"position\":1,\"name\":\"Ana sayfa\",\"item\":\"https:\/\/ticaret.edu.tr\/yonetim-bilisim-sistemleri-ingilizce\/\"},{\"@type\":\"ListItem\",\"position\":2,\"name\":\"Akreditasyon\"}]},{\"@type\":\"WebSite\",\"@id\":\"http:\/\/ticaret.edu.tr\/yonetim-bilisim-sistemleri-ingilizce\/en\/#website\",\"url\":\"http:\/\/ticaret.edu.tr\/yonetim-bilisim-sistemleri-ingilizce\/en\/\",\"name\":\"Y\u00f6netim Bili\u015fim Sistemleri (\u0130ngilizce)\",\"description\":\"\",\"potentialAction\":[{\"@type\":\"SearchAction\",\"target\":{\"@type\":\"EntryPoint\",\"urlTemplate\":\"http:\/\/ticaret.edu.tr\/yonetim-bilisim-sistemleri-ingilizce\/en\/?s={search_term_string}\"},\"query-input\":\"required name=search_term_string\"}],\"inLanguage\":\"tr\"}]}<\/script>\n<!-- \/ Yoast SEO Premium plugin. -->","yoast_head_json":{"title":"Akreditasyon - Y\u00f6netim Bili\u015fim Sistemleri (\u0130ngilizce)","robots":{"index":"index","follow":"follow","max-snippet":"max-snippet:-1","max-image-preview":"max-image-preview:large","max-video-preview":"max-video-preview:-1"},"canonical":"http:\/\/ticaret.edu.tr\/yonetim-bilisim-sistemleri-ingilizce\/akreditasyon\/","og_locale":"tr_TR","og_type":"article","og_title":"Akreditasyon","og_description":"Y\u00f6netim Bili\u015fim Sistemleri (\u0130ngilizce) B\u00f6l\u00fcm\u00fc, kalite g\u00fcvencesi ve akreditasyon standartlar\u0131n\u0131 kar\u015f\u0131lamak \u00fczere \u015fu ad\u0131mlar\u0131 izlemektedir: \u00d6zde\u011ferlendirme Raporu Haz\u0131rlama:\u00a0E\u011fitim-\u00f6\u011fretim program\u0131m\u0131z, ara\u015ft\u0131rma \u00e7\u0131kt\u0131lar\u0131m\u0131z ve idari s\u00fcre\u00e7lerimiz kapsaml\u0131 bir \u00f6zde\u011ferlendirme ile ele al\u0131n\u0131r. Kalite Komisyonu ve Dan\u0131\u015fma Kurulu:\u00a0B\u00f6l\u00fcm b\u00fcnyesinde bir kalite komisyonu kurulmu\u015ftur; ayr\u0131ca sekt\u00f6r ve akademi temsilcilerinden olu\u015fan bir dan\u0131\u015fma kurulu ile \u00e7al\u0131\u015fmalar\u0131m\u0131z de\u011ferlendirilmektedir. D\u0131\u015f Denetim \/ [&hellip;]","og_url":"http:\/\/ticaret.edu.tr\/yonetim-bilisim-sistemleri-ingilizce\/akreditasyon\/","og_site_name":"Y\u00f6netim Bili\u015fim Sistemleri (\u0130ngilizce)","article_publisher":"https:\/\/www.facebook.com\/ticaretedutr","article_modified_time":"2026-04-29T10:12:53+00:00","twitter_card":"summary_large_image","twitter_site":"@ticaretedutr","twitter_misc":{"Tahmini okuma s\u00fcresi":"1 dakika"},"schema":{"@context":"https:\/\/schema.org","@graph":[{"@type":"WebPage","@id":"http:\/\/ticaret.edu.tr\/yonetim-bilisim-sistemleri-ingilizce\/akreditasyon\/","url":"http:\/\/ticaret.edu.tr\/yonetim-bilisim-sistemleri-ingilizce\/akreditasyon\/","name":"Akreditasyon - Y\u00f6netim Bili\u015fim Sistemleri (\u0130ngilizce)","isPartOf":{"@id":"http:\/\/ticaret.edu.tr\/yonetim-bilisim-sistemleri-ingilizce\/en\/#website"},"datePublished":"2025-01-26T20:48:59+00:00","dateModified":"2026-04-29T10:12:53+00:00","breadcrumb":{"@id":"http:\/\/ticaret.edu.tr\/yonetim-bilisim-sistemleri-ingilizce\/akreditasyon\/#breadcrumb"},"inLanguage":"tr","potentialAction":[{"@type":"ReadAction","target":["http:\/\/ticaret.edu.tr\/yonetim-bilisim-sistemleri-ingilizce\/akreditasyon\/"]}]},{"@type":"BreadcrumbList","@id":"http:\/\/ticaret.edu.tr\/yonetim-bilisim-sistemleri-ingilizce\/akreditasyon\/#breadcrumb","itemListElement":[{"@type":"ListItem","position":1,"name":"Ana sayfa","item":"https:\/\/ticaret.edu.tr\/yonetim-bilisim-sistemleri-ingilizce\/"},{"@type":"ListItem","position":2,"name":"Akreditasyon"}]},{"@type":"WebSite","@id":"http:\/\/ticaret.edu.tr\/yonetim-bilisim-sistemleri-ingilizce\/en\/#website","url":"http:\/\/ticaret.edu.tr\/yonetim-bilisim-sistemleri-ingilizce\/en\/","name":"Y\u00f6netim Bili\u015fim Sistemleri (\u0130ngilizce)","description":"","potentialAction":[{"@type":"SearchAction","target":{"@type":"EntryPoint","urlTemplate":"http:\/\/ticaret.edu.tr\/yonetim-bilisim-sistemleri-ingilizce\/en\/?s={search_term_string}"},"query-input":"required name=search_term_string"}],"inLanguage":"tr"}]}},"lang":"tr","translations":{"en":800,"tr":797},"pll_sync_post":[],"_links":{"self":[{"href":"http:\/\/ticaret.edu.tr\/yonetim-bilisim-sistemleri-ingilizce\/wp-json\/wp\/v2\/pages\/797"}],"collection":[{"href":"http:\/\/ticaret.edu.tr\/yonetim-bilisim-sistemleri-ingilizce\/wp-json\/wp\/v2\/pages"}],"about":[{"href":"http:\/\/ticaret.edu.tr\/yonetim-bilisim-sistemleri-ingilizce\/wp-json\/wp\/v2\/types\/page"}],"author":[{"embeddable":true,"href":"http:\/\/ticaret.edu.tr\/yonetim-bilisim-sistemleri-ingilizce\/wp-json\/wp\/v2\/users\/211"}],"replies":[{"embeddable":true,"href":"http:\/\/ticaret.edu.tr\/yonetim-bilisim-sistemleri-ingilizce\/wp-json\/wp\/v2\/comments?post=797"}],"version-history":[{"count":5,"href":"http:\/\/ticaret.edu.tr\/yonetim-bilisim-sistemleri-ingilizce\/wp-json\/wp\/v2\/pages\/797\/revisions"}],"predecessor-version":[{"id":1783,"href":"http:\/\/ticaret.edu.tr\/yonetim-bilisim-sistemleri-ingilizce\/wp-json\/wp\/v2\/pages\/797\/revisions\/1783"}],"wp:attachment":[{"href":"http:\/\/ticaret.edu.tr\/yonetim-bilisim-sistemleri-ingilizce\/wp-json\/wp\/v2\/media?parent=797"}],"curies":[{"name":"wp","href":"https:\/\/api.w.org\/{rel}","templated":true}]}}